000
CXUS54 KFWD 280730
CF6INJ
PRELIMINARY LOCAL CLIMATOLOGICAL DATA (WS FORM: F-6)

                                          STATION:   HILLSBORO
                                          MONTH:     MAY
                                          YEAR:      2016
                                          LATITUDE:   32  0 N
                                          LONGITUDE:  97  6 W

  TEMPERATURE IN F:       :PCPN:    SNOW:  WIND      :SUNSHINE: SKY     :PK WND
================================================================================
1   2   3   4   5  6A  6B    7    8   9   10  11  12  13   14  15   16   17  18
                                     12Z  AVG MX 2MIN
DY MAX MIN AVG DEP HDD CDD  WTR  SNW DPTH SPD SPD DIR MIN PSBL S-S WX    SPD DR
================================================================================

 1  73  57  65  -4   0   0 0.00  0.0    0  9.9 20 360   M    M   3 1      24 360
 2  63  47  55 -15  10   0 0.12  0.0    0 11.3 17 330   M    M   8 3      27 330
 3  72  43  58 -12   7   0 0.00  0.0    0  4.2 10 330   M    M   1 1      18 350
 4  79  49  64  -6   1   0 0.00  0.0    0  5.3 16 300   M    M   0        21 280
 5  80  52  66  -4   0   1 0.00  0.0    0  4.4 10  10   M    M   0         M  M
 6  82  51  67  -3   0   2 0.00  0.0    0  4.3  9 100   M    M   0         M  M
 7  82  58  70  -1   0   5 0.00  0.0    0 11.7 20 140   M    M   0        27 160
 8  73  66  70  -1   0   5 0.05  0.0    0 16.6 28 150   M    M   6        39 130
 9  86  65  76   5   0  11 0.00  0.0    0 14.4 25 180   M    M   5        33 180
10  89  64  77   5   0  12 0.34  0.0    0 14.2 32 120   M    M   6 13     37 120
11  84  62  73   1   0   8 0.20  0.0    0 10.2 18 320   M    M   2 3      30 320
12  82  65  74   2   0   9 0.02  0.0    0  6.7 13 280   M    M   3 3      20 280
13  82  62  72   0   0   7 0.00  0.0    0  7.1 12 100   M    M   1        17  90
14  73  60  67  -6   0   2 0.00  0.0    0  8.5 20 330   M    M   4 3      27 330
15  74  56  65  -8   0   0 0.00  0.0    0  7.0 10  20   M    M   8         M  M
16  76  64  70  -3   0   5 0.28  0.0    0  9.3 17 140   M    M   8        23 130
17  81  63  72  -2   0   7 0.01  0.0    0  9.4 23 340   M    M   7 1      30 360
18  64  56  60 -14   5   0 0.13  0.0    0  9.2 16 350   M    M  10 13     22 350
19  66  56  61 -13   4   0 0.51  0.0    0  6.3 15  90   M    M   9 13     23  90
20  79  58  69  -5   0   4 0.00  0.0    0  3.7  8 120   M    M   5 1       M  M
21  82  62  72  -2   0   7 0.00  0.0    0  6.1 12 100   M    M   4         M  M
22  84  68  76   1   0  11 0.00  0.0    0  7.1 13 110   M    M   6 1      20 110
23  81  69  75   0   0  10 0.00  0.0    0 10.8 17 150   M    M   8        21 140
24  86  71  79   4   0  14 0.00  0.0    0 11.6 18 150   M    M   8        23 150
25  85  74  80   4   0  15 0.00  0.0    0 12.6 18 170   M    M   9        29 170
26  76  68  72  -4   0   7 0.27  0.0    0 13.2 22 110   M    M   6 3      25 110
27  78  62  70  -6   0   5 0.61  0.0    0 10.3 28 280   M    M   6 138    44 280
================================================================================
SM 2112 1628        27 147  2.54     0.0 245.4          M      133
================================================================================
AV 78.2 60.3                               9.1 FASTST   M    M   5    MAX(MPH)
                                 MISC ---->    32   M                 44    M
================================================================================
NOTES:
# LAST OF SEVERAL OCCURRENCES

COLUMN 17 PEAK WIND IN M.P.H.

PRELIMINARY LOCAL CLIMATOLOGICAL DATA (WS FORM: F-6) , PAGE 2

                                          STATION:  HILLSBORO
                                          MONTH:    MAY
                                          YEAR:     2016
                                          LATITUDE:   32  0 N
                                          LONGITUDE:  97  6 W

[TEMPERATURE DATA]      [PRECIPITATION DATA]       SYMBOLS USED IN COLUMN 16

AVERAGE MONTHLY: 69.3   TOTAL FOR MONTH:   2.54    1 = FOG OR MIST
DPTR FM NORMAL:  -3.4   DPTR FM NORMAL:   -1.19    2 = FOG REDUCING VISIBILITY
HIGHEST:    89 ON 10    GRTST 24HR  0.61 ON 27-27      TO 1/4 MILE OR LESS
LOWEST:     43 ON  3                               3 = THUNDER
                        SNOW, ICE PELLETS, HAIL    4 = ICE PELLETS
                        TOTAL MONTH:   0.0 INCH    5 = HAIL
                        GRTST 24HR     0.0         6 = FREEZING RAIN OR DRIZZLE
                        GRTST DEPTH:   0           7 = DUSTSTORM OR SANDSTORM:
                                                       VSBY 1/2 MILE OR LESS
                                                   8 = SMOKE OR HAZE
[NO. OF DAYS WITH]      [WEATHER - DAYS WITH]      9 = BLOWING SNOW
                                                   X = TORNADO
MAX 32 OR BELOW:   0    0.01 INCH OR MORE:  11
MAX 90 OR ABOVE:   0    0.10 INCH OR MORE:   8
MIN 32 OR BELOW:   0    0.50 INCH OR MORE:   2
MIN  0 OR BELOW:   0    1.00 INCH OR MORE:   0

[HDD (BASE 65) ]
TOTAL THIS MO.    27    CLEAR  (SCALE 0-3)   7
DPTR FM NORMAL    20    PTCLDY (SCALE 4-7)  17
TOTAL FM JUL 1  1758    CLOUDY (SCALE 8-10)  3
DPTR FM NORMAL  -454

[CDD (BASE 65) ]
TOTAL THIS MO.   147
DPTR FM NORMAL   -68    [PRESSURE DATA]
TOTAL FM JAN 1   243    HIGHEST SLP M ON M
DPTR FM NORMAL  -106    LOWEST  SLP M ON M

[REMARKS]
