000
CXUS54 KMAF 251100
CF6INK
PRELIMINARY LOCAL CLIMATOLOGICAL DATA (WS FORM: F-6)

                                          STATION:   Wink
                                          MONTH:     FEBRUARY
                                          YEAR:      2017
                                          LATITUDE:   31 46 N
                                          LONGITUDE: 103 12 W

  TEMPERATURE IN F:       :PCPN:    SNOW:  WIND      :SUNSHINE: SKY     :PK WND
================================================================================
1   2   3   4   5  6A  6B    7    8   9   10  11  12  13   14  15   16   17  18
                                     12Z  AVG MX 2MIN
DY MAX MIN AVG DEP HDD CDD  WTR  SNW DPTH SPD SPD DIR MIN PSBL S-S WX    SPD DR
================================================================================

 1  77  30  54   7  11   0 0.00  0.0    0  6.2 18 300   M    M   0        24 300
 2  53  29  41  -6  24   0 0.00  0.0    0  6.9 15  40   M    M   0        18  50
 3  54  30  42  -5  23   0 0.00  0.0    0  9.3 17 110   M    M   0        27  80
 4  68  34  51   4  14   0 0.00  0.0    0  6.3 13 160   M    M   5 1      15 160
 5  79  32  56   9   9   0 0.00  0.0    0  6.2 13 230   M    M   3 128    16 260
 6  78  41  60  12   5   0 0.00  0.0    0 10.1 30 260   M    M   2 12     36 260
 7  78  46  62  14   3   0 0.00  0.0    0 12.5 23 270   M    M   0        27 250
 8  83  47  65  17   0   0 0.00  0.0    0 13.2 28 320   M    M   0        33  70
 9  77  37  57   9   8   0 0.00  0.0    0  9.6 16 140   M    M   0        21 140
10  89  46  68  20   0   3 0.00  0.0    0  8.7 15 260   M    M   0 8      21 200
11  92  39  66  17   0   1 0.00  0.0    0  7.9 23 260   M    M   0        26 270
12  63  48  56   7   9   0 0.00  0.0    0 17.3 32  40   M    M   4        43  30
13  52  40  46  -3  19   0 0.01    M    0 10.4 23  10   M    M  10 13     27  50
14  48  35  42  -7  23   0    T    M    0 12.7 28 360   M    M  10        34 360
15  60  27  44  -6  21   0 0.00  0.0    0  6.9 15 360   M    M   0        20 270
16  67  30  49  -1  16   0 0.00  0.0    0  6.4 15 220   M    M   0        20 220
17  73  34  54   4  11   0 0.00  0.0    0 13.1 29 280   M    M   0        38 250
18  77  41  59   9   6   0 0.00  0.0    0  7.3 15 140   M    M   0        20 140
19  67  48  58   8   7   0    T    M    0  8.6 17 280   M    M   2        22 260
20  74  42  58   7   7   0 0.00  0.0    0 13.2 30 300   M    M   0        39 300
21  84  35  60   9   5   0    T    M    0  7.2 15 250   M    M   0 8      21 250
22  88  37  63  12   2   0 0.00  0.0    0  7.7 25 260   M    M   0 8      30 250
23  85  41  63  11   2   0 0.00  0.0    0 14.4 37 240   M    M   2 8      48 240
24  71  38  55   3  10   0 0.00  0.0    0 12.8 31 270   M    M   0        39 270
================================================================================
SM 1737  907       235   4  0.01     0.0 234.9          M       38
================================================================================
AV 72.4 37.8                               9.8 FASTST   M    M   2    MAX(MPH)
                                 MISC ---->  # 37 240               # 48  240
================================================================================
NOTES:
# LAST OF SEVERAL OCCURRENCES

COLUMN 17 PEAK WIND IN M.P.H.

PRELIMINARY LOCAL CLIMATOLOGICAL DATA (WS FORM: F-6) , PAGE 2

                                          STATION:  Wink
                                          MONTH:    FEBRUARY
                                          YEAR:     2017
                                          LATITUDE:   31 46 N
                                          LONGITUDE: 103 12 W

[TEMPERATURE DATA]      [PRECIPITATION DATA]       SYMBOLS USED IN COLUMN 16

AVERAGE MONTHLY: 55.1   TOTAL FOR MONTH:   0.01    1 = FOG OR MIST
DPTR FM NORMAL:   6.0   DPTR FM NORMAL:   -0.46    2 = FOG REDUCING VISIBILITY
HIGHEST:    92 ON 11    GRTST 24HR  0.01 ON 13-13      TO 1/4 MILE OR LESS
LOWEST:     27 ON 15                               3 = THUNDER
                        SNOW, ICE PELLETS, HAIL    4 = ICE PELLETS
                        TOTAL MONTH:   0.0 INCH    5 = HAIL
                        GRTST 24HR     0.0         6 = FREEZING RAIN OR DRIZZLE
                        GRTST DEPTH:   0           7 = DUSTSTORM OR SANDSTORM:
                                                       VSBY 1/2 MILE OR LESS
                                                   8 = SMOKE OR HAZE
[NO. OF DAYS WITH]      [WEATHER - DAYS WITH]      9 = BLOWING SNOW
                                                   X = TORNADO
MAX 32 OR BELOW:   0    0.01 INCH OR MORE:   1
MAX 90 OR ABOVE:   1    0.10 INCH OR MORE:   0
MIN 32 OR BELOW:   6    0.50 INCH OR MORE:   0
MIN  0 OR BELOW:   0    1.00 INCH OR MORE:   0

[HDD (BASE 65) ]
TOTAL THIS MO.   235    CLEAR  (SCALE 0-3)  20
DPTR FM NORMAL  -147    PTCLDY (SCALE 4-7)   2
TOTAL FM JUL 1  1597    CLOUDY (SCALE 8-10)  2
DPTR FM NORMAL  -490

[CDD (BASE 65) ]
TOTAL THIS MO.     4
DPTR FM NORMAL     4    [PRESSURE DATA]
TOTAL FM JAN 1     4    HIGHEST SLP M ON M
DPTR FM NORMAL     4    LOWEST  SLP 29.46 ON 23

[REMARKS]
