000
CXUS56 KFGZ 270900
CF6INW
PRELIMINARY LOCAL CLIMATOLOGICAL DATA (WS FORM: F-6)

                                          STATION:   WINSLOW AZ AIRPORT
                                          MONTH:     DECEMBER
                                          YEAR:      2014
                                          LATITUDE:   35  1 N
                                          LONGITUDE: 110 44 W

  TEMPERATURE IN F:       :PCPN:    SNOW:  WIND      :SUNSHINE: SKY     :PK WND
================================================================================
1   2   3   4   5  6A  6B    7    8   9   10  11  12  13   14  15   16   17  18
                                     12Z  AVG MX 2MIN
DY MAX MIN AVG DEP HDD CDD  WTR  SNW DPTH SPD SPD DIR MIN PSBL S-S WX    SPD DR
================================================================================

 1  58  24  41   3  24   0 0.00    M    M  4.3 10 130   M    M   0        12 120
 2  52  26  39   2  26   0 0.02    M    M  2.6 12 110   M    M   5        14 110
 3  49  41  45   8  20   0 0.15    M    M  3.5 15 310   M    M  10 1      18 300
 4  52  34  43   6  22   0 0.63    M    M  3.8 12 240   M    M   8 1     240  14
 5  55  33  44   8  21   0 0.00    M    M  4.3 10  70   M    M   4 12     12  60
 6  51  34  43   7  22   0 0.00    M    M  2.4  8 110   M    M   3 12      9 270
 7  49  32  41   5  24   0 0.00    M    M  2.1  8 240   M    M   6 12      9 360
 8  46  35  41   5  24   0 0.00    M    M  3.3  8 310   M    M   9 1      10 350
 9  43  33  38   3  27   0 0.00    M    M  1.9  9 290   M    M   8 1      11 320
10  42  40  41   6  24   0 0.00    M    M  2.6  8 120   M    M  10 18     10 130
11  45  40  43   8  22   0 0.00    M    M  3.4  9  90   M    M  10 1      11 100
12  64  39  52  17  13   0 0.00    M    M  8.7 23 190   M    M   4 1      30 190
13  51  32  42   8  23   0 0.16    M    M  7.2 28 270   M    M   6 1      33 280
14  49  29  39   5  26   0 0.00    M    M  5.8 14 330   M    M   0        19 320
15  45  23  34   0  31   0 0.00    M    M  3.1  7 230   M    M   0        10 120
16  56  30  43   9  22   0 0.00    M    M  3.4 10 270   M    M   1        14  80
17  46  34  40   6  25   0 0.07    M    M  5.5 20 230   M    M   9        24 230
18  46  28  37   3  28   0 0.00    M    M  3.6  8 260   M    M   3         9 320
19  43  21  32  -2  33   0 0.00    M    M  4.6 12 110   M    M   3 12     14 110
20  39  28  34   0  31   0 0.00    M    M  5.0 15 110   M    M   7 12     18 110
21  51  27  39   5  26   0 0.00    M    M  3.5  9  10   M    M   5 12     11  10
22  65  28  47  13  18   0 0.00    M    M  7.7 26 300   M    M   0        35 300
23  46  21  34   0  31   0 0.00    M    0 11.3 23 340   M    M   0        31 340
24  49  17  33  -1  32   0 0.00    M    0  5.8 17 200   M    M   0        22 200
25  50  26  38   5  27   0    T    M    M 13.3 30 240   M    M   4        38 240
26  40  17  29  -4  36   0 0.00    M    M  6.3 13 310   M    M   6        15 320
================================================================================
SM 1282  772       658   0  1.03    M    129.0          M      121
================================================================================
AV 49.3 29.7                               5.0 FASTST   M    M   5    MAX(MPH)
                                 MISC ---->  # 30 240               #240   14
================================================================================
NOTES:
# LAST OF SEVERAL OCCURRENCES

COLUMN 17 PEAK WIND IN M.P.H.

PRELIMINARY LOCAL CLIMATOLOGICAL DATA (WS FORM: F-6) , PAGE 2

                                          STATION:  WINSLOW AZ AIRPORT
                                          MONTH:    DECEMBER
                                          YEAR:     2014
                                          LATITUDE:   35  1 N
                                          LONGITUDE: 110 44 W

[TEMPERATURE DATA]      [PRECIPITATION DATA]       SYMBOLS USED IN COLUMN 16

AVERAGE MONTHLY: 39.5   TOTAL FOR MONTH:   1.03    1 = FOG OR MIST
DPTR FM NORMAL:   4.6   DPTR FM NORMAL:    0.56    2 = FOG REDUCING VISIBILITY
HIGHEST:    65 ON 22    GRTST 24HR  0.67 ON  3- 4      TO 1/4 MILE OR LESS
LOWEST:     17 ON 26,24                            3 = THUNDER
                        SNOW, ICE PELLETS, HAIL    4 = ICE PELLETS
                        TOTAL MONTH:    M          5 = HAIL
                        GRTST 24HR    M  ON   M    6 = FREEZING RAIN OR DRIZZLE
                        GRTST DEPTH:   0           7 = DUSTSTORM OR SANDSTORM:
                                                       VSBY 1/2 MILE OR LESS
                                                   8 = SMOKE OR HAZE
[NO. OF DAYS WITH]      [WEATHER - DAYS WITH]      9 = BLOWING SNOW
                                                   X = TORNADO
MAX 32 OR BELOW:   0    0.01 INCH OR MORE:   5
MAX 90 OR ABOVE:   0    0.10 INCH OR MORE:   3
MIN 32 OR BELOW:  16    0.50 INCH OR MORE:   1
MIN  0 OR BELOW:   0    1.00 INCH OR MORE:   0

[HDD (BASE 65) ]
TOTAL THIS MO.   658    CLEAR  (SCALE 0-3)   9
DPTR FM NORMAL  -127    PTCLDY (SCALE 4-7)  11
TOTAL FM JUL 1  1410    CLOUDY (SCALE 8-10)  6
DPTR FM NORMAL  -311

[CDD (BASE 65) ]
TOTAL THIS MO.     0
DPTR FM NORMAL     0    [PRESSURE DATA]
TOTAL FM JAN 1  1327    HIGHEST SLP M ON M
DPTR FM NORMAL   119    LOWEST  SLP 29.56 ON 25

[REMARKS]
