000
CXUS55 KPSR 251005
CF6IPL
PRELIMINARY LOCAL CLIMATOLOGICAL DATA (WS FORM: F-6)

                                          STATION:   IMPERIAL CA
                                          MONTH:     NOVEMBER
                                          YEAR:      2014
                                          LATITUDE:   32 50 N
                                          LONGITUDE: 115 35 W

  TEMPERATURE IN F:       :PCPN:    SNOW:  WIND      :SUNSHINE: SKY     :PK WND
================================================================================
1   2   3   4   5  6A  6B    7    8   9   10  11  12  13   14  15   16   17  18
                                     12Z  AVG MX 2MIN
DY MAX MIN AVG DEP HDD CDD  WTR  SNW DPTH SPD SPD DIR MIN PSBL S-S WX    SPD DR
================================================================================

 1  77  61  69   1   0   4 0.00  0.0    0 18.4 33 250   M    M   1 8      41 240
 2  75  54  65  -3   0   0 0.00  0.0    0  7.4 14 260   M    M   0         M  M
 3  76  50  63  -5   2   0 0.00  0.0    0  9.5 21 350   M    M   0        26 350
 4  79  52  66  -1   0   1 0.00  0.0    0  8.8 20 360   M    M   0        25  10
 5  86  48  67   0   0   2 0.00  0.0    0  7.1 16 360   M    M   0        20  30
 6  88  51  70   3   0   5 0.00  0.0    0  4.8 12  40   M    M   0 8      16  40
 7  87  53  70   4   0   5 0.00  0.0    0  4.2  9 250   M    M   0        10 260
 8  90  55  73   7   0   8 0.00  0.0    0  3.4  8 260   M    M   0 8      10  20
 9  89  56  73   8   0   8 0.00  0.0    0  3.2  8  80   M    M   0 8      12 120
10  86  58  72   7   0   7 0.00  0.0    0  7.4 20 250   M    M   0 8      31 170
11  80  52  66   2   0   1 0.00  0.0    0  5.5 14 280   M    M   0        17 270
12  81  53  67   3   0   2 0.00  0.0    0  6.3 14 300   M    M   0        17 240
13  78  53  66   2   0   1 0.00  0.0    0  2.6  8 280   M    M   0 8      10 120
14  81  58  70   7   0   5 0.00  0.0    0  5.6 14 280   M    M   0        17 280
15  81  53  67   4   0   2 0.00  0.0    0  4.9 17 280   M    M   0 8      22 280
16  71  46  59  -3   6   0 0.00  0.0    0 11.6 26 340   M    M   1 8      35 350
17  71  41  56  -6   9   0 0.00  0.0    0  4.1  7 260   M    M   0         M  M
18  76  41  59  -3   6   0 0.00  0.0    0  3.0  9 260   M    M   0 8       9 260
19  74  41  58  -3   7   0 0.00  0.0    0  3.0  9 270   M    M   0        10 270
20  76  44  60  -1   5   0 0.00  0.0    0  3.6 16 250   M    M   0        20 250
21  73  54  64   4   1   0 0.03  0.0    0  8.1 22 300   M    M   0        28 300
22  80  49  65   5   0   0 0.00  0.0    0  5.8 17 220   M    M   0        22 220
23  77  49  63   3   2   0 0.00  0.0    0  6.8 18  20   M    M   0         M  M
24  76  42  59   0   6   0 0.00  0.0    0  4.7  9 280   M    M   0         M  M
================================================================================
SM 1908 1214        44  51  0.03     0.0 149.8          M        2
================================================================================
AV 79.5 50.6                               6.2 FASTST   M    M   0    MAX(MPH)
                                 MISC ---->  # 33 250               # 41  240
================================================================================
NOTES:
# LAST OF SEVERAL OCCURRENCES

COLUMN 17 PEAK WIND IN M.P.H.

PRELIMINARY LOCAL CLIMATOLOGICAL DATA (WS FORM: F-6) , PAGE 2

                                          STATION:  IMPERIAL CA
                                          MONTH:    NOVEMBER
                                          YEAR:     2014
                                          LATITUDE:   32 50 N
                                          LONGITUDE: 115 35 W

[TEMPERATURE DATA]      [PRECIPITATION DATA]       SYMBOLS USED IN COLUMN 16

AVERAGE MONTHLY: 65.0   TOTAL FOR MONTH:   0.03    1 = FOG OR MIST
DPTR FM NORMAL:   1.2   DPTR FM NORMAL:   -0.11    2 = FOG REDUCING VISIBILITY
HIGHEST:    90 ON  8    GRTST 24HR  0.03 ON 21-21      TO 1/4 MILE OR LESS
LOWEST:     41 ON 19,18                            3 = THUNDER
                        SNOW, ICE PELLETS, HAIL    4 = ICE PELLETS
                        TOTAL MONTH:   0.0 INCH    5 = HAIL
                        GRTST 24HR     0.0         6 = FREEZING RAIN OR DRIZZLE
                        GRTST DEPTH:   0           7 = DUSTSTORM OR SANDSTORM:
                                                       VSBY 1/2 MILE OR LESS
                                                   8 = SMOKE OR HAZE
[NO. OF DAYS WITH]      [WEATHER - DAYS WITH]      9 = BLOWING SNOW
                                                   X = TORNADO
MAX 32 OR BELOW:   0    0.01 INCH OR MORE:   1
MAX 90 OR ABOVE:   1    0.10 INCH OR MORE:   0
MIN 32 OR BELOW:   0    0.50 INCH OR MORE:   0
MIN  0 OR BELOW:   0    1.00 INCH OR MORE:   0

[HDD (BASE 65) ]
TOTAL THIS MO.    44    CLEAR  (SCALE 0-3)  24
DPTR FM NORMAL   -31    PTCLDY (SCALE 4-7)   0
TOTAL FM JUL 1    44    CLOUDY (SCALE 8-10)  0
DPTR FM NORMAL   -38

[CDD (BASE 65) ]
TOTAL THIS MO.    51
DPTR FM NORMAL     4    [PRESSURE DATA]
TOTAL FM JAN 1  4526    HIGHEST SLP M ON M
DPTR FM NORMAL   552    LOWEST  SLP 29.69 ON 10

[REMARKS]
