000
CXUS55 KCTP 011131
CF6IPT
PRELIMINARY LOCAL CLIMATOLOGICAL DATA (WS FORM: F-6)

                                          STATION:   WILLIAMSPORT PA
                                          MONTH:     AUGUST
                                          YEAR:      2015
                                          LATITUDE:   41 15 N
                                          LONGITUDE:  76 55 W

  TEMPERATURE IN F:       :PCPN:    SNOW:  WIND      :SUNSHINE: SKY     :PK WND
================================================================================
1   2   3   4   5  6A  6B    7    8   9   10  11  12  13   14  15   16   17  18
                                     12Z  AVG MX 2MIN
DY MAX MIN AVG DEP HDD CDD  WTR  SNW DPTH SPD SPD DIR MIN PSBL S-S WX    SPD DR
================================================================================

 1  86  62  74   1   0   9 0.00  0.0    0  5.1 15 250   M    M   3        21 260
 2  88  57  73   0   0   8 0.00  0.0    0  3.6 15 260   M    M   3        20 240
 3  89  64  77   5   0  12 0.00  0.0    0  5.8 17 230   M    M   3        23 250
 4  86  63  75   3   0  10    T  0.0    0  7.4 20 260   M    M   2        25 260
 5  84  58  71  -1   0   6 0.00  0.0    0  5.3 17 290   M    M   2        24 260
 6  78  54  66  -6   0   1 0.00  0.0    0  3.3  9 230   M    M   2        12  40
 7  84  54  69  -3   0   4 0.00  0.0    0  2.7 10  20   M    M   2        14 340
 8  84  58  71  -1   0   6 0.00  0.0    0  2.5 10  20   M    M   3        18 360
 9  85  64  75   3   0  10 0.00  0.0    0  3.1  8 160   M    M   5        14 150
10  74  66  70  -2   0   5 0.07  0.0    0  7.4 24 150   M    M   9 18     31 160
11  85  66  76   4   0  11 1.48  0.0    0  6.0 18 300   M    M   6 13     24 290
12  81  63  72   0   0   7 0.23  0.0    0  6.7 16 330   M    M   6 1      21 330
13  80  58  69  -3   0   4 0.00  0.0    0  4.8 14 280   M    M   3        17 290
14  87  57  72   0   0   7 0.00  0.0    0  2.5 13 260   M    M   0        19 230
15  90  63  77   5   0  12 0.00  0.0    0  2.3 15  10   M    M   1 1      18  20
16  91  64  78   7   0  13 0.00  0.0    0  3.1 12 240   M    M   1 8      13 250
17  91  65  78   7   0  13 0.00  0.0    0  3.1 10 120   M    M   0 128    13 300
18  90  67  79   8   0  14    T  0.0    0  3.1 15 280   M    M   3 13     20 170
19  86  72  79   8   0  14    T  0.0    0  7.5 15 100   M    M   9        22 100
20  80  70  75   4   0  10 2.10  0.0    0  8.2 18 130   M    M  10 12     25 110
21  81  61  71   0   0   6 0.00  0.0    0  5.0 13 290   M    M   5        16 280
22  78  56  67  -4   0   2 0.00  0.0    0  4.3 12  10   M    M   5 18     14  10
23  79  57  68  -2   0   3 0.00  0.0    0  2.7  8 120   M    M   3 18     10 120
24  85  58  72   2   0   7 0.00  0.0    0  3.6 12 260   M    M   4        16 270
25  80  58  69  -1   0   4 0.00  0.0    0  7.0 15 230   M    M   4        21 270
26  75  54  65  -5   0   0 0.00  0.0    0  5.8 14 260   M    M   6        20 270
27  75  58  67  -3   0   2 0.00  0.0    0  4.7 12 310   M    M   8        15 310
28  79  57  68  -1   0   3 0.00  0.0    0  2.5  9 320   M    M   4        13 360
29  83  54  69   0   0   4 0.00  0.0    0  1.3  8 240   M    M   2 1      10 240
30  87  60  74   5   0   9 0.25  0.0    0  2.3 21 290   M    M   5 18     27 280
31  88  68  78   9   0  13 0.00  0.0    0  3.7 14 250   M    M   4 18     17 250
================================================================================
SM 2589 1886         0 229  4.13     0.0 136.4          M      123
================================================================================
AV 83.5 60.8                               4.4 FASTST   M    M   4    MAX(MPH)
                                 MISC ---->  # 24 150               # 31  160
================================================================================
NOTES:
# LAST OF SEVERAL OCCURRENCES

COLUMN 17 PEAK WIND IN M.P.H.

PRELIMINARY LOCAL CLIMATOLOGICAL DATA (WS FORM: F-6) , PAGE 2

                                          STATION:  WILLIAMSPORT PA
                                          MONTH:    AUGUST
                                          YEAR:     2015
                                          LATITUDE:   41 15 N
                                          LONGITUDE:  76 55 W

[TEMPERATURE DATA]      [PRECIPITATION DATA]       SYMBOLS USED IN COLUMN 16

AVERAGE MONTHLY: 72.2   TOTAL FOR MONTH:   4.13    1 = FOG OR MIST
DPTR FM NORMAL:   1.1   DPTR FM NORMAL:    0.27    2 = FOG REDUCING VISIBILITY
HIGHEST:    91 ON 17,16 GRTST 24HR  2.10 ON 20-20      TO 1/4 MILE OR LESS
LOWEST:     54 ON 29,26                            3 = THUNDER
                        SNOW, ICE PELLETS, HAIL    4 = ICE PELLETS
                        TOTAL MONTH:   0.0 INCH    5 = HAIL
                        GRTST 24HR     0.0         6 = FREEZING RAIN OR DRIZZLE
                        GRTST DEPTH:   0           7 = DUSTSTORM OR SANDSTORM:
                                                       VSBY 1/2 MILE OR LESS
                                                   8 = SMOKE OR HAZE
[NO. OF DAYS WITH]      [WEATHER - DAYS WITH]      9 = BLOWING SNOW
                                                   X = TORNADO
MAX 32 OR BELOW:   0    0.01 INCH OR MORE:   5
MAX 90 OR ABOVE:   4    0.10 INCH OR MORE:   4
MIN 32 OR BELOW:   0    0.50 INCH OR MORE:   2
MIN  0 OR BELOW:   0    1.00 INCH OR MORE:   2

[HDD (BASE 65) ]
TOTAL THIS MO.     0    CLEAR  (SCALE 0-3)  16
DPTR FM NORMAL   -10    PTCLDY (SCALE 4-7)  12
TOTAL FM JUL 1     2    CLOUDY (SCALE 8-10)  3
DPTR FM NORMAL   -12

[CDD (BASE 65) ]
TOTAL THIS MO.   229
DPTR FM NORMAL    28    [PRESSURE DATA]
TOTAL FM JAN 1   785    HIGHEST SLP 30.22 ON 28
DPTR FM NORMAL   151    LOWEST  SLP 29.72 ON 11

[REMARKS]
#FINAL-08-15#
