000
CXUS55 KCTP 280700
CF6IPT
PRELIMINARY LOCAL CLIMATOLOGICAL DATA (WS FORM: F-6)

                                          STATION:   WILLIAMSPORT PA
                                          MONTH:     APRIL
                                          YEAR:      2017
                                          LATITUDE:   41 15 N
                                          LONGITUDE:  76 55 W

  TEMPERATURE IN F:       :PCPN:    SNOW:  WIND      :SUNSHINE: SKY     :PK WND
================================================================================
1   2   3   4   5  6A  6B    7    8   9   10  11  12  13   14  15   16   17  18
                                     12Z  AVG MX 2MIN
DY MAX MIN AVG DEP HDD CDD  WTR  SNW DPTH SPD SPD DIR MIN PSBL S-S WX    SPD DR
================================================================================

 1  48  38  43  -1  22   0 0.10  0.0    0  7.2 15 290   M    M   9 1      21 310
 2  65  34  50   5  15   0 0.00  0.0    0  6.9 18 310   M    M   2        24 310
 3  68  36  52   7  13   0 0.17  0.0    0  6.8 24 140   M    M   3 1      32 110
 4  71  48  60  14   5   0 0.19  0.0    0  9.8 30 250   M    M   9 1      39 270
 5  65  50  58  12   7   0 0.00  0.0    0  9.5 23 100   M    M   5        31 100
 6  58  44  51   5  14   0 0.88  0.0    0 14.6 28 260   M    M  10 138    40 110
 7  46  37  42  -5  23   0 0.01    T    0 15.1 24 320   M    M  10        32 310
 8  61  33  47   0  18   0 0.00  0.0    0 10.6 23 310   M    M   0        30 360
 9  72  30  51   3  14   0 0.00  0.0    0  5.4 22 170   M    M   0        28 170
10  81  40  61  13   4   0 0.00  0.0    0  5.4 18 180   M    M   0        29 180
11  86  47  67  19   0   2 0.01  0.0    0  5.3 24 270   M    M   3        30 280
12  74  49  62  13   3   0 0.06  0.0    0  8.8 21 290   M    M   4 18     29 270
13  61  41  51   2  14   0 0.00  0.0    0  5.6 14 320   M    M   1        19 320
14  69  39  54   4  11   0 0.00  0.0    0  2.3  9 150   M    M   4        13 130
15  73  42  58   8   7   0    T  0.0    0  6.2 20 180   M    M   2        28 180
16  84  51  68  18   0   3 0.51  0.0    0  6.8 35 310   M    M   4 12     44 320
17  72  48  60   9   5   0 0.00  0.0    0  6.1 17 340   M    M   1 12     23 300
18  68  40  54   3  11   0 0.00  0.0    0  5.8 31 160   M    M   1        37 150
19  56  49  53   2  12   0 0.08  0.0    0  8.2 32 160   M    M   8 1      41 160
20  74  52  63  11   2   0 0.24  0.0    0  5.7 24 170   M    M   8 138    37  10
21  72  54  63  11   2   0 1.23  0.0    0  6.8 17  90   M    M   5 13     21  90
22  58  41  50  -2  15   0 0.02    M    0  6.2 14 340   M    M   5        19 340
23  69  34  52  -1  13   0 0.00  0.0    0  2.6  9 170   M    M   0        12 180
24  69  39  54   1  11   0 0.02  0.0    0  3.1 14 110   M    M   3        18 110
25  64  52  58   5   7   0 0.08  0.0    0  6.2 18  80   M    M  10 1      23  90
26  77  55  66  12   0   1 0.01  0.0    0  3.0 13 150   M    M   6 1      16 180
27  80  59  70  16   0   5 0.10  0.0    0  7.1 20 230   M    M   7 138    30 220
================================================================================
SM 1841 1182       248  11  3.71    T    187.1          M      120
================================================================================
AV 68.2 43.8                               6.9 FASTST   M    M   4    MAX(MPH)
                                 MISC ---->  # 35 310               # 44  320
================================================================================
NOTES:
# LAST OF SEVERAL OCCURRENCES

COLUMN 17 PEAK WIND IN M.P.H.

PRELIMINARY LOCAL CLIMATOLOGICAL DATA (WS FORM: F-6) , PAGE 2

                                          STATION:  WILLIAMSPORT PA
                                          MONTH:    APRIL
                                          YEAR:     2017
                                          LATITUDE:   41 15 N
                                          LONGITUDE:  76 55 W

[TEMPERATURE DATA]      [PRECIPITATION DATA]       SYMBOLS USED IN COLUMN 16

AVERAGE MONTHLY: 56.0   TOTAL FOR MONTH:   3.71    1 = FOG OR MIST
DPTR FM NORMAL:   6.6   DPTR FM NORMAL:    0.80    2 = FOG REDUCING VISIBILITY
HIGHEST:    86 ON 11    GRTST 24HR  1.23 ON 21-21      TO 1/4 MILE OR LESS
LOWEST:     30 ON  9                               3 = THUNDER
                        SNOW, ICE PELLETS, HAIL    4 = ICE PELLETS
                        TOTAL MONTH:    T          5 = HAIL
                        GRTST 24HR    T  ON  7- 7  6 = FREEZING RAIN OR DRIZZLE
                        GRTST DEPTH:   0           7 = DUSTSTORM OR SANDSTORM:
                                                       VSBY 1/2 MILE OR LESS
                                                   8 = SMOKE OR HAZE
[NO. OF DAYS WITH]      [WEATHER - DAYS WITH]      9 = BLOWING SNOW
                                                   X = TORNADO
MAX 32 OR BELOW:   0    0.01 INCH OR MORE:  16
MAX 90 OR ABOVE:   0    0.10 INCH OR MORE:   8
MIN 32 OR BELOW:   1    0.50 INCH OR MORE:   3
MIN  0 OR BELOW:   0    1.00 INCH OR MORE:   1

[HDD (BASE 65) ]
TOTAL THIS MO.   248    CLEAR  (SCALE 0-3)  10
DPTR FM NORMAL  -178    PTCLDY (SCALE 4-7)  11
TOTAL FM JUL 1  4742    CLOUDY (SCALE 8-10)  6
DPTR FM NORMAL  -980

[CDD (BASE 65) ]
TOTAL THIS MO.    11
DPTR FM NORMAL    11    [PRESSURE DATA]
TOTAL FM JAN 1    11    HIGHEST SLP M ON M
DPTR FM NORMAL    11    LOWEST  SLP 29.18 ON  6

[REMARKS]
