162
CXUS55 KCTP 281131
CF6IPT
PRELIMINARY LOCAL CLIMATOLOGICAL DATA (WS FORM: F-6)

                                          STATION:   WILLIAMSPORT PA
                                          MONTH:     MAY
                                          YEAR:      2016
                                          LATITUDE:   41 15 N
                                          LONGITUDE:  76 55 W

  TEMPERATURE IN F:       :PCPN:    SNOW:  WIND      :SUNSHINE: SKY     :PK WND
================================================================================
1   2   3   4   5  6A  6B    7    8   9   10  11  12  13   14  15   16   17  18
                                     12Z  AVG MX 2MIN
DY MAX MIN AVG DEP HDD CDD  WTR  SNW DPTH SPD SPD DIR MIN PSBL S-S WX    SPD DR
================================================================================

 1  51  45  48  -7  17   0 0.42  0.0    0 10.5 21  60   M    M  10 1      29 100
 2  67  49  58   2   7   0 0.34  0.0    0  5.6 14  70   M    M   9 13     20  70
 3  58  49  54  -2  11   0 0.12  0.0    0  2.9  6  50   M    M  10 18      8 320
 4  62  52  57   1   8   0 0.11  0.0    0  6.3 15  80   M    M   9 1      19 100
 5  60  49  55  -1  10   0 0.00  0.0    0  5.9 14  20   M    M  10        21  10
 6  58  50  54  -3  11   0 0.21  0.0    0  4.7 15  10   M    M   9 1      21  20
 7  65  49  57   0   8   0 0.04  0.0    0  5.5 15 170   M    M   8 1      21 160
 8  66  44  55  -2  10   0 0.02  0.0    0  9.8 23 310   M    M   5        33 280
 9  73  38  56  -2   9   0 0.00  0.0    0  6.4 15 360   M    M   0        22 360
10  57  40  49  -9  16   0 0.02  0.0    0  1.9  9 220   M    M   4        13 220
11  68  45  57  -1   8   0 0.00  0.0    0  1.6  9 180   M    M   5 1      12 200
12  76  49  63   5   2   0 0.00  0.0    0  7.4 22 170   M    M   6 18     30 170
13  77  51  64   5   1   0 0.20  0.0    0  6.7 18 140   M    M   7 18     27 150
14  69  46  58  -1   7   0 0.26  0.0    0  6.0 29 260   M    M   5 13     36 250
15  52  38  45 -14  20   0 0.04    T    0 10.9 26 280   M    M   8        35 280
16  68  35  52  -8  13   0 0.00  0.0    0  9.1 24 270   M    M   2        33 260
17  64  42  53  -7  12   0    T  0.0    0  1.5  8 100   M    M   7        10 110
18  67  47  57  -3   8   0 0.00  0.0    0  2.3 10 180   M    M   7        14 170
19  71  41  56  -5   9   0 0.00  0.0    0  3.2 14 340   M    M   2        19 320
20  76  41  59  -2   6   0 0.00  0.0    0  2.3  9 150   M    M   0        12 160
21  63  51  57  -4   8   0 0.05  0.0    0  2.8  9 100   M    M   7        12 130
22  64  53  59  -3   6   0 0.39  0.0    0  7.5 12 260   M    M   9 1      14 270
23  82  54  68   6   0   3 0.00  0.0    0  6.5 20  10   M    M   4 1      26  20
24  85  53  69   7   0   4 0.00  0.0    0  7.5 17 280   M    M   2        23 320
25  89  46  68   6   0   3 0.00  0.0    0  4.7 17 230   M    M   0        21 240
26  86  56  71   8   0   6    T  0.0    0  2.9 15 160   M    M   3        20 180
27  88  63  76  13   0  11 0.00  0.0    0  3.2 14 170   M    M   4 3      19 170
================================================================================
SM 1862 1276       207  27  2.22    T    145.6          M      152
================================================================================
AV 69.0 47.3                               5.4 FASTST   M    M   6    MAX(MPH)
                                 MISC ---->  # 29 260               # 36  250
================================================================================
NOTES:
# LAST OF SEVERAL OCCURRENCES

COLUMN 17 PEAK WIND IN M.P.H.

PRELIMINARY LOCAL CLIMATOLOGICAL DATA (WS FORM: F-6) , PAGE 2

                                          STATION:  WILLIAMSPORT PA
                                          MONTH:    MAY
                                          YEAR:     2016
                                          LATITUDE:   41 15 N
                                          LONGITUDE:  76 55 W

[TEMPERATURE DATA]      [PRECIPITATION DATA]       SYMBOLS USED IN COLUMN 16

AVERAGE MONTHLY: 58.1   TOTAL FOR MONTH:   2.22    1 = FOG OR MIST
DPTR FM NORMAL:  -1.0   DPTR FM NORMAL:   -0.96    2 = FOG REDUCING VISIBILITY
HIGHEST:    89 ON 25    GRTST 24HR  0.46 ON  2- 3      TO 1/4 MILE OR LESS
LOWEST:     35 ON 16                               3 = THUNDER
                        SNOW, ICE PELLETS, HAIL    4 = ICE PELLETS
                        TOTAL MONTH:    T          5 = HAIL
                        GRTST 24HR    T  ON 15-15  6 = FREEZING RAIN OR DRIZZLE
                        GRTST DEPTH:   0           7 = DUSTSTORM OR SANDSTORM:
                                                       VSBY 1/2 MILE OR LESS
                                                   8 = SMOKE OR HAZE
[NO. OF DAYS WITH]      [WEATHER - DAYS WITH]      9 = BLOWING SNOW
                                                   X = TORNADO
MAX 32 OR BELOW:   0    0.01 INCH OR MORE:  13
MAX 90 OR ABOVE:   0    0.10 INCH OR MORE:   8
MIN 32 OR BELOW:   0    0.50 INCH OR MORE:   0
MIN  0 OR BELOW:   0    1.00 INCH OR MORE:   0

[HDD (BASE 65) ]
TOTAL THIS MO.   207    CLEAR  (SCALE 0-3)   6
DPTR FM NORMAL    18    PTCLDY (SCALE 4-7)  14
TOTAL FM JUL 1  4907    CLOUDY (SCALE 8-10)  7
DPTR FM NORMAL -1037

[CDD (BASE 65) ]
TOTAL THIS MO.    27
DPTR FM NORMAL    -1    [PRESSURE DATA]
TOTAL FM JAN 1    27    HIGHEST SLP M ON M
DPTR FM NORMAL    -6    LOWEST  SLP 29.59 ON M

[REMARKS]
