000
CXUS53 KBIS 010808
CF6ISN
PRELIMINARY LOCAL CLIMATOLOGICAL DATA (WS FORM: F-6)

                                          STATION:   WILLISTON ND
                                          MONTH:     JUNE
                                          YEAR:      2015
                                          LATITUDE:   48 10 N
                                          LONGITUDE: 103 38 W

  TEMPERATURE IN F:       :PCPN:    SNOW:  WIND      :SUNSHINE: SKY     :PK WND
================================================================================
1   2   3   4   5  6A  6B    7    8   9   10  11  12  13   14  15   16   17  18
                                     12Z  AVG MX 2MIN
DY MAX MIN AVG DEP HDD CDD  WTR  SNW DPTH SPD SPD DIR MIN PSBL S-S WX    SPD DR
================================================================================

 1  91  53  72  13   0   7 0.00    M    M 10.0 22 340   M    M   1 3      28 340
 2  65  53  59   0   6   0 1.53    M    M 12.7 26  10   M    M   8 1      32  10
 3  70  48  59  -1   6   0 0.00    M    M  7.3 15  70   M    M   2        18  80
 4  64  47  56  -4   9   0 0.00    M    M  8.2 17 100   M    M   5        22 100
 5  79  56  68   8   0   3 0.01    M    M  8.8 17 130   M    M   7        24 130
 6  81  57  69   9   0   4 0.06    M    M  5.6 24 350   M    M   4        31 350
 7  83  51  67   6   0   2 0.00    M    M  9.5 24 300   M    M   1        30 350
 8  88  57  73  12   0   8 0.00    M    M  5.2 14  70   M    M   2        19  80
 9  82  61  72  11   0   7 0.00    M    M 10.8 22 360   M    M   0        27  10
10  70  52  61  -1   4   0 0.02    M    M  5.5 20  50   M    M   6        23  40
11  77  48  63   1   2   0 0.00    M    M  7.0 15 150   M    M   1        21 150
12  88  58  73  11   0   8 0.00    M    M 13.2 23  20   M    M   0        29 240
13  77  51  64   1   1   0 0.01    M    M 10.3 21 300   M    M   1 3      26 290
14  77  47  62  -1   3   0 0.00    M    M  9.6 21 310   M    M   1        28 310
15  70  44  57  -6   8   0 0.00    M    M  6.4 15 360   M    M   3        19 360
16  66  51  59  -5   6   0 0.00    M    M  7.1 13 150   M    M   5         M  M
17  82  42  62  -2   3   0 0.03    M    M  8.8 30 360   M    M   4 1238   40 350
18  66  51  59  -5   6   0 0.00    M    M 10.4 18  50   M    M   7        22  60
19  81  53  67   3   0   2 0.04    M    M  5.8 31  10   M    M   5 3      37  10
20  83  50  67   2   0   2 0.00    M    M 10.4 23 320   M    M   0 1      37 300
21  86  45  66   1   0   1 0.18    M    M  6.6 23 330   M    M   2 3      37 350
22  77  52  65   0   0   0 0.00    M    M 11.2 24 340   M    M   1        32 330
23  88  47  68   3   0   3    T    M    M  7.1 29 290   M    M   1 3      35 280
24  85  54  70   4   0   5    T    M    M  4.6 14 290   M    M   3        18 290
25  88  54  71   5   0   6 0.00    M    M  5.3 20  50   M    M   1 3      24  50
26  88  50  69   3   0   4 0.01    M    M  4.4 14  20   M    M   0 3      17 150
27  92  60  76  10   0  11    T    M    M 10.7 23 330   M    M   0        30 320
28  94  52  73   6   0   8 0.00    M    0  3.4 14 360   M    M   0        17 310
29  99  56  78  11   0  13 0.00    M    M  8.2 23  10   M    M   2 8      28  50
30  83  65  74   7   0   9 0.01    M    M  9.7 24 120   M    M   8 138    32  30
================================================================================
SM 2420 1565        54 103  1.90    M    243.8          M       81
================================================================================
AV 80.7 52.2                               8.1 FASTST   M    M   3    MAX(MPH)
                                 MISC ---->  # 31  10               # 40  350
================================================================================
NOTES:
# LAST OF SEVERAL OCCURRENCES

COLUMN 17 PEAK WIND IN M.P.H.

PRELIMINARY LOCAL CLIMATOLOGICAL DATA (WS FORM: F-6) , PAGE 2

                                          STATION:  WILLISTON ND
                                          MONTH:    JUNE
                                          YEAR:     2015
                                          LATITUDE:   48 10 N
                                          LONGITUDE: 103 38 W

[TEMPERATURE DATA]      [PRECIPITATION DATA]       SYMBOLS USED IN COLUMN 16

AVERAGE MONTHLY: 66.4   TOTAL FOR MONTH:   1.90    1 = FOG OR MIST
DPTR FM NORMAL:   3.2   DPTR FM NORMAL:   -0.62    2 = FOG REDUCING VISIBILITY
HIGHEST:    99 ON 29    GRTST 24HR  1.53 ON  2- 2      TO 1/4 MILE OR LESS
LOWEST:     42 ON 17                               3 = THUNDER
                        SNOW, ICE PELLETS, HAIL    4 = ICE PELLETS
                        TOTAL MONTH:    M          5 = HAIL
                        GRTST 24HR    M  ON   M    6 = FREEZING RAIN OR DRIZZLE
                        GRTST DEPTH:   0           7 = DUSTSTORM OR SANDSTORM:
                                                       VSBY 1/2 MILE OR LESS
                                                   8 = SMOKE OR HAZE
[NO. OF DAYS WITH]      [WEATHER - DAYS WITH]      9 = BLOWING SNOW
                                                   X = TORNADO
MAX 32 OR BELOW:   0    0.01 INCH OR MORE:  10
MAX 90 OR ABOVE:   4    0.10 INCH OR MORE:   2
MIN 32 OR BELOW:   0    0.50 INCH OR MORE:   1
MIN  0 OR BELOW:   0    1.00 INCH OR MORE:   1

[HDD (BASE 65) ]
TOTAL THIS MO.    54    CLEAR  (SCALE 0-3)  19
DPTR FM NORMAL   -66    PTCLDY (SCALE 4-7)  10
TOTAL FM JUL 1  8412    CLOUDY (SCALE 8-10)  1
DPTR FM NORMAL  -582

[CDD (BASE 65) ]
TOTAL THIS MO.   103
DPTR FM NORMAL    35    [PRESSURE DATA]
TOTAL FM JAN 1   104    HIGHEST SLP M ON M
DPTR FM NORMAL    23    LOWEST  SLP 29.64 ON  9

[REMARKS]
#FINAL-06-15#
