000
CXUS53 KBIS 220830
CF6ISN
PRELIMINARY LOCAL CLIMATOLOGICAL DATA (WS FORM: F-6)

                                          STATION:   WILLISTON ND
                                          MONTH:     SEPTEMBER
                                          YEAR:      2017
                                          LATITUDE:   48 10 N
                                          LONGITUDE: 103 38 W

  TEMPERATURE IN F:       :PCPN:    SNOW:  WIND      :SUNSHINE: SKY     :PK WND
================================================================================
1   2   3   4   5  6A  6B    7    8   9   10  11  12  13   14  15   16   17  18
                                     12Z  AVG MX 2MIN
DY MAX MIN AVG DEP HDD CDD  WTR  SNW DPTH SPD SPD DIR MIN PSBL S-S WX    SPD DR
================================================================================

 1  81  54  68   4   0   3 0.00    M    M  7.9 20 350   M    M   0        25 350
 2  86  50  68   5   0   3 0.00    M    M  2.4  8 210   M    M   0        13 200
 3  85  54  70   7   0   5 0.00    M    M 11.7 28  10   M    M   1 8      35  10
 4  72  51  62   0   3   0 0.02    M    M 15.4 31 310   M    M   3        40 320
 5  72  43  58  -4   7   0 0.00    M    M  6.4 21 330   M    M   1        26 320
 6  81  39  60  -1   5   0 0.00    M    M  3.3 10 280   M    M   0        15 170
 7  88  42  65   4   0   0 0.00    M    M  3.4 17  90   M    M   0        22  90
 8  85  51  68   8   0   3 0.00    M    M  8.3 18 130   M    M   0        26 150
 9  94  59  77  17   0  12 0.00    M    M  8.9 16 150   M    M   0        24 130
10  89  55  72  13   0   7 0.00    M    M 10.1 24 320   M    M   0        30 310
11  88  45  67   8   0   2 0.00    M    M  4.6 16 230   M    M   0 18     20 180
12  88  47  68  10   0   3 0.00    M    M  5.1 15 310   M    M   3 8      18 310
13  77  42  60   2   5   0    T    M    M  5.2 15 140   M    M   1 18     20 130
14  61  51  56  -1   9   0 0.03    M    M 11.8 22 350   M    M   7 18     27 350
15  51  43  47 -10  18   0 1.09    M    M 14.2 26  50   M    M  10 1      33  50
16  47  43  45 -11  20   0 0.30    M    M  8.5 22  20   M    M  10 1      28  30
17  65  33  49  -7  16   0 0.00    M    M  5.8 17 220   M    M   2 12     23 220
18  76  38  57   2   8   0 0.00    M    M  6.7 16 130   M    M   0        21 130
19  65  47  56   1   9   0 0.02    M    M 10.6 21 260   M    M   6        26 260
20  68  39  54   0  11   0 0.00    M    M  9.5 25 230   M    M   1        33 250
21  64  39  52  -2  13   0    T    M    M  4.9 14 330   M    M   6        15 330
================================================================================
SM 1583  965       124  38  1.46    M    164.7          M       51
================================================================================
AV 75.4 46.0                               7.8 FASTST   M    M   2    MAX(MPH)
                                 MISC ---->  # 31 310               # 40  320
================================================================================
NOTES:
# LAST OF SEVERAL OCCURRENCES

COLUMN 17 PEAK WIND IN M.P.H.

PRELIMINARY LOCAL CLIMATOLOGICAL DATA (WS FORM: F-6) , PAGE 2

                                          STATION:  WILLISTON ND
                                          MONTH:    SEPTEMBER
                                          YEAR:     2017
                                          LATITUDE:   48 10 N
                                          LONGITUDE: 103 38 W

[TEMPERATURE DATA]      [PRECIPITATION DATA]       SYMBOLS USED IN COLUMN 16

AVERAGE MONTHLY: 60.7   TOTAL FOR MONTH:   1.46    1 = FOG OR MIST
DPTR FM NORMAL:   1.9   DPTR FM NORMAL:    0.72    2 = FOG REDUCING VISIBILITY
HIGHEST:    94 ON  9    GRTST 24HR  1.45 ON 31- 1      TO 1/4 MILE OR LESS
LOWEST:     33 ON 17                               3 = THUNDER
                        SNOW, ICE PELLETS, HAIL    4 = ICE PELLETS
                        TOTAL MONTH:    M          5 = HAIL
                        GRTST 24HR    M  ON   M    6 = FREEZING RAIN OR DRIZZLE
                        GRTST DEPTH:  M  ON   M    7 = DUSTSTORM OR SANDSTORM:
                                                       VSBY 1/2 MILE OR LESS
                                                   8 = SMOKE OR HAZE
[NO. OF DAYS WITH]      [WEATHER - DAYS WITH]      9 = BLOWING SNOW
                                                   X = TORNADO
MAX 32 OR BELOW:   0    0.01 INCH OR MORE:   5
MAX 90 OR ABOVE:   1    0.10 INCH OR MORE:   2
MIN 32 OR BELOW:   0    0.50 INCH OR MORE:   1
MIN  0 OR BELOW:   0    1.00 INCH OR MORE:   1

[HDD (BASE 65) ]
TOTAL THIS MO.   124    CLEAR  (SCALE 0-3)  15
DPTR FM NORMAL   -30    PTCLDY (SCALE 4-7)   4
TOTAL FM JUL 1   143    CLOUDY (SCALE 8-10)  2
DPTR FM NORMAL   -82

[CDD (BASE 65) ]
TOTAL THIS MO.    38
DPTR FM NORMAL    14    [PRESSURE DATA]
TOTAL FM JAN 1   643    HIGHEST SLP M ON M
DPTR FM NORMAL   190    LOWEST  SLP 29.42 ON 19

[REMARKS]
