000
CXUS51 KOKX 010703
CF6ISP
PRELIMINARY LOCAL CLIMATOLOGICAL DATA (WS FORM: F-6)

                                          STATION:   ISLIP NY
                                          MONTH:     SEPTEMBER
                                          YEAR:      2016
                                          LATITUDE:   40 47 N
                                          LONGITUDE:  73  6 W

  TEMPERATURE IN F:       :PCPN:    SNOW:  WIND      :SUNSHINE: SKY     :PK WND
================================================================================
1   2   3   4   5  6A  6B    7    8   9   10  11  12  13   14  15   16   17  18
                                     12Z  AVG MX 2MIN
DY MAX MIN AVG DEP HDD CDD  WTR  SNW DPTH SPD SPD DIR MIN PSBL S-S WX    SPD DR
================================================================================

 1  77  68  73   3   0   8 0.42  0.0    0  4.8 16 240   M    M   9 13     20 230
 2  81  66  74   4   0   9 0.00  0.0    0  8.1 15  40   M    M   7        22  10
 3  73  63  68  -2   0   3 0.00  0.0    0  8.9 17  40   M    M   6        23  50
 4  79  62  71   1   0   6 0.00  0.0    0 11.5 22  30   M    M   3        28  30
 5  80  63  72   3   0   7    T  0.0    0 15.9 29  10   M    M   7        40  10
 6  73  68  71   2   0   6 0.59  0.0    0 17.2 29 360   M    M  10 18     39  20
 7  79  70  75   6   0  10 0.02  0.0    0 12.0 24  30   M    M   9 1      32  30
 8  82  67  75   7   0  10 0.00  0.0    0  6.1 15 210   M    M   6 1      19 220
 9  91  73  82  14   0  17 0.05  0.0    0  5.5 12 290   M    M   6 1      15 280
10  83  73  78  10   0  13 0.00  0.0    0  9.2 18 210   M    M   7 8      26 210
11  83  66  75   7   0  10 0.00  0.0    0 12.7 28 330   M    M   8        34 310
12  76  57  67   0   0   2 0.00  0.0    0  4.9 13 220   M    M   1        16 220
13  77  55  66  -1   0   1 0.00  0.0    0  7.4 16 170   M    M   1        20 170
14  83  67  75   9   0  10 0.10  0.0    0  8.7 17 360   M    M   4 13     23  10
15  73  57  65  -1   0   0 0.00  0.0    0  8.7 18  20   M    M   4        26  30
16  73  52  63  -3   2   0 0.00  0.0    0  4.9 16 130   M    M   3        21 140
17  75  50  63  -2   2   0 0.00  0.0    0  6.2 15 160   M    M   6        19 170
18  81  69  75  10   0  10    T  0.0    0  9.3 17 220   M    M   7        22 230
19  73  69  71   7   0   6 1.29  0.0    0  5.0 17 120   M    M   8 13     22 130
20  80  68  74  10   0   9 0.01  0.0    0  3.8 13 360   M    M   8 12     16 360
21  82  62  72   8   0   7 0.00  0.0    0  3.8 13 360   M    M   8 12     16 350
22  83  60  72   9   0   7 0.00  0.0    0  5.4 14 150   M    M   2        18 100
23  82  58  70   7   0   5 0.00  0.0    0  4.9 18  30   M    M   3        23  40
24  70  53  62   0   3   0 0.06  0.0    0  8.5 20  20   M    M   6 1      27  30
25  69  48  59  -3   6   0 0.00  0.0    0  6.6 16 340   M    M   1        20 340
26  70  46  58  -4   7   0 0.00  0.0    0  9.0 17 170   M    M   5        23 200
27  74  59  67   6   0   2 0.32  0.0    0  5.3 18 230   M    M   8 1      26 240
28  67  56  62   1   3   0    T  0.0    0 11.9 22  40   M    M   7 1      27  50
29  62  59  61   1   4   0 0.02  0.0    0 14.6 24  50   M    M   9 1      32  40
30  62  58  60   0   5   0 0.17  0.0    0 17.2 24  50   M    M  10 1      40  40
================================================================================
SM 2293 1842        32 158  3.05     0.0 258.0          M      179
================================================================================
AV 76.4 61.4                               8.6 FASTST   M    M   6    MAX(MPH)
                                 MISC ---->  # 29  10               # 40   10
================================================================================
NOTES:
# LAST OF SEVERAL OCCURRENCES

COLUMN 17 PEAK WIND IN M.P.H.

PRELIMINARY LOCAL CLIMATOLOGICAL DATA (WS FORM: F-6) , PAGE 2

                                          STATION:  ISLIP NY
                                          MONTH:    SEPTEMBER
                                          YEAR:     2016
                                          LATITUDE:   40 47 N
                                          LONGITUDE:  73  6 W

[TEMPERATURE DATA]      [PRECIPITATION DATA]       SYMBOLS USED IN COLUMN 16

AVERAGE MONTHLY: 68.9   TOTAL FOR MONTH:   3.05    1 = FOG OR MIST
DPTR FM NORMAL:   3.3   DPTR FM NORMAL:   -0.53    2 = FOG REDUCING VISIBILITY
HIGHEST:    91 ON  9    GRTST 24HR  1.30 ON 19-20      TO 1/4 MILE OR LESS
LOWEST:     46 ON 26                               3 = THUNDER
                        SNOW, ICE PELLETS, HAIL    4 = ICE PELLETS
                        TOTAL MONTH:   0.0 INCH    5 = HAIL
                        GRTST 24HR     0.0         6 = FREEZING RAIN OR DRIZZLE
                        GRTST DEPTH:   0           7 = DUSTSTORM OR SANDSTORM:
                                                       VSBY 1/2 MILE OR LESS
                                                   8 = SMOKE OR HAZE
[NO. OF DAYS WITH]      [WEATHER - DAYS WITH]      9 = BLOWING SNOW
                                                   X = TORNADO
MAX 32 OR BELOW:   0    0.01 INCH OR MORE:  11
MAX 90 OR ABOVE:   1    0.10 INCH OR MORE:   6
MIN 32 OR BELOW:   0    0.50 INCH OR MORE:   2
MIN  0 OR BELOW:   0    1.00 INCH OR MORE:   1

[HDD (BASE 65) ]
TOTAL THIS MO.    32    CLEAR  (SCALE 0-3)   5
DPTR FM NORMAL   -40    PTCLDY (SCALE 4-7)  17
TOTAL FM JUL 1    32    CLOUDY (SCALE 8-10)  8
DPTR FM NORMAL   -45

[CDD (BASE 65) ]
TOTAL THIS MO.   158
DPTR FM NORMAL    67    [PRESSURE DATA]
TOTAL FM JAN 1  1105    HIGHEST SLP M ON M
DPTR FM NORMAL   328    LOWEST  SLP 29.79 ON  8

[REMARKS]
#FINAL-09-16#
