487
CXUS53 KGRB 270644
CF6ISW
PRELIMINARY LOCAL CLIMATOLOGICAL DATA (WS FORM: F-6)

                                          STATION:   WISCONSIN RAPIDS ASOS
                                          MONTH:     FEBRUARY
                                          YEAR:      2017
                                          LATITUDE:   44 22 N
                                          LONGITUDE:  89 50 W

  TEMPERATURE IN F:       :PCPN:    SNOW:  WIND      :SUNSHINE: SKY     :PK WND
================================================================================
1   2   3   4   5  6A  6B    7    8   9   10  11  12  13   14  15   16   17  18
                                     12Z  AVG MX 2MIN
DY MAX MIN AVG DEP HDD CDD  WTR  SNW DPTH SPD SPD DIR MIN PSBL S-S WX    SPD DR
================================================================================

 1  29   4  17   0  48   0    T    T    9  9.6 22 330   M    M   4 1      27 330
 2  14   2   8  -9  57   0 0.00  0.0    9 10.4 21 270   M    M   0        27 280
 3  19  -3   8  -9  57   0 0.00  0.0    9  8.9 17 270   M    M   0        24 310
 4  28  -4  12  -5  53   0 0.00  0.0    8  9.1 20 210   M    M   6        26 210
 5  28  11  20   3  45   0 0.00  0.0    8  6.6 18 340   M    M   4        23 340
 6  37   7  22   4  43   0 0.00  0.0    8  5.6 15 100   M    M   3 1      19  90
 7  32  20  26   8  39   0    T  0.0    8 10.9 24 330   M    M  10 16     33 340
 8  21   3  12  -6  53   0    T    T    7 10.5 20 330   M    M   6        25 320
 9  17   0   9  -9  56   0 0.00  0.0    7  9.0 16 290   M    M   0        22 270
10  38  13  26   8  39   0 0.00  0.0    6  9.8 22 220   M    M   3        27 200
11  41  30  36  17  29   0 0.00  0.0    5  3.6  9 110   M    M   4        10 110
12  37  26  32  13  33   0 0.01  0.0    4 14.4 36 310   M    M   4 1      45 300
13  44  15  30  11  35   0 0.00  0.0    4  8.8 24 230   M    M   0        30 230
14  42  24  33  13  32   0 0.00  0.0    3 12.2 26 300   M    M   2        40 310
15  27  18  23   3  42   0 0.00  0.0    3  9.0 20 340   M    M   3        26 320
16  34  22  28   8  37   0 0.00  0.0    3  6.9 15 130   M    M   3 8      18 140
17  56  20  38  18  27   0 0.00  0.0    2  4.8 10 210   M    M   0 1      13 210
18  56  32  44  23  21   0 0.00  0.0    2  5.3 12 320   M    M   0        15 320
19  62  27  45  24  20   0 0.00  0.0    0  3.5  9 100   M    M   0 1      12 200
20  56  39  48  27  17   0 0.60  0.0    M  9.1 18 130   M    M   5 1      25 130
21  60  41  51  29  14   0 0.00  0.0    0  7.6 20 280   M    M   4 1      27 260
22  61  31  46  24  19   0    T  0.0    0  4.6 13 210   M    M   1        18 210
23  46  33  40  18  25   0    M    M    M 10.0 21 310   M    M   7        27 110
24  33  19  26   3  39   0 0.34    M    0 13.8 22  40   M    M  10 136    30  40
25  25  14  20  -3  45   0    M    M    M 12.9 24 320   M    M   6 1      35 330
26  39  18  29   6  36   0    M    M    M 10.6 21 270   M    M   5        31 290
================================================================================
SM  982  462       961   0  0.95    T    227.5          M       90
================================================================================
AV 37.8 17.8                               8.8 FASTST   M    M   3    MAX(MPH)
                                 MISC ---->  # 36 310               # 45  300
================================================================================
NOTES:
# LAST OF SEVERAL OCCURRENCES

COLUMN 17 PEAK WIND IN M.P.H.

PRELIMINARY LOCAL CLIMATOLOGICAL DATA (WS FORM: F-6) , PAGE 2

                                          STATION:  WISCONSIN RAPIDS ASOS
                                          MONTH:    FEBRUARY
                                          YEAR:     2017
                                          LATITUDE:   44 22 N
                                          LONGITUDE:  89 50 W

[TEMPERATURE DATA]      [PRECIPITATION DATA]       SYMBOLS USED IN COLUMN 16

AVERAGE MONTHLY: 27.8   TOTAL FOR MONTH:   0.95    1 = FOG OR MIST
DPTR FM NORMAL:   8.2   DPTR FM NORMAL:    0.22    2 = FOG REDUCING VISIBILITY
HIGHEST:    62 ON 19    GRTST 24HR  0.60 ON 20-20      TO 1/4 MILE OR LESS
LOWEST:     -4 ON  4                               3 = THUNDER
                        SNOW, ICE PELLETS, HAIL    4 = ICE PELLETS
                        TOTAL MONTH:    T          5 = HAIL
                        GRTST 24HR    T  ON  8- 8  6 = FREEZING RAIN OR DRIZZLE
                        GRTST DEPTH:   9 ON  3, 2  7 = DUSTSTORM OR SANDSTORM:
                                                       VSBY 1/2 MILE OR LESS
                                                   8 = SMOKE OR HAZE
[NO. OF DAYS WITH]      [WEATHER - DAYS WITH]      9 = BLOWING SNOW
                                                   X = TORNADO
MAX 32 OR BELOW:  10    0.01 INCH OR MORE:   3
MAX 90 OR ABOVE:   0    0.10 INCH OR MORE:   2
MIN 32 OR BELOW:  23    0.50 INCH OR MORE:   1
MIN  0 OR BELOW:   3    1.00 INCH OR MORE:   0

[HDD (BASE 65) ]
TOTAL THIS MO.   961    CLEAR  (SCALE 0-3)  10
DPTR FM NORMAL  -220    PTCLDY (SCALE 4-7)  14
TOTAL FM JUL 1  4890    CLOUDY (SCALE 8-10)  2
DPTR FM NORMAL  -992

[CDD (BASE 65) ]
TOTAL THIS MO.     0
DPTR FM NORMAL     0    [PRESSURE DATA]
TOTAL FM JAN 1     0    HIGHEST SLP M ON M
DPTR FM NORMAL     0    LOWEST  SLP 29.36 ON  7

[REMARKS]
