000
CXHW53 PHFO 171250
CF6ITO
PRELIMINARY LOCAL CLIMATOLOGICAL DATA (WS FORM: F-6)

                                          STATION:   HILO HI
                                          MONTH:     APRIL
                                          YEAR:      2014
                                          LATITUDE:   19 43 N
                                          LONGITUDE: 155  4 W

  TEMPERATURE IN F:       :PCPN:    SNOW:  WIND      :SUNSHINE: SKY     :PK WND
================================================================================
1   2   3   4   5  6A  6B    7    8   9   10  11  12  13   14  15   16   17  18
                                     12Z  AVG MX 2MIN
DY MAX MIN AVG DEP HDD CDD  WTR  SNW DPTH SPD SPD DIR MIN PSBL S-S WX    SPD DR
================================================================================

 1  76  68  72   0   0   7 5.17  0.0    0  5.2 20 150   M    M   9 1      25 150
 2  80  67  74   2   0   9 1.23  0.0    0  6.0 15  50   M    M   8 18     18  80
 3  82  70  76   4   0  11 0.26  0.0    0  7.2 20  80   M    M   8 1      23  70
 4  80  65  73   1   0   8 0.14  0.0    0  6.6 15 120   M    M   9 1      20 120
 5  82  64  73   1   0   8 0.00  0.0    0  8.1 21 110   M    M   5        28 110
 6  81  65  73   1   0   8    T  0.0    0  5.0  9  40   M    M   5        12  70
 7  80  65  73   1   0   8 0.45  0.0    0  9.3 20  30   M    M   8 1      26  10
 8  75  67  71  -1   0   6 0.08  0.0    0 12.7 21 340   M    M  10 1      26  30
 9  78  67  73   1   0   8 0.01  0.0    0  9.0 16  10   M    M   8        21  40
10  76  63  70  -2   0   5    T  0.0    0  5.4 14  60   M    M  10        16  50
11  81  67  74   2   0   9    T  0.0    0  7.5 16 350   M    M   9        21 340
12  79  66  73   1   0   8 0.17  0.0    0  8.3 17  20   M    M   7 1      22  20
13  79  67  73   1   0   8 0.99  0.0    0 11.0 18  30   M    M   8 18     27  40
14  80  70  75   3   0  10    T  0.0    0 12.5 20  10   M    M   5        26  20
15  79  66  73   1   0   8 0.40  0.0    0  9.8 20  10   M    M   7 1      27  20
16  81  65  73   1   0   8 0.24  0.0    0  6.3 16  70   M    M   7 1      19  70
================================================================================
SM 1269 1062         0 129  9.14     0.0 129.9          M      123
================================================================================
AV 79.3 66.4                               8.1 FASTST   M    M   8    MAX(MPH)
                                 MISC ---->  # 21 110               # 28  110
================================================================================
NOTES:
# LAST OF SEVERAL OCCURRENCES

COLUMN 17 PEAK WIND IN M.P.H.

PRELIMINARY LOCAL CLIMATOLOGICAL DATA (WS FORM: F-6) , PAGE 2

                                          STATION:  HILO HI
                                          MONTH:    APRIL
                                          YEAR:     2014
                                          LATITUDE:   19 43 N
                                          LONGITUDE: 155  4 W

[TEMPERATURE DATA]      [PRECIPITATION DATA]       SYMBOLS USED IN COLUMN 16

AVERAGE MONTHLY: 72.8   TOTAL FOR MONTH:   9.14    1 = FOG OR MIST
DPTR FM NORMAL:   0.8   DPTR FM NORMAL:    2.48    2 = FOG REDUCING VISIBILITY
HIGHEST:    82 ON  5, 3 GRTST 24HR  8.09 ON 31- 1      TO 1/4 MILE OR LESS
LOWEST:     63 ON 10                               3 = THUNDER
                        SNOW, ICE PELLETS, HAIL    4 = ICE PELLETS
                        TOTAL MONTH:   0.0 INCH    5 = HAIL
                        GRTST 24HR     0.0         6 = FREEZING RAIN OR DRIZZLE
                        GRTST DEPTH:   0           7 = DUSTSTORM OR SANDSTORM:
                                                       VSBY 1/2 MILE OR LESS
                                                   8 = SMOKE OR HAZE
[NO. OF DAYS WITH]      [WEATHER - DAYS WITH]      9 = BLOWING SNOW
                                                   X = TORNADO
MAX 32 OR BELOW:   0    0.01 INCH OR MORE:  11
MAX 90 OR ABOVE:   0    0.10 INCH OR MORE:   9
MIN 32 OR BELOW:   0    0.50 INCH OR MORE:   3
MIN  0 OR BELOW:   0    1.00 INCH OR MORE:   2

[HDD (BASE 65) ]
TOTAL THIS MO.     0    CLEAR  (SCALE 0-3)   0
DPTR FM NORMAL     0    PTCLDY (SCALE 4-7)  10
TOTAL FM JUL 1     0    CLOUDY (SCALE 8-10)  6
DPTR FM NORMAL     0

[CDD (BASE 65) ]
TOTAL THIS MO.   129
DPTR FM NORMAL    17    [PRESSURE DATA]
TOTAL FM JAN 1   823    HIGHEST SLP M ON M
DPTR FM NORMAL   130    LOWEST  SLP 29.98 ON  5

[REMARKS]
