000
CXUS55 KGLD 010800
CF6ITR
PRELIMINARY LOCAL CLIMATOLOGICAL DATA (WS FORM: F-6)

                                          STATION:   BURLINGTON CO
                                          MONTH:     JANUARY
                                          YEAR:      2015
                                          LATITUDE:   39 15 N
                                          LONGITUDE: 102 17 W

  TEMPERATURE IN F:       :PCPN:    SNOW:  WIND      :SUNSHINE: SKY     :PK WND
================================================================================
1   2   3   4   5  6A  6B    7    8   9   10  11  12  13   14  15   16   17  18
                                     12Z  AVG MX 2MIN
DY MAX MIN AVG DEP HDD CDD  WTR  SNW DPTH SPD SPD DIR MIN PSBL S-S WX    SPD DR
================================================================================

 1  27   1  14 -15  51   0    T    M    M  9.5 15 310   M    M   4        19 310
 2  29   3  16 -13  49   0 0.00    M    M  9.0 16 190   M    M   0        18 180
 3  30   4  17 -12  48   0    T    M    M 17.0 33 350   M    M   5 1289   45 360
 4  19  -7   6 -23  59   0 0.00    M    M 11.3 22 210   M    M   1        24 210
 5  43  -3  20  -9  45   0 0.00    M    M 10.3 25 240   M    M   0        32 240
 6  40  16  28  -1  37   0 0.00    M    M 12.6 31  30   M    M   1 1      36 350
 7  18  11  15 -14  50   0    T    M    M 16.9 31 210   M    M   8 1      39 210
 8  45  18  32   3  33   0 0.00    M    M 17.9 30 240   M    M   3        35 220
 9  27  17  22  -7  43   0    T    M    M 10.2 20 330   M    M   9 1      24 330
10  51  20  36   7  29   0 0.00    M    M  8.6 18 220   M    M   1 1      22 220
11  45  20  33   4  32   0 0.00    M    M  9.5 21  10   M    M   3 1      24  20
12  23  18  21  -8  44   0    T    M    M 11.4 18 170   M    M  10 18     24  30
13  28  16  22  -7  43   0    T    M    M 13.2 23 190   M    M   9 1      26 190
14  42  15  29  -1  36   0 0.00    M    M  7.7 15 350   M    M   1 18     20 350
15  51  22  37   7  28   0 0.00    M    M 10.2 16 240   M    M   0        20 310
16  61  29  45  15  20   0 0.00  0.0    0  8.4 18 320   M    M   0        24 320
17  48  29  39   9  26   0 0.00  0.0    0 16.1 37 320   M    M   0        46 330
18  61  31  46  16  19   0 0.00    M    M  8.3 17 240   M    M   0        20 230
19  54  33  44  14  21   0 0.00    M    M  8.5 16  40   M    M   2        21  40
20  38  28  33   3  32   0 0.25    M    M  8.0 15  30   M    M   8 1      17  30
21  33  13  23  -7  42   0 0.00    M    M  6.1 10 320   M    M   9        14  20
22  36  13  25  -5  40   0 0.00    M    M 10.7 16 240   M    M   0        19 230
23  46  14  30   0  35   0 0.00    M    M 13.3 23 350   M    M   2        30 330
24  55  28  42  12  23   0    T    M    M 13.8 35 340   M    M   3        45 350
25  55  32  44  14  21   0 0.00    M    M 15.7 28 340   M    M   1        34 340
26  67  34  51  21  14   0 0.00    M    M 10.8 20 320   M    M   0        24 320
27  74  36  55  25  10   0 0.00    M    M 10.9 17 220   M    M   0        20 220
28  64  33  49  19  16   0 0.00    M    M 17.0 40 320   M    M   0        48 320
29  49  30  40  10  25   0 0.00    M    M 10.0 22 360   M    M   2        29 360
30  47  30  39   9  26   0 0.00    M    M 19.1 35 210   M    M   5 1      41 210
31  38  26  32   2  33   0 0.03    M    M 10.4 24 360   M    M  10 12     30 360
================================================================================
SM 1344  610      1030   0  0.28     0.0 362.4          M       97
================================================================================
AV 43.4 19.7                              11.7 FASTST   M    M   3    MAX(MPH)
                                 MISC ---->  # 40 320               # 48  320
================================================================================
NOTES:
# LAST OF SEVERAL OCCURRENCES

COLUMN 17 PEAK WIND IN M.P.H.

PRELIMINARY LOCAL CLIMATOLOGICAL DATA (WS FORM: F-6) , PAGE 2

                                          STATION:  BURLINGTON CO
                                          MONTH:    JANUARY
                                          YEAR:     2015
                                          LATITUDE:   39 15 N
                                          LONGITUDE: 102 17 W

[TEMPERATURE DATA]      [PRECIPITATION DATA]       SYMBOLS USED IN COLUMN 16

AVERAGE MONTHLY: 31.5   TOTAL FOR MONTH:   0.28    1 = FOG OR MIST
DPTR FM NORMAL:   2.1   DPTR FM NORMAL:   -0.10    2 = FOG REDUCING VISIBILITY
HIGHEST:    74 ON 27    GRTST 24HR  0.25 ON 20-20      TO 1/4 MILE OR LESS
LOWEST:     -7 ON  4                               3 = THUNDER
                        SNOW, ICE PELLETS, HAIL    4 = ICE PELLETS
                        TOTAL MONTH:   0.0 INCH    5 = HAIL
                        GRTST 24HR     0.0         6 = FREEZING RAIN OR DRIZZLE
                        GRTST DEPTH:   0           7 = DUSTSTORM OR SANDSTORM:
                                                       VSBY 1/2 MILE OR LESS
                                                   8 = SMOKE OR HAZE
[NO. OF DAYS WITH]      [WEATHER - DAYS WITH]      9 = BLOWING SNOW
                                                   X = TORNADO
MAX 32 OR BELOW:   8    0.01 INCH OR MORE:   2
MAX 90 OR ABOVE:   0    0.10 INCH OR MORE:   1
MIN 32 OR BELOW:  27    0.50 INCH OR MORE:   0
MIN  0 OR BELOW:   2    1.00 INCH OR MORE:   0

[HDD (BASE 65) ]
TOTAL THIS MO.  1030    CLEAR  (SCALE 0-3)  20
DPTR FM NORMAL   -69    PTCLDY (SCALE 4-7)   5
TOTAL FM JUL 1  3366    CLOUDY (SCALE 8-10)  6
DPTR FM NORMAL  -245

[CDD (BASE 65) ]
TOTAL THIS MO.     0
DPTR FM NORMAL     0    [PRESSURE DATA]
TOTAL FM JAN 1     0    HIGHEST SLP M ON M
DPTR FM NORMAL     0    LOWEST  SLP 29.79 ON M

[REMARKS]
#FINAL-01-15#
