000
CXUS55 KGLD 310800
CF6ITR
PRELIMINARY LOCAL CLIMATOLOGICAL DATA (WS FORM: F-6)

                                          STATION:   BURLINGTON CO
                                          MONTH:     OCTOBER
                                          YEAR:      2014
                                          LATITUDE:   39 15 N
                                          LONGITUDE: 102 17 W

  TEMPERATURE IN F:       :PCPN:    SNOW:  WIND      :SUNSHINE: SKY     :PK WND
================================================================================
1   2   3   4   5  6A  6B    7    8   9   10  11  12  13   14  15   16   17  18
                                     12Z  AVG MX 2MIN
DY MAX MIN AVG DEP HDD CDD  WTR  SNW DPTH SPD SPD DIR MIN PSBL S-S WX    SPD DR
================================================================================

 1  73  46  60   3   5   0 0.06    M    M 10.0 38 330   M    M   1 1      50 330
 2  64  42  53  -3  12   0 0.01    M    M 14.2 31 360   M    M   2        43 360
 3  59  34  47  -9  18   0 0.00    M    M 13.3 31 360   M    M   3        41 350
 4  74  29  52  -4  13   0 0.00    M    M  8.4 23 320   M    M   0        29 320
 5  76  39  58   3   7   0 0.00    M    M  9.3 26  10   M    M   1        35 340
 6  80  43  62   7   3   0 0.00    M    M 11.0 28 320   M    M   0        33 280
 7  80  47  64  10   1   0 0.00    M    M  8.8 18 350   M    M   0        24 360
 8  74  47  61   7   4   0 0.00    M    M  8.7 18 190   M    M   2        24 190
 9  58  47  53  -1  12   0 0.36    M    M  8.7 18  70   M    M   7 1      25  50
10  52  40  46  -7  19   0 0.26    M    M  9.0 17  40   M    M   7 1      25  40
11  63  37  50  -3  15   0 0.00    M    M 14.0 22 190   M    M   2        28 190
12  67  42  55   3  10   0    T    M    M 14.9 33 360   M    M   5 1      44 350
13  60  35  48  -4  17   0 0.00  0.0    0 18.3 32 360   M    M   1        44 340
14  71  33  52   0  13   0 0.00  0.0    0  8.1 16 330   M    M   0        21 320
15  81  38  60   9   5   0 0.00    M    M 12.5 25 180   M    M   0        32 170
16  76  39  58   7   7   0 0.00    M    M  9.6 23 360   M    M   0        29  20
17  66  35  51   1  14   0 0.00    M    M  5.8 15  60   M    M   0        18  60
18  66  37  52   2  13   0 0.00    M    M 13.7 25 170   M    M   0        32 190
19  77  39  58   8   7   0 0.00    M    M  7.6 15  20   M    M   0        19  20
20  75  37  56   7   9   0 0.00    M    M 10.4 18 180   M    M   0        25 170
21  79  50  65  16   0   0 0.00    M    M 15.2 28 190   M    M   0 1      35 210
22  73  43  58   9   7   0 0.00    M    M  8.2 18 190   M    M   0        22 190
23  75  42  59  11   6   0 0.00    M    M  8.3 16 220   M    M   1 1      21 220
24  86  46  66  18   0   1 0.00    M    M  6.5 13 250   M    M   0        16 260
25  84  41  63  16   2   0 0.00    M    M  7.2 13 170   M    M   0        16 170
26  83  41  62  15   3   0 0.00    M    M  9.6 17 340   M    M   0        23 340
27  59  30  45  -2  20   0    T    M    M 15.0 29 360   M    M   4        39 350
28  61  28  45  -1  20   0 0.00    M    M  8.4 14 190   M    M   0        17 320
29  72  29  51   5  14   0 0.00    M    M  8.2 16 320   M    M   0        22 320
30  65  33  49   3  16   0 0.00    M    M 10.8 20 330   M    M   0 8      24 330
================================================================================
SM 2129 1169       292   1  0.69     0.0 313.7          M       36
================================================================================
AV 71.0 39.0                              10.5 FASTST   M    M   1    MAX(MPH)
                                 MISC ---->  # 38 330               # 50  330
================================================================================
NOTES:
# LAST OF SEVERAL OCCURRENCES

COLUMN 17 PEAK WIND IN M.P.H.

PRELIMINARY LOCAL CLIMATOLOGICAL DATA (WS FORM: F-6) , PAGE 2

                                          STATION:  BURLINGTON CO
                                          MONTH:    OCTOBER
                                          YEAR:     2014
                                          LATITUDE:   39 15 N
                                          LONGITUDE: 102 17 W

[TEMPERATURE DATA]      [PRECIPITATION DATA]       SYMBOLS USED IN COLUMN 16

AVERAGE MONTHLY: 55.0   TOTAL FOR MONTH:   0.69    1 = FOG OR MIST
DPTR FM NORMAL:   3.9   DPTR FM NORMAL:   -0.43    2 = FOG REDUCING VISIBILITY
HIGHEST:    86 ON 24    GRTST 24HR  0.62 ON  9-10      TO 1/4 MILE OR LESS
LOWEST:     28 ON 28                               3 = THUNDER
                        SNOW, ICE PELLETS, HAIL    4 = ICE PELLETS
                        TOTAL MONTH:   0.0 INCH    5 = HAIL
                        GRTST 24HR     0.0         6 = FREEZING RAIN OR DRIZZLE
                        GRTST DEPTH:   0           7 = DUSTSTORM OR SANDSTORM:
                                                       VSBY 1/2 MILE OR LESS
                                                   8 = SMOKE OR HAZE
[NO. OF DAYS WITH]      [WEATHER - DAYS WITH]      9 = BLOWING SNOW
                                                   X = TORNADO
MAX 32 OR BELOW:   0    0.01 INCH OR MORE:   4
MAX 90 OR ABOVE:   0    0.10 INCH OR MORE:   2
MIN 32 OR BELOW:   4    0.50 INCH OR MORE:   0
MIN  0 OR BELOW:   0    1.00 INCH OR MORE:   0

[HDD (BASE 65) ]
TOTAL THIS MO.   292    CLEAR  (SCALE 0-3)  26
DPTR FM NORMAL  -131    PTCLDY (SCALE 4-7)   4
TOTAL FM JUL 1   402    CLOUDY (SCALE 8-10)  0
DPTR FM NORMAL  -167

[CDD (BASE 65) ]
TOTAL THIS MO.     1
DPTR FM NORMAL    -2    [PRESSURE DATA]
TOTAL FM JAN 1   883    HIGHEST SLP M ON M
DPTR FM NORMAL    97    LOWEST  SLP 29.53 ON M

[REMARKS]
