000
CXUS55 KEAX 270736
CF6IXD
PRELIMINARY LOCAL CLIMATOLOGICAL DATA (WS FORM: F-6)

                                          STATION:   New Century Air Center KS
                                          MONTH:     MAY
                                          YEAR:      2017
                                          LATITUDE:   38 49 N
                                          LONGITUDE:  94 54 W

  TEMPERATURE IN F:       :PCPN:    SNOW:  WIND      :SUNSHINE: SKY     :PK WND
================================================================================
1   2   3   4   5  6A  6B    7    8   9   10  11  12  13   14  15   16   17  18
                                     12Z  AVG MX 2MIN
DY MAX MIN AVG DEP HDD CDD  WTR  SNW DPTH SPD SPD DIR MIN PSBL S-S WX    SPD DR
================================================================================

 1  61  39  50 -10  15   0 0.01    M    M 14.3 29 290   M    M   7 1      39 290
 2  66  50  58  -2   7   0    T    M    M  6.9 16 330   M    M   5        21 330
 3  55  43  49 -11  16   0 0.60    M    M 10.2 22  70   M    M   8 1      30  70
 4  68  37  53  -8  12   0 0.00    M    M 12.5 26 350   M    M   2        33 360
 5  73  44  59  -2   6   0 0.00    M    M  7.7 16 330   M    M   0        22 320
 6  79  55  67   5   0   2 0.00    M    M  8.2 18 290   M    M   0        22 350
 7  81  53  67   5   0   2 0.00    M    M  9.1 16 140   M    M   0        20 160
 8  83  56  70   8   0   5 0.00    M    M 10.3 21 200   M    M   0        27 190
 9  84  62  73  10   0   8 0.00    M    M  9.2 17 230   M    M   2        22 250
10  79  63  71   8   0   6 0.19    M    M  9.6 40 220   M    M   3 13     52 220
11  69  61  65   2   0   0 0.03    M    M  8.8 18  40   M    M   9 18     23  30
12  73  53  63  -1   2   0 0.00    M    M  8.9 18 360   M    M   1        24  10
13  78  50  64   0   1   0 0.00    M    M  6.3 16 190   M    M   0        23 160
14  82  55  69   5   0   4 0.00    M    M 12.9 26 190   M    M   0        34 190
15  88  61  75  10   0  10 0.00    M    M 13.6 24 200   M    M   0        32 210
16  84  65  75  10   0  10 0.00    M    M 16.6 29 190   M    M   2        38 190
17  80  62  71   6   0   6 0.01    M    M 20.1 38 210   M    M   5 3      51 200
18  85  53  69   3   0   4 0.80    M    M  7.8 44 300   M    M   4 13     59 300
19  72  60  66   0   0   1 1.07    M    M 10.5 23 140   M    M   9 13     31 110
20  63  49  56 -10   9   0 0.05    M    M 12.6 24 130   M    M   9 13     30 130
21  70  44  57 -10   8   0 0.00    M    M  9.1 18 290   M    M   0        25 280
22  74  50  62  -5   3   0 0.01    M    M  8.2 21 350   M    M   5 3      23 340
23  67  50  59  -9   6   0 0.12    M    M  9.4 21 300   M    M   7 1      25 310
24  67  47  57 -11   8   0 0.00    M    M  8.1 22 330   M    M   5        28 320
25  77  45  61  -7   4   0 0.00    M    M 10.5 23 140   M    M   0        29 140
26  84  63  74   6   0   9 0.01    M    M  5.8 24 150   M    M   2 3      30 140
================================================================================
SM 1942 1370        97  67  2.90    M    267.2          M       85
================================================================================
AV 74.7 52.7                              10.3 FASTST   M    M   3    MAX(MPH)
                                 MISC ---->  # 44 300               # 59  300
================================================================================
NOTES:
# LAST OF SEVERAL OCCURRENCES

COLUMN 17 PEAK WIND IN M.P.H.

PRELIMINARY LOCAL CLIMATOLOGICAL DATA (WS FORM: F-6) , PAGE 2

                                          STATION:  New Century Air Center KS
                                          MONTH:    MAY
                                          YEAR:     2017
                                          LATITUDE:   38 49 N
                                          LONGITUDE:  94 54 W

[TEMPERATURE DATA]      [PRECIPITATION DATA]       SYMBOLS USED IN COLUMN 16

AVERAGE MONTHLY: 63.7   TOTAL FOR MONTH:   2.90    1 = FOG OR MIST
DPTR FM NORMAL:  -0.5   DPTR FM NORMAL:   -1.52    2 = FOG REDUCING VISIBILITY
HIGHEST:    88 ON 15    GRTST 24HR  1.07 ON 19-19      TO 1/4 MILE OR LESS
LOWEST:     37 ON  4                               3 = THUNDER
                        SNOW, ICE PELLETS, HAIL    4 = ICE PELLETS
                        TOTAL MONTH:    M          5 = HAIL
                        GRTST 24HR    M  ON   M    6 = FREEZING RAIN OR DRIZZLE
                        GRTST DEPTH:  M  ON   M    7 = DUSTSTORM OR SANDSTORM:
                                                       VSBY 1/2 MILE OR LESS
                                                   8 = SMOKE OR HAZE
[NO. OF DAYS WITH]      [WEATHER - DAYS WITH]      9 = BLOWING SNOW
                                                   X = TORNADO
MAX 32 OR BELOW:   0    0.01 INCH OR MORE:  11
MAX 90 OR ABOVE:   0    0.10 INCH OR MORE:   5
MIN 32 OR BELOW:   0    0.50 INCH OR MORE:   3
MIN  0 OR BELOW:   0    1.00 INCH OR MORE:   1

[HDD (BASE 65) ]
TOTAL THIS MO.    97    CLEAR  (SCALE 0-3)  15
DPTR FM NORMAL     8    PTCLDY (SCALE 4-7)   8
TOTAL FM JUL 1  4107    CLOUDY (SCALE 8-10)  3
DPTR FM NORMAL  -940

[CDD (BASE 65) ]
TOTAL THIS MO.    67
DPTR FM NORMAL     0    [PRESSURE DATA]
TOTAL FM JAN 1   101    HIGHEST SLP  0.00 ON M
DPTR FM NORMAL    16    LOWEST  SLP  0.00 ON M

[REMARKS]
