000
CXUS55 KRIW 290945
CF6JAC
PRELIMINARY LOCAL CLIMATOLOGICAL DATA (WS FORM: F-6)

                                          STATION:   JACKSON  WY
                                          MONTH:     MARCH
                                          YEAR:      2017
                                          LATITUDE:   43 35 N
                                          LONGITUDE: 110 44 W

  TEMPERATURE IN F:       :PCPN:    SNOW:  WIND      :SUNSHINE: SKY     :PK WND
================================================================================
1   2   3   4   5  6A  6B    7    8   9   10  11  12  13   14  15   16   17  18
                                     12Z  AVG MX 2MIN
DY MAX MIN AVG DEP HDD CDD  WTR  SNW DPTH SPD SPD DIR MIN PSBL S-S WX    SPD DR
================================================================================

 1  25  12  19  -3  46   0    M    M    M 14.7 23 160   M    M   9        22 200
 2  34  18  26   4  39   0 0.00  0.0    M 12.9 17 190   M    M   3         M  M
 3  39  14  27   4  38   0 0.00  0.0    M  8.1 14 200   M    M   3         M  M
 4  41  19  30   7  35   0 0.00  0.0    M  7.1 23 250   M    M   5        35 250
 5  41  25  33  10  32   0    M    M    M 10.5 33 180   M    M   8        32 180
 6  25  16  21  -3  44   0    M    M    M 17.4 29 180   M    M  10        32 200
 7  28  18  23  -1  42   0    M    M    M 20.0 28 230   M    M  10        36 200
 8  39  27  33   8  32   0    M    M    M 20.4 31 190   M    M  10        35 190
 9  39  34  37  12  28   0 0.05    M    M 18.4 30 200   M    M   9        38 200
10  41  34  38  13  27   0 0.08    M    M 11.9 23 160   M    M   9        18 230
11  41  19  30   4  35   0 0.00  0.0    M  5.7 17 180   M    M   2         M  M
12  41  28  35   9  30   0    M    M    M 11.5 23 280   M    M   5        30 230
13  45  25  35   9  30   0    M    M    M  5.7 12 360   M    M   6         M  M
14  52  36  44  17  21   0    M    M    M  5.8 13 210   M    M   7         M  M
15  52  25  39  12  26   0    M    M    M  6.5 13 210   M    M   1         M  M
16  46  37  42  14  23   0    M    M    M 14.4 27 230   M    M   7        41 230
17  48  34  41  13  24   0 0.00  0.0    M  7.7 17 180   M    M   6         M  M
18  54  27  41  13  24   0 0.00  0.0    M  8.0 24 190   M    M   2         M  M
19  46  36  41  13  24   0 0.14    M    M  9.9 21 170   M    M   8         M  M
20  45  34  40  11  25   0 0.03    M    M  5.6 15  10   M    M   7         M  M
21  52  32  42  13  23   0 0.00  0.0    M  2.3  7 250   M    M   5         M  M
22  46  34  40  10  25   0 0.09    M    M  5.0 12 360   M    M   8 3       M  M
23  45  27  36   6  29   0    M    M    M  5.8 13  10   M    M   5         M  M
24  48  21  35   5  30   0    M    M    M  7.7 18 240   M    M   2        23 170
25  41  27  34   4  31   0    M    M    M  6.1 14 270   M    M   7         M  M
26  45  25  35   4  30   0    M    M    M  8.1 18 200   M    M   5        27 180
27  43  30  37   6  28   0    M    M    M  7.0 12  10   M    M   8         M  M
28  45  25  35   4  30   0    M    M    M  7.1 15 220   M    M   3        22 220
================================================================================
SM 1187  739       851   0  0.39     0.0 271.3          M      170
================================================================================
AV 42.4 26.4                               9.7 FASTST   M    M   6    MAX(MPH)
                                 MISC ---->    33   M                 41    M
================================================================================
NOTES:
# LAST OF SEVERAL OCCURRENCES

COLUMN 17 PEAK WIND IN M.P.H.

PRELIMINARY LOCAL CLIMATOLOGICAL DATA (WS FORM: F-6) , PAGE 2

                                          STATION:  JACKSON  WY
                                          MONTH:    MARCH
                                          YEAR:     2017
                                          LATITUDE:   43 35 N
                                          LONGITUDE: 110 44 W

[TEMPERATURE DATA]      [PRECIPITATION DATA]       SYMBOLS USED IN COLUMN 16

AVERAGE MONTHLY: 34.4   TOTAL FOR MONTH:   0.39    1 = FOG OR MIST
DPTR FM NORMAL:   7.6   DPTR FM NORMAL:   -1.08    2 = FOG REDUCING VISIBILITY
HIGHEST:    54 ON 18    GRTST 24HR  0.14 ON 19-19      TO 1/4 MILE OR LESS
LOWEST:     12 ON  1                               3 = THUNDER
                        SNOW, ICE PELLETS, HAIL    4 = ICE PELLETS
                        TOTAL MONTH:   0.0 INCH    5 = HAIL
                        GRTST 24HR     0.0         6 = FREEZING RAIN OR DRIZZLE
                        GRTST DEPTH:  M  ON   M    7 = DUSTSTORM OR SANDSTORM:
                                                       VSBY 1/2 MILE OR LESS
                                                   8 = SMOKE OR HAZE
[NO. OF DAYS WITH]      [WEATHER - DAYS WITH]      9 = BLOWING SNOW
                                                   X = TORNADO
MAX 32 OR BELOW:   3    0.01 INCH OR MORE:   5
MAX 90 OR ABOVE:   0    0.10 INCH OR MORE:   1
MIN 32 OR BELOW:  20    0.50 INCH OR MORE:   0
MIN  0 OR BELOW:   0    1.00 INCH OR MORE:   0

[HDD (BASE 65) ]
TOTAL THIS MO.   851    CLEAR  (SCALE 0-3)   7
DPTR FM NORMAL  -217    PTCLDY (SCALE 4-7)  14
TOTAL FM JUL 1  7541    CLOUDY (SCALE 8-10)  7
DPTR FM NORMAL  -651

[CDD (BASE 65) ]
TOTAL THIS MO.     0
DPTR FM NORMAL     0    [PRESSURE DATA]
TOTAL FM JAN 1     0    HIGHEST SLP M ON M
DPTR FM NORMAL     0    LOWEST  SLP M ON M

[REMARKS]
