000
CXUS52 KJAX 260800
CF6JAX
PRELIMINARY LOCAL CLIMATOLOGICAL DATA (WS FORM: F-6)

                                          STATION:   JACKSONVILLE FL
                                          MONTH:     MAY
                                          YEAR:      2016
                                          LATITUDE:   30 30 N
                                          LONGITUDE:  81 42 W

  TEMPERATURE IN F:       :PCPN:    SNOW:  WIND      :SUNSHINE: SKY     :PK WND
================================================================================
1   2   3   4   5  6A  6B    7    8   9   10  11  12  13   14  15   16   17  18
                                     12Z  AVG MX 2MIN
DY MAX MIN AVG DEP HDD CDD  WTR  SNW DPTH SPD SPD DIR MIN PSBL S-S WX    SPD DR
================================================================================

 1  87  71  79   9   0  14 0.00  0.0    0  9.4 18 170   M    M   6        21 170
 2  89  70  80  10   0  15 0.00  0.0    0  7.0 15 130   M    M   6 3      21 200
 3  90  70  80   9   0  15 0.00  0.0    0  9.8 21 240   M    M   6        28 240
 4  79  62  71   0   0   6 0.00  0.0    0  6.9 13 330   M    M   7        16 320
 5  77  50  64  -7   1   0 0.00  0.0    0 12.0 25 290   M    M   1        39 260
 6  75  45  60 -12   5   0 0.00  0.0    0  5.5 15 280   M    M   2        18 340
 7  81  48  65  -7   0   0 0.00  0.0    0  5.5 17 300   M    M   1        23 290
 8  90  54  72   0   0   7 0.00  0.0    0  6.8 12 210   M    M   0        18 290
 9  89  57  73   1   0   8 0.00  0.0    0  7.3 17 170   M    M   3        21 180
10  85  67  76   3   0  11 0.00  0.0    0  7.1 15 110   M    M   7        19 120
11  89  63  76   3   0  11 0.00  0.0    0  4.5 15 100   M    M   7 1      21 100
12  90  67  79   6   0  14 0.00  0.0    0  6.3 16 110   M    M   4        20 100
13  91  66  79   6   0  14 0.14  0.0    0  6.5 24 260   M    M   5 3      38 260
14  89  61  75   1   0  10 0.00  0.0    0  7.7 21 260   M    M   2 1      27 260
15  85  56  71  -3   0   6 0.00  0.0    0  5.3 13 120   M    M   6        16 360
16  85  59  72  -2   0   7 0.00  0.0    0  7.2 20 110   M    M   6        24 110
17  88  70  79   5   0  14 0.80  0.0    0  8.2 21 170   M    M  10 13     24 170
18  87  70  79   4   0  14 0.00  0.0    0  6.9 17 110   M    M   8 13     20 100
19  88  69  79   4   0  14 0.72  0.0    0  4.9 28 280   M    M   7 13     35  20
20  82  67  75   0   0  10 0.60  0.0    0  4.1 21 240   M    M   9 123    25 250
21  87  68  78   3   0  13    T  0.0    0  7.2 17 280   M    M   7 12     22 300
22  84  62  73  -3   0   8 0.00  0.0    0  9.0 20 300   M    M   5        28 260
23  84  57  71  -5   0   6 0.00  0.0    0  2.7 14 100   M    M   3        17 140
24  85  60  73  -3   0   8 0.00  0.0    0  4.6 15  70   M    M   6 8      19 100
25  87  62  75  -1   0  10 0.00  0.0    0  5.1 16 100   M    M   3        20 100
================================================================================
SM 2143 1551         6 235  2.26     0.0 167.5          M      127
================================================================================
AV 85.7 62.0                               6.7 FASTST   M    M   5    MAX(MPH)
                                 MISC ---->  # 28 280                 39    M
================================================================================
NOTES:
# LAST OF SEVERAL OCCURRENCES

COLUMN 17 PEAK WIND IN M.P.H.

PRELIMINARY LOCAL CLIMATOLOGICAL DATA (WS FORM: F-6) , PAGE 2

                                          STATION:  JACKSONVILLE FL
                                          MONTH:    MAY
                                          YEAR:     2016
                                          LATITUDE:   30 30 N
                                          LONGITUDE:  81 42 W

[TEMPERATURE DATA]      [PRECIPITATION DATA]       SYMBOLS USED IN COLUMN 16

AVERAGE MONTHLY: 73.9   TOTAL FOR MONTH:   2.26    1 = FOG OR MIST
DPTR FM NORMAL:   0.6   DPTR FM NORMAL:    0.45    2 = FOG REDUCING VISIBILITY
HIGHEST:    91 ON 13    GRTST 24HR  1.29 ON 19-20      TO 1/4 MILE OR LESS
LOWEST:     45 ON  6                               3 = THUNDER
                        SNOW, ICE PELLETS, HAIL    4 = ICE PELLETS
                        TOTAL MONTH:   0.0 INCH    5 = HAIL
                        GRTST 24HR     0.0         6 = FREEZING RAIN OR DRIZZLE
                        GRTST DEPTH:   0           7 = DUSTSTORM OR SANDSTORM:
                                                       VSBY 1/2 MILE OR LESS
                                                   8 = SMOKE OR HAZE
[NO. OF DAYS WITH]      [WEATHER - DAYS WITH]      9 = BLOWING SNOW
                                                   X = TORNADO
MAX 32 OR BELOW:   0    0.01 INCH OR MORE:   4
MAX 90 OR ABOVE:   4    0.10 INCH OR MORE:   4
MIN 32 OR BELOW:   0    0.50 INCH OR MORE:   3
MIN  0 OR BELOW:   0    1.00 INCH OR MORE:   0

[HDD (BASE 65) ]
TOTAL THIS MO.     6    CLEAR  (SCALE 0-3)   6
DPTR FM NORMAL     3    PTCLDY (SCALE 4-7)  16
TOTAL FM JUL 1   949    CLOUDY (SCALE 8-10)  3
DPTR FM NORMAL  -398

[CDD (BASE 65) ]
TOTAL THIS MO.   235
DPTR FM NORMAL    20    [PRESSURE DATA]
TOTAL FM JAN 1   511    HIGHEST SLP M ON M
DPTR FM NORMAL   100    LOWEST  SLP 29.63 ON  4

[REMARKS]
