000
CXUS53 KLSX 251600
CF6JEF
PRELIMINARY LOCAL CLIMATOLOGICAL DATA (WS FORM: F-6)

                                          STATION:   JEFFERSON CITY
                                          MONTH:     SEPTEMBER
                                          YEAR:      2016
                                          LATITUDE:   38 35 N
                                          LONGITUDE:  92 10 W

  TEMPERATURE IN F:       :PCPN:    SNOW:  WIND      :SUNSHINE: SKY     :PK WND
================================================================================
1   2   3   4   5  6A  6B    7    8   9   10  11  12  13   14  15   16   17  18
                                     12Z  AVG MX 2MIN
DY MAX MIN AVG DEP HDD CDD  WTR  SNW DPTH SPD SPD DIR MIN PSBL S-S WX    SPD DR
================================================================================

 1  78  64  71  -2   0   6 0.00  0.0    0  6.8 14  70   M    M   2        21  40
 2  78  59  69  -4   0   4 0.00  0.0    0  5.6 13  50   M    M   1        19  50
 3  80  57  69  -3   0   4 0.00  0.0    0  3.7 12  90   M    M   3        17 100
 4  84  56  70  -2   0   5 0.00  0.0    0  4.9 14 130   M    M   0 1      18 130
 5  90  63  77   5   0  12 0.00  0.0    0  6.2 16 190   M    M   0 1      20 220
 6  92  74  83  11   0  18 0.00  0.0    0  6.6 16 230   M    M   1        21 220
 7  92  75  84  13   0  19 0.00  0.0    0  6.6 16 220   M    M   1        22 210
 8  81  70  76   5   0  11 2.25  0.0    0  5.1 15 180   M    M   6 138    23  40
 9  86  69  78   8   0  13 2.24  0.0    0  5.7 21 310   M    M   7 13     32 310
10  76  57  67  -3   0   2 1.31  0.0    0  6.5 21 330   M    M   3 138    32 300
11  77  54  66  -4   0   1 0.00  0.0    0  3.1 10 180   M    M   2        13 190
12  83  57  70   1   0   5 0.00  0.0    0  6.3 14 140   M    M   0        18 170
13  86  64  75   6   0  10 0.00  0.0    0  2.5  9 330   M    M   2        11 310
14  82  66  74   5   0   9 0.00  0.0    0  3.8 10 100   M    M   3 3      15  80
15  88  65  77   9   0  12 0.38  0.0    0  3.1 43 140   M    M   1 13     53 130
16  77  66  72   4   0   7 0.68  0.0    0  3.5 13 260   M    M   3 13     27 200
17  82  64  73   5   0   8 0.00  0.0    0  3.3  9 290   M    M   5 18     13 290
18  85  60  73   6   0   8 0.00  0.0    0  3.2 12 140   M    M   3        16 140
19  89  61  75   8   0  10 0.00  0.0    0  3.8 12 180   M    M   0        15 220
20  92  67  80  14   0  15 0.00  0.0    0  1.6  8 200   M    M   0        12 180
21  90  69  80  14   0  15 0.00  0.0    0  4.5 12 160   M    M   0 1      16 150
22  90  62  76  10   0  11 0.00  0.0    0  3.3 10 210   M    M   0 1      14 210
23  89  64  77  12   0  12 0.00  0.0    0  2.5  8 180   M    M   0 1      11 180
24  89  64  77  12   0  12 0.00  0.0    0  4.6 12 150   M    M   1 1      15 140
================================================================================
SM 2036 1527         0 229  6.86     0.0 106.8          M       44
================================================================================
AV 84.8 63.6                               4.5 FASTST   M    M   2    MAX(MPH)
                                 MISC ---->  # 43 140               # 53  130
================================================================================
NOTES:
# LAST OF SEVERAL OCCURRENCES

COLUMN 17 PEAK WIND IN M.P.H.

PRELIMINARY LOCAL CLIMATOLOGICAL DATA (WS FORM: F-6) , PAGE 2

                                          STATION:  JEFFERSON CITY
                                          MONTH:    SEPTEMBER
                                          YEAR:     2016
                                          LATITUDE:   38 35 N
                                          LONGITUDE:  92 10 W

[TEMPERATURE DATA]      [PRECIPITATION DATA]       SYMBOLS USED IN COLUMN 16

AVERAGE MONTHLY: 74.2   TOTAL FOR MONTH:   6.86    1 = FOG OR MIST
DPTR FM NORMAL:   5.1   DPTR FM NORMAL:    3.49    2 = FOG REDUCING VISIBILITY
HIGHEST:    92 ON 20, 7 GRTST 24HR  3.54 ON  9-10      TO 1/4 MILE OR LESS
LOWEST:     54 ON 11                               3 = THUNDER
                        SNOW, ICE PELLETS, HAIL    4 = ICE PELLETS
                        TOTAL MONTH:   0.0 INCH    5 = HAIL
                        GRTST 24HR     0.0         6 = FREEZING RAIN OR DRIZZLE
                        GRTST DEPTH:   0           7 = DUSTSTORM OR SANDSTORM:
                                                       VSBY 1/2 MILE OR LESS
                                                   8 = SMOKE OR HAZE
[NO. OF DAYS WITH]      [WEATHER - DAYS WITH]      9 = BLOWING SNOW
                                                   X = TORNADO
MAX 32 OR BELOW:   0    0.01 INCH OR MORE:   5
MAX 90 OR ABOVE:   6    0.10 INCH OR MORE:   5
MIN 32 OR BELOW:   0    0.50 INCH OR MORE:   4
MIN  0 OR BELOW:   0    1.00 INCH OR MORE:   3

[HDD (BASE 65) ]
TOTAL THIS MO.     0    CLEAR  (SCALE 0-3)  18
DPTR FM NORMAL   -23    PTCLDY (SCALE 4-7)   6
TOTAL FM JUL 1     0    CLOUDY (SCALE 8-10)  0
DPTR FM NORMAL   -25

[CDD (BASE 65) ]
TOTAL THIS MO.   229
DPTR FM NORMAL   105    [PRESSURE DATA]
TOTAL FM JAN 1  1572    HIGHEST SLP M ON M
DPTR FM NORMAL   263    LOWEST  SLP 29.81 ON 10

[REMARKS]
