000
CXUS55 KBOI 221002
CF6JER
PRELIMINARY LOCAL CLIMATOLOGICAL DATA (WS FORM: F-6)

                                          STATION:   JEROME ID
                                          MONTH:     NOVEMBER
                                          YEAR:      2014
                                          LATITUDE:   42 43 N
                                          LONGITUDE: 114 27 W

  TEMPERATURE IN F:       :PCPN:    SNOW:  WIND      :SUNSHINE: SKY     :PK WND
================================================================================
1   2   3   4   5  6A  6B    7    8   9   10  11  12  13   14  15   16   17  18
                                     12Z  AVG MX 2MIN
DY MAX MIN AVG DEP HDD CDD  WTR  SNW DPTH SPD SPD DIR MIN PSBL S-S WX    SPD DR
================================================================================

 1  58  37  48   5  17   0 0.08    M    M 12.6 35 170   M    M   6        44 180
 2  45  33  39  -3  26   0 0.05    M    M 19.9 30 240   M    M   5        38 240
 3  48  28  38  -4  27   0 0.00    M    M  6.5 17 260   M    M   1        21 240
 4  52  29  41  -1  24   0 0.00    M    M  6.1 14  40   M    M   5        16  40
 5  59  40  50   9  15   0 0.00    M    M  5.8 15  40   M    M   2        18  40
 6  65  37  51  10  14   0 0.00    M    M 13.8 26  40   M    M   0        30  40
 7  58  36  47   7  18   0 0.00    M    M 11.1 25 240   M    M   0        32 240
 8  58  31  45   5  20   0 0.00    M    M  5.9 13 100   M    M   0        16  90
 9  64  35  50  10  15   0 0.01    M    M  8.1 26 250   M    M   2        34 240
10  46  28  37  -2  28   0 0.00    M    M 18.8 28 240   M    M   1        35 240
11  30  13  22 -17  43   0 0.00    M    M 14.4 28  60   M    M   2        34  60
12  30   7  19 -19  46   0 0.00    M    M 18.7 29  50   M    M   0        35  60
13  22  16  19 -19  46   0 0.08    M    M 19.9 31  40   M    M   9 168    38  40
14  38  22  30  -7  35   0 0.17    M    M 11.6 25 240   M    M  10 126    31 230
15  23  11  17 -20  48   0 0.00    M    M  7.5 25 240   M    M   6        31 230
16  24   8  16 -20  49   0 0.00    M    M  3.8 13  30   M    M   1        16  30
17  27   9  18 -18  47   0 0.00    M    M  8.6 18  40   M    M   0        22  40
18  34  10  22 -13  43   0 0.00    M    M 11.0 21  50   M    M   0        25  40
19  37  15  26  -9  39   0 0.00    M    M  5.1 13  30   M    M   1 1      15  50
20  43  21  32  -2  33   0 0.00    M    M  3.7 12  50   M    M   3 1      13  50
21  46  24  35   1  30   0    T    M    M  5.7 15  30   M    M   2 1      18  70
================================================================================
SM  907  490       663   0  0.39    M    218.6          M       56
================================================================================
AV 43.2 23.3                              10.4 FASTST   M    M   3    MAX(MPH)
                                 MISC ---->  # 35 170               # 44  180
================================================================================
NOTES:
# LAST OF SEVERAL OCCURRENCES

COLUMN 17 PEAK WIND IN M.P.H.

PRELIMINARY LOCAL CLIMATOLOGICAL DATA (WS FORM: F-6) , PAGE 2

                                          STATION:  JEROME ID
                                          MONTH:    NOVEMBER
                                          YEAR:     2014
                                          LATITUDE:   42 43 N
                                          LONGITUDE: 114 27 W

[TEMPERATURE DATA]      [PRECIPITATION DATA]       SYMBOLS USED IN COLUMN 16

AVERAGE MONTHLY: 33.3   TOTAL FOR MONTH:   0.39    1 = FOG OR MIST
DPTR FM NORMAL:  -5.3   DPTR FM NORMAL:   -0.35    2 = FOG REDUCING VISIBILITY
HIGHEST:    65 ON  6    GRTST 24HR  0.23 ON 13-14      TO 1/4 MILE OR LESS
LOWEST:      7 ON 12                               3 = THUNDER
                        SNOW, ICE PELLETS, HAIL    4 = ICE PELLETS
                        TOTAL MONTH:    M          5 = HAIL
                        GRTST 24HR    M  ON   M    6 = FREEZING RAIN OR DRIZZLE
                        GRTST DEPTH:  M  ON   M    7 = DUSTSTORM OR SANDSTORM:
                                                       VSBY 1/2 MILE OR LESS
                                                   8 = SMOKE OR HAZE
[NO. OF DAYS WITH]      [WEATHER - DAYS WITH]      9 = BLOWING SNOW
                                                   X = TORNADO
MAX 32 OR BELOW:   6    0.01 INCH OR MORE:   5
MAX 90 OR ABOVE:   0    0.10 INCH OR MORE:   1
MIN 32 OR BELOW:  15    0.50 INCH OR MORE:   0
MIN  0 OR BELOW:   0    1.00 INCH OR MORE:   0

[HDD (BASE 65) ]
TOTAL THIS MO.   663    CLEAR  (SCALE 0-3)  14
DPTR FM NORMAL   109    PTCLDY (SCALE 4-7)   5
TOTAL FM JUL 1  1116    CLOUDY (SCALE 8-10)  2
DPTR FM NORMAL  -137

[CDD (BASE 65) ]
TOTAL THIS MO.     0
DPTR FM NORMAL     0    [PRESSURE DATA]
TOTAL FM JAN 1   652    HIGHEST SLP M ON M
DPTR FM NORMAL   142    LOWEST  SLP 29.48 ON  1

[REMARKS]
