000
CXUS53 KSGF 220800
CF6JLN
PRELIMINARY LOCAL CLIMATOLOGICAL DATA (WS FORM: F-6)

                                          STATION:   JOPLIN MO
                                          MONTH:     JANUARY
                                          YEAR:      2017
                                          LATITUDE:   37 10 N
                                          LONGITUDE:  94 30 W

  TEMPERATURE IN F:       :PCPN:    SNOW:  WIND      :SUNSHINE: SKY     :PK WND
================================================================================
1   2   3   4   5  6A  6B    7    8   9   10  11  12  13   14  15   16   17  18
                                     12Z  AVG MX 2MIN
DY MAX MIN AVG DEP HDD CDD  WTR  SNW DPTH SPD SPD DIR MIN PSBL S-S WX    SPD DR
================================================================================

 1  58  26  42   7  23   0 0.00    M    M  6.6 15 110   M    M   4        19 120
 2  60  46  53  18  12   0 0.02    M    M  6.0 14 120   M    M   9 12     19 140
 3  51  21  36   1  29   0 0.00    M    M 11.9 22 350   M    M   8 1      27 340
 4  31  12  22 -13  43   0 0.00    M    M  7.9 17 360   M    M   2        23 360
 5  25  12  19 -16  46   0 0.02    M    M 11.1 18 360   M    M   8 1       M  M
 6  18   5  12 -23  53   0 0.00    M    M  5.8 14 360   M    M   1        19 360
 7  34   4  19 -16  46   0 0.00    M    M  6.3 16 240   M    M   0        20 250
 8  41  13  27  -8  38   0 0.00    M    M 11.7 23 200   M    M   0        30 180
 9  53  30  42   8  23   0 0.00    M    M 19.8 32 190   M    M   1        43 190
10  67  42  55  21  10   0 0.00    M    M 18.2 43 210   M    M   1        55 190
11  74  43  59  25   6   0 0.00    M    M 17.4 40 220   M    M   1        53 190
12  48  26  37   3  28   0 0.00    M    M  8.8 17 330   M    M   7 18     27 340
13  32  28  30  -5  35   0 0.64    M    M  6.9 15  60   M    M  10 16     20  50
14  32  29  31  -4  34   0 0.79    M    M  2.8 12 350   M    M  10 136    13 350
15  47  32  40   5  25   0 0.74    M    M  1.5  3  70   M    M  10 12      3  70
16  63  41  52  17  13   0 0.26    M    M 13.8128 230   M    M   8 1       M 230
17  41  37  39   4  26   0 0.00    M    M  6.8 13 280   M    M  10 1      15 280
18  54  34  44   9  21   0    T    M    M  6.6 12 130   M    M  10 12     16 150
19  55  45  50  15  15   0 0.00    M    M  4.5 16 280   M    M   9 1      35 320
20  66  49  58  23   7   0    T    M    M 12.0 26 210   M    M   5 1      34 210
21  62  37  50  15  15   0 0.31    M    M  7.1 20 190   M    M   4 138    24 190
================================================================================
SM 1012  612       548   0  2.78    M    193.5          M      118
================================================================================
AV 48.2 29.1                               9.2 FASTST   M    M   6    MAX(MPH)
                                 MISC ---->  #128 230               # 55  190
================================================================================
NOTES:
# LAST OF SEVERAL OCCURRENCES

COLUMN 17 PEAK WIND IN M.P.H.

PRELIMINARY LOCAL CLIMATOLOGICAL DATA (WS FORM: F-6) , PAGE 2

                                          STATION:  JOPLIN MO
                                          MONTH:    JANUARY
                                          YEAR:     2017
                                          LATITUDE:   37 10 N
                                          LONGITUDE:  94 30 W

[TEMPERATURE DATA]      [PRECIPITATION DATA]       SYMBOLS USED IN COLUMN 16

AVERAGE MONTHLY: 38.7   TOTAL FOR MONTH:   2.78    1 = FOG OR MIST
DPTR FM NORMAL:   3.9   DPTR FM NORMAL:    1.39    2 = FOG REDUCING VISIBILITY
HIGHEST:    74 ON 11    GRTST 24HR  1.21 ON 14-15      TO 1/4 MILE OR LESS
LOWEST:      4 ON  7                               3 = THUNDER
                        SNOW, ICE PELLETS, HAIL    4 = ICE PELLETS
                        TOTAL MONTH:    M          5 = HAIL
                        GRTST 24HR    M  ON   M    6 = FREEZING RAIN OR DRIZZLE
                        GRTST DEPTH:  M  ON   M    7 = DUSTSTORM OR SANDSTORM:
                                                       VSBY 1/2 MILE OR LESS
                                                   8 = SMOKE OR HAZE
[NO. OF DAYS WITH]      [WEATHER - DAYS WITH]      9 = BLOWING SNOW
                                                   X = TORNADO
MAX 32 OR BELOW:   5    0.01 INCH OR MORE:   7
MAX 90 OR ABOVE:   0    0.10 INCH OR MORE:   5
MIN 32 OR BELOW:  12    0.50 INCH OR MORE:   3
MIN  0 OR BELOW:   0    1.00 INCH OR MORE:   0

[HDD (BASE 65) ]
TOTAL THIS MO.   548    CLEAR  (SCALE 0-3)   7
DPTR FM NORMAL   -82    PTCLDY (SCALE 4-7)   6
TOTAL FM JUL 1  1880    CLOUDY (SCALE 8-10)  8
DPTR FM NORMAL  -367

[CDD (BASE 65) ]
TOTAL THIS MO.     0
DPTR FM NORMAL     0    [PRESSURE DATA]
TOTAL FM JAN 1     0    HIGHEST SLP M ON M
DPTR FM NORMAL     0    LOWEST  SLP 29.42 ON 21

[REMARKS]
