000
CXUS53 KBIS 221434
CF6JMS
PRELIMINARY LOCAL CLIMATOLOGICAL DATA (WS FORM: F-6)

                                          STATION:   JAMESTOWN ND
                                          MONTH:     FEBRUARY
                                          YEAR:      2018
                                          LATITUDE:   46 55 N
                                          LONGITUDE:  98 40 W

  TEMPERATURE IN F:       :PCPN:    SNOW:  WIND      :SUNSHINE: SKY     :PK WND
================================================================================
1   2   3   4   5  6A  6B    7    8   9   10  11  12  13   14  15   16   17  18
                                     12Z  AVG MX 2MIN
DY MAX MIN AVG DEP HDD CDD  WTR  SNW DPTH SPD SPD DIR MIN PSBL S-S WX    SPD DR
================================================================================

 1   4  -8  -2 -13  67   0 0.00    M    M 11.1 23 330   M    M   1        28 340
 2  22  -9   7  -4  58   0    T    M    M  6.7 16 350   M    M   7        19 340
 3  12  -9   2 -10  63   0    T    M    M 17.6 26  10   M    M   8 189    31  20
 4   3 -14  -5 -17  70   0 0.00    M    M 16.1 23 280   M    M   0        29 270
 5   4  -8  -2 -14  67   0    T    M    M 12.5 25 330   M    M   2        30 320
 6  11 -20  -4 -16  69   0    T    M    M  9.9 25 320   M    M   5 189    30 330
 7  11 -11   0 -12  65   0 0.00    M    M  8.5 18 310   M    M   2        22 310
 8   2 -12  -5 -18  70   0    T    M    M  7.2 14 340   M    M   3        16 340
 9   5 -12  -3 -16  68   0 0.00    M    M 11.1 20 270   M    M   0        25 260
10  10  -8   1 -12  64   0 0.00    M    M 12.0 20 230   M    M   0        24 270
11  14  -6   4 -10  61   0    T    M    M 14.2 21 340   M    M   2        26 300
12   6 -17  -5 -19  70   0    T    M    M  6.9 17 150   M    M   5 18     20 150
13  28   6  17   3  48   0 0.00    M    M 16.9 24 220   M    M   4        31 220
14  42  16  29  14  36   0 0.00    M    M 11.1 18 260   M    M   1        24 250
15  33   0  17   2  48   0    T    M    M 19.5 29 340   M    M   8 1      34 360
16  29   0  15   0  50   0 0.00    M    M 14.5 24 230   M    M   2        31 230
17  25   8  17   1  48   0 0.00    M    M 11.1 24 310   M    M   1        30 320
18  15   8  12  -4  53   0    T    M    M 19.1 32  20   M    M   9 189    37  20
19   8   2   5 -11  60   0    T    M    M 17.2 22  10   M    M   7 1      26  10
20  11   1   6 -11  59   0    T    M    M 14.3 21 300   M    M   6 18     26 290
21  16  -5   6 -11  59   0 0.00    M    M   M  15 270   M    M   M        19 250
================================================================================
SM  311  -98      1253   0    T     M    257.5          M       73
================================================================================
AV 14.8 -4.7                              12.9 FASTST   M    M   4    MAX(MPH)
                                 MISC ---->  # 32  20               # 37   20
================================================================================
NOTES:
# LAST OF SEVERAL OCCURRENCES

COLUMN 17 PEAK WIND IN M.P.H.

PRELIMINARY LOCAL CLIMATOLOGICAL DATA (WS FORM: F-6) , PAGE 2

                                          STATION:  JAMESTOWN ND
                                          MONTH:    FEBRUARY
                                          YEAR:     2018
                                          LATITUDE:   46 55 N
                                          LONGITUDE:  98 40 W

[TEMPERATURE DATA]      [PRECIPITATION DATA]       SYMBOLS USED IN COLUMN 16

AVERAGE MONTHLY:  5.1   TOTAL FOR MONTH:      T    1 = FOG OR MIST
DPTR FM NORMAL:  -8.7   DPTR FM NORMAL:   -0.26    2 = FOG REDUCING VISIBILITY
HIGHEST:    42 ON 14    GRTST 24HR    T  ON 20-20      TO 1/4 MILE OR LESS
LOWEST:    -20 ON  6                               3 = THUNDER
                        SNOW, ICE PELLETS, HAIL    4 = ICE PELLETS
                        TOTAL MONTH:    M          5 = HAIL
                        GRTST 24HR    M  ON   M    6 = FREEZING RAIN OR DRIZZLE
                        GRTST DEPTH:  M  ON   M    7 = DUSTSTORM OR SANDSTORM:
                                                       VSBY 1/2 MILE OR LESS
                                                   8 = SMOKE OR HAZE
[NO. OF DAYS WITH]      [WEATHER - DAYS WITH]      9 = BLOWING SNOW
                                                   X = TORNADO
MAX 32 OR BELOW:  19    0.01 INCH OR MORE:   0
MAX 90 OR ABOVE:   0    0.10 INCH OR MORE:   0
MIN 32 OR BELOW:  21    0.50 INCH OR MORE:   0
MIN  0 OR BELOW:  15    1.00 INCH OR MORE:   0

[HDD (BASE 65) ]
TOTAL THIS MO.  1253    CLEAR  (SCALE 0-3)  11
DPTR FM NORMAL   179    PTCLDY (SCALE 4-7)   7
TOTAL FM JUL 1  6369    CLOUDY (SCALE 8-10)  2
DPTR FM NORMAL   -67

[CDD (BASE 65) ]
TOTAL THIS MO.     0
DPTR FM NORMAL     0    [PRESSURE DATA]
TOTAL FM JAN 1     0    HIGHEST SLP  0.00 ON 21
DPTR FM NORMAL     0    LOWEST  SLP 29.63 ON 14

[REMARKS]
