000
CXUS52 TJSJ 220516
CF6JSJ
PRELIMINARY LOCAL CLIMATOLOGICAL DATA (WS FORM: F-6)

                                          STATION:   SAN JUAN AREA/PR
                                          MONTH:     FEBRUARY
                                          YEAR:      2017
                                          LATITUDE:   18 25 N
                                          LONGITUDE:  66  0 W

  TEMPERATURE IN F:       :PCPN:    SNOW:  WIND      :SUNSHINE: SKY     :PK WND
================================================================================
1   2   3   4   5  6A  6B    7    8   9   10  11  12  13   14  15   16   17  18
                                     12Z  AVG MX 2MIN
DY MAX MIN AVG DEP HDD CDD  WTR  SNW DPTH SPD SPD DIR MIN PSBL S-S WX    SPD DR
================================================================================

 1  86  75  81   3   0  16 0.01  0.0    0 10.3 22  60   M    M   2 1      27  90
 2  86  74  80   2   0  15 0.13  0.0    0  7.9 24  70   M    M   3        31  80
 3  85  75  80   2   0  15    T  0.0    0  9.4 21  70   M    M   4        26  80
 4  86  75  81   3   0  16 0.02  0.0    0  8.4 21  80   M    M   5        25  70
 5  85  76  81   3   0  16    T  0.0    0 11.8 23  70   M    M   4        27  70
 6  85  74  80   2   0  15 0.36  0.0    0  7.0 24  80   M    M   5 1      29  70
 7  87  74  81   3   0  16 0.05  0.0    0 11.9 25  90   M    M   3        30  90
 8  89  75  82   4   0  17    T  0.0    0  7.7 18  80   M    M   3        23 160
 9  88  75  82   4   0  17 0.00  0.0    0  6.1 20  70   M    M   2 8      27  90
10  85  75  80   2   0  15    T  0.0    0  4.7 24  70   M    M   3        29  60
11  85  74  80   2   0  15    T  0.0    0  8.1 21  60   M    M   4        26  60
12  85  73  79   1   0  14    T  0.0    0  6.7 16  60   M    M   4        22  40
13  84  74  79   1   0  14 0.00  0.0    0  5.5 14  20   M    M   4        20 350
14  84  73  79   1   0  14 0.00  0.0    0  5.4 14  60   M    M   3        21  10
15  85  72  79   1   0  14 0.00  0.0    0  5.4 18  60   M    M   2        23  60
16  90  72  81   3   0  16 0.00  0.0    0  3.8 14  80   M    M   3        17  80
17  87  73  80   2   0  15 0.00  0.0    0  4.6 14  50   M    M   2        20 360
18  85  72  79   1   0  14 0.00  0.0    0  5.1 14  50   M    M   3        19  20
19  81  74  78   0   0  13 0.40  0.0    0  3.5 20  80   M    M   7 1      23  80
20  88  72  80   2   0  15 0.00  0.0    0  6.1 16 300   M    M   4        20 300
21  83  73  78   0   0  13 0.13  0.0    0 11.3 23 310   M    M   5        30 310
================================================================================
SM 1799 1550         0 315  1.10     0.0 150.7          M       75
================================================================================
AV 85.7 73.8                               7.2 FASTST   M    M   4    MAX(MPH)
                                 MISC ---->  # 25  90               # 31   80
================================================================================
NOTES:
# LAST OF SEVERAL OCCURRENCES

COLUMN 17 PEAK WIND IN M.P.H.

PRELIMINARY LOCAL CLIMATOLOGICAL DATA (WS FORM: F-6) , PAGE 2

                                          STATION:  SAN JUAN AREA/PR
                                          MONTH:    FEBRUARY
                                          YEAR:     2017
                                          LATITUDE:   18 25 N
                                          LONGITUDE:  66  0 W

[TEMPERATURE DATA]      [PRECIPITATION DATA]       SYMBOLS USED IN COLUMN 16

AVERAGE MONTHLY: 79.7   TOTAL FOR MONTH:   1.10    1 = FOG OR MIST
DPTR FM NORMAL:   1.7   DPTR FM NORMAL:   -0.76    2 = FOG REDUCING VISIBILITY
HIGHEST:    90 ON 16    GRTST 24HR  0.40 ON 19-19      TO 1/4 MILE OR LESS
LOWEST:     72 ON 20,18                            3 = THUNDER
                        SNOW, ICE PELLETS, HAIL    4 = ICE PELLETS
                        TOTAL MONTH:   0.0 INCH    5 = HAIL
                        GRTST 24HR     0.0         6 = FREEZING RAIN OR DRIZZLE
                        GRTST DEPTH:   0           7 = DUSTSTORM OR SANDSTORM:
                                                       VSBY 1/2 MILE OR LESS
                                                   8 = SMOKE OR HAZE
[NO. OF DAYS WITH]      [WEATHER - DAYS WITH]      9 = BLOWING SNOW
                                                   X = TORNADO
MAX 32 OR BELOW:   0    0.01 INCH OR MORE:   7
MAX 90 OR ABOVE:   1    0.10 INCH OR MORE:   4
MIN 32 OR BELOW:   0    0.50 INCH OR MORE:   0
MIN  0 OR BELOW:   0    1.00 INCH OR MORE:   0

[HDD (BASE 65) ]
TOTAL THIS MO.     0    CLEAR  (SCALE 0-3)  11
DPTR FM NORMAL     0    PTCLDY (SCALE 4-7)  10
TOTAL FM JUL 1     0    CLOUDY (SCALE 8-10)  0
DPTR FM NORMAL     0

[CDD (BASE 65) ]
TOTAL THIS MO.   315
DPTR FM NORMAL    42    [PRESSURE DATA]
TOTAL FM JAN 1   748    HIGHEST SLP M ON M
DPTR FM NORMAL    84    LOWEST  SLP 29.84 ON 21

[REMARKS]
