887
CXUS55 KCTP 221131
CF6JST
PRELIMINARY LOCAL CLIMATOLOGICAL DATA (WS FORM: F-6)

                                          STATION:   JOHNSTOWN
                                          MONTH:     MAY
                                          YEAR:      2015
                                          LATITUDE:   40 18 N
                                          LONGITUDE:  78 50 W

  TEMPERATURE IN F:       :PCPN:    SNOW:  WIND      :SUNSHINE: SKY     :PK WND
================================================================================
1   2   3   4   5  6A  6B    7    8   9   10  11  12  13   14  15   16   17  18
                                     12Z  AVG MX 2MIN
DY MAX MIN AVG DEP HDD CDD  WTR  SNW DPTH SPD SPD DIR MIN PSBL S-S WX    SPD DR
================================================================================

 1  64  46  55   2  10   0 0.06    M    M  8.0 18 310   M    M   8 12     24 330
 2  68  45  57   4   8   0 0.00    M    M  7.2 17 300   M    M   2        23 280
 3  71  49  60   7   5   0 0.00    M    M  6.5 20 280   M    M   2        26 270
 4  77  55  66  12   0   1 0.00    M    M  9.2 21 310   M    M   2        28 250
 5  71  59  65  11   0   0 0.33    M    M  4.4 16 260   M    M   6 1      21 260
 6  78  54  66  12   0   1 0.15    M    M  5.3 20  50   M    M   4 1238   27  30
 7  78  53  66  12   0   1 0.00    M    M  5.0 10 160   M    M   1 12     13  90
 8  81  60  71  16   0   6 0.00    M    M  6.5 13 150   M    M   1        17 150
 9  79  59  69  14   0   4 0.00    M    M  9.1 16 150   M    M   0        23 150
10  81  62  72  17   0   7 0.00    M    M  9.1 15 160   M    M   1        22 130
11  82  64  73  17   0   8 0.08    M    M  6.8 25 270   M    M   2 3      35 250
12  71  51  61   5   4   0 0.08    M    M 16.6 31 250   M    M   6 1      42 260
13  51  43  47  -9  18   0    T    M    M 13.4 28 300   M    M  10        35 290
14  64  36  50  -6  15   0 0.00  0.0    M  5.6 13 160   M    M   0 1      18 170
15  75  50  63   6   2   0    T  0.0    M  8.2 16 260   M    M   4        21 270
16  75  62  69  12   0   4 0.40  0.0    M  8.3 16 280   M    M   5 13     22 290
17  77  63  70  13   0   5 0.42  0.0    M  6.2 13 200   M    M   7 12     16 280
18  79  63  71  14   0   6 0.13  0.0    M  8.0 20 320   M    M   7 1      25 320
19  74  48  61   3   4   0 0.01    M    M 12.2 23 290   M    M   6 1      33 300
20  53  44  49  -9  16   0 0.00    M    M  9.0 20 300   M    M   7        25 290
21  49  43  46 -12  19   0 0.32    M    M  5.9 14 320   M    M  10 1      17 180
================================================================================
SM 1498 1109       101  43  1.98     0.0 170.5          M       91
================================================================================
AV 71.3 52.8                               8.1 FASTST   M    M   4    MAX(MPH)
                                 MISC ---->  # 31 250               # 42  260
================================================================================
NOTES:
# LAST OF SEVERAL OCCURRENCES

COLUMN 17 PEAK WIND IN M.P.H.

PRELIMINARY LOCAL CLIMATOLOGICAL DATA (WS FORM: F-6) , PAGE 2

                                          STATION:  JOHNSTOWN
                                          MONTH:    MAY
                                          YEAR:     2015
                                          LATITUDE:   40 18 N
                                          LONGITUDE:  78 50 W

[TEMPERATURE DATA]      [PRECIPITATION DATA]       SYMBOLS USED IN COLUMN 16

AVERAGE MONTHLY: 62.1   TOTAL FOR MONTH:   1.98    1 = FOG OR MIST
DPTR FM NORMAL:   6.5   DPTR FM NORMAL:   -0.92    2 = FOG REDUCING VISIBILITY
HIGHEST:    82 ON 11    GRTST 24HR  1.15 ON 30- 1      TO 1/4 MILE OR LESS
LOWEST:     36 ON 14                               3 = THUNDER
                        SNOW, ICE PELLETS, HAIL    4 = ICE PELLETS
                        TOTAL MONTH:   0.0 INCH    5 = HAIL
                        GRTST 24HR     0.0         6 = FREEZING RAIN OR DRIZZLE
                        GRTST DEPTH:  M  ON   M    7 = DUSTSTORM OR SANDSTORM:
                                                       VSBY 1/2 MILE OR LESS
                                                   8 = SMOKE OR HAZE
[NO. OF DAYS WITH]      [WEATHER - DAYS WITH]      9 = BLOWING SNOW
                                                   X = TORNADO
MAX 32 OR BELOW:   0    0.01 INCH OR MORE:  10
MAX 90 OR ABOVE:   0    0.10 INCH OR MORE:   6
MIN 32 OR BELOW:   0    0.50 INCH OR MORE:   0
MIN  0 OR BELOW:   0    1.00 INCH OR MORE:   0

[HDD (BASE 65) ]
TOTAL THIS MO.   101    CLEAR  (SCALE 0-3)   9
DPTR FM NORMAL  -110    PTCLDY (SCALE 4-7)  10
TOTAL FM JUL 1  6746    CLOUDY (SCALE 8-10)  2
DPTR FM NORMAL   204

[CDD (BASE 65) ]
TOTAL THIS MO.    43
DPTR FM NORMAL    35    [PRESSURE DATA]
TOTAL FM JAN 1    43    HIGHEST SLP M ON M
DPTR FM NORMAL    30    LOWEST  SLP 29.77 ON M

[REMARKS]
