000
CXHW53 PHFO 221250
CF6KOA
PRELIMINARY LOCAL CLIMATOLOGICAL DATA (WS FORM: F-6)

                                          STATION:   KONA HI
                                          MONTH:     OCTOBER
                                          YEAR:      2014
                                          LATITUDE:   19 38 N
                                          LONGITUDE: 156  0 W

  TEMPERATURE IN F:       :PCPN:    SNOW:  WIND      :SUNSHINE: SKY     :PK WND
================================================================================
1   2   3   4   5  6A  6B    7    8   9   10  11  12  13   14  15   16   17  18
                                     12Z  AVG MX 2MIN
DY MAX MIN AVG DEP HDD CDD  WTR  SNW DPTH SPD SPD DIR MIN PSBL S-S WX    SPD DR
================================================================================

 1  88  77  83   3   0  18 0.00  0.0    0  7.9 16 230   M    M   2        18 230
 2  86  76  81   1   0  16 0.00  0.0    0  6.0 10 260   M    M   2        13 260
 3  88  73  81   1   0  16 0.00  0.0    0  7.8 16 210   M    M   2        20 190
 4  87  76  82   2   0  17 0.00  0.0    0  6.9 13 280   M    M   4        15 280
 5  88  77  83   3   0  18 0.00  0.0    0  5.8 15 320   M    M   3        17 290
 6  86  75  81   1   0  16 0.24  0.0    0  5.4 10 260   M    M   4 1      14 260
 7  87  76  82   2   0  17 0.00  0.0    0  5.5 12 260   M    M   2        14 240
 8  88  76  82   2   0  17    T  0.0    0  7.1 13 190   M    M   4        16 210
 9  89  76  83   3   0  18 0.00  0.0    0 10.0 21 160   M    M   3        26 160
10  88  75  82   2   0  17 0.00  0.0    0  7.2 26  70   M    M   3        33  50
11  88  75  82   2   0  17    T  0.0    0  7.9 21  50   M    M   2        26  60
12  88  74  81   1   0  16 0.00  0.0    0  5.9 15 190   M    M   1        17 180
13  88  74  81   1   0  16    T  0.0    0  7.6 21  20   M    M   3 3      28  20
14  88  71  80   0   0  15 0.00  0.0    0  8.3 21 190   M    M   3        24 170
15  89  77  83   3   0  18 0.00  0.0    0  5.5 16 210   M    M   5        18 210
16  88  76  82   2   0  17 0.00  0.0    0  6.4 13 200   M    M   5        17 210
17  87  77  82   2   0  17 0.07  0.0    0  7.9 16 190   M    M   3 1      21 190
18  80  75  78  -2   0  13 0.92  0.0    0  8.5 20  10   M    M   7 1      22 360
19  86  77  82   2   0  17 0.00  0.0    0  7.5 15  40   M    M   5        17  40
20  87  77  82   2   0  17 0.00  0.0    0  3.8 12 260   M    M   7        14 240
21  87  75  81   1   0  16 0.00  0.0    0  5.6 12 270   M    M   4        14 270
================================================================================
SM 1831 1585         0 349  1.23     0.0 144.5          M       74
================================================================================
AV 87.2 75.5                               6.9 FASTST   M    M   4    MAX(MPH)
                                 MISC ---->  # 26  70               # 33   50
================================================================================
NOTES:
# LAST OF SEVERAL OCCURRENCES

COLUMN 17 PEAK WIND IN M.P.H.

PRELIMINARY LOCAL CLIMATOLOGICAL DATA (WS FORM: F-6) , PAGE 2

                                          STATION:  KONA HI
                                          MONTH:    OCTOBER
                                          YEAR:     2014
                                          LATITUDE:   19 38 N
                                          LONGITUDE: 156  0 W

[TEMPERATURE DATA]      [PRECIPITATION DATA]       SYMBOLS USED IN COLUMN 16

AVERAGE MONTHLY: 81.3   TOTAL FOR MONTH:   1.23    1 = FOG OR MIST
DPTR FM NORMAL:   1.3   DPTR FM NORMAL:    0.35    2 = FOG REDUCING VISIBILITY
HIGHEST:    89 ON 15, 9 GRTST 24HR  0.99 ON 17-18      TO 1/4 MILE OR LESS
LOWEST:     71 ON 14                               3 = THUNDER
                        SNOW, ICE PELLETS, HAIL    4 = ICE PELLETS
                        TOTAL MONTH:   0.0 INCH    5 = HAIL
                        GRTST 24HR     0.0         6 = FREEZING RAIN OR DRIZZLE
                        GRTST DEPTH:   0           7 = DUSTSTORM OR SANDSTORM:
                                                       VSBY 1/2 MILE OR LESS
                                                   8 = SMOKE OR HAZE
[NO. OF DAYS WITH]      [WEATHER - DAYS WITH]      9 = BLOWING SNOW
                                                   X = TORNADO
MAX 32 OR BELOW:   0    0.01 INCH OR MORE:   3
MAX 90 OR ABOVE:   0    0.10 INCH OR MORE:   2
MIN 32 OR BELOW:   0    0.50 INCH OR MORE:   1
MIN  0 OR BELOW:   0    1.00 INCH OR MORE:   0

[HDD (BASE 65) ]
TOTAL THIS MO.     0    CLEAR  (SCALE 0-3)  10
DPTR FM NORMAL     0    PTCLDY (SCALE 4-7)  11
TOTAL FM JUL 1     0    CLOUDY (SCALE 8-10)  0
DPTR FM NORMAL     0

[CDD (BASE 65) ]
TOTAL THIS MO.   349
DPTR FM NORMAL    34    [PRESSURE DATA]
TOTAL FM JAN 1  4153    HIGHEST SLP M ON M
DPTR FM NORMAL   312    LOWEST  SLP 29.87 ON M

[REMARKS]
