000
CXUS55 KLOX 191655
CF6LAX
PRELIMINARY LOCAL CLIMATOLOGICAL DATA (WS FORM: F-6)

                                          STATION:   LOS ANGELES INTL AIRPORT CA
                                          MONTH:     JANUARY
                                          YEAR:      2018
                                          LATITUDE:   33 55 N
                                          LONGITUDE: 118 24 W

  TEMPERATURE IN F:       :PCPN:    SNOW:  WIND      :SUNSHINE: SKY     :PK WND
================================================================================
1   2   3   4   5  6A  6B    7    8   9   10  11  12  13   14  15   16   17  18
                                     12Z  AVG MX 2MIN
DY MAX MIN AVG DEP HDD CDD  WTR  SNW DPTH SPD SPD DIR MIN PSBL S-S WX    SPD DR
================================================================================

 1  67  48  58   2   7   0 0.00  0.0    0  4.0 15 270   M    M   7 18     19 280
 2  76  54  65   9   0   0 0.00  0.0    0  5.3 15 270   M    M   8 18     18 270
 3  76  54  65   9   0   0 0.00  0.0    0  5.0 16 250   M    M   7 128    19 240
 4  74  55  65   9   0   0 0.00  0.0    0  6.2 14 270   M    M   6 18     18 290
 5  69  56  63   7   2   0 0.00  0.0    0  5.8 15 260   M    M   7 12     18 270
 6  64  57  61   5   4   0    T  0.0    0  5.8 14 260   M    M   9 128    18 300
 7  69  57  63   7   2   0 0.00  0.0    0  5.1 12 250   M    M   8 18     12 250
 8  67  60  64   7   1   0 0.28  0.0    0  5.1 15  80   M    M  10 1      22  90
 9  63  53  58   1   7   0 1.12  0.0    0 10.9 33 260   M    M   8 18     40 260
10  64  50  57   0   8   0 0.00  0.0    0  6.1 13 260   M    M   4 1      16 130
11  67  50  59   2   6   0 0.00  0.0    0  4.4 15 270   M    M   2 1      19 270
12  67  52  60   3   5   0 0.00  0.0    0  3.2 10 250   M    M   6 128    13 280
13  86  57  72  15   0   7 0.00  0.0    0  3.4 10  30   M    M   5        14 310
14  83  58  71  14   0   6 0.00  0.0    0  4.7 14 250   M    M   6        17 240
15  64  52  58   1   7   0 0.00  0.0    0  6.1 17 260   M    M   6 18     19 260
16  68  54  61   4   4   0 0.00  0.0    0  4.0 13 270   M    M   8 128    15 270
17  74  54  64   7   1   0 0.00  0.0    0  4.2 13 260   M    M   5 18     15 280
18  72  54  63   6   2   0 0.00  0.0    0  4.3 13 270   M    M   4 8      16 240
================================================================================
SM 1270  975        56  13  1.40     0.0  93.6          M      116
================================================================================
AV 70.6 54.2                               5.2 FASTST   M    M   6    MAX(MPH)
                                 MISC ---->    33   M                 40    M
================================================================================
NOTES:
# LAST OF SEVERAL OCCURRENCES

COLUMN 17 PEAK WIND IN M.P.H.

PRELIMINARY LOCAL CLIMATOLOGICAL DATA (WS FORM: F-6) , PAGE 2

                                          STATION:  LOS ANGELES INTL AIRPORT CA
                                          MONTH:    JANUARY
                                          YEAR:     2018
                                          LATITUDE:   33 55 N
                                          LONGITUDE: 118 24 W

[TEMPERATURE DATA]      [PRECIPITATION DATA]       SYMBOLS USED IN COLUMN 16

AVERAGE MONTHLY: 62.4   TOTAL FOR MONTH:   1.40    1 = FOG OR MIST
DPTR FM NORMAL:   5.8   DPTR FM NORMAL:   -0.21    2 = FOG REDUCING VISIBILITY
HIGHEST:    86 ON 13    GRTST 24HR  1.12 ON  9- 9      TO 1/4 MILE OR LESS
LOWEST:     48 ON  1                               3 = THUNDER
                        SNOW, ICE PELLETS, HAIL    4 = ICE PELLETS
                        TOTAL MONTH:   0.0 INCH    5 = HAIL
                        GRTST 24HR     0.0         6 = FREEZING RAIN OR DRIZZLE
                        GRTST DEPTH:   0           7 = DUSTSTORM OR SANDSTORM:
                                                       VSBY 1/2 MILE OR LESS
                                                   8 = SMOKE OR HAZE
[NO. OF DAYS WITH]      [WEATHER - DAYS WITH]      9 = BLOWING SNOW
                                                   X = TORNADO
MAX 32 OR BELOW:   0    0.01 INCH OR MORE:   2
MAX 90 OR ABOVE:   0    0.10 INCH OR MORE:   2
MIN 32 OR BELOW:   0    0.50 INCH OR MORE:   1
MIN  0 OR BELOW:   0    1.00 INCH OR MORE:   1

[HDD (BASE 65) ]
TOTAL THIS MO.    56    CLEAR  (SCALE 0-3)   1
DPTR FM NORMAL   -99    PTCLDY (SCALE 4-7)  14
TOTAL FM JUL 1   206    CLOUDY (SCALE 8-10)  3
DPTR FM NORMAL  -391

[CDD (BASE 65) ]
TOTAL THIS MO.    13
DPTR FM NORMAL    13    [PRESSURE DATA]
TOTAL FM JAN 1    13    HIGHEST SLP M ON M
DPTR FM NORMAL    13    LOWEST  SLP 29.55 ON  9

[REMARKS]
