000
CXUS55 KLOX 301655
CF6LAX
PRELIMINARY LOCAL CLIMATOLOGICAL DATA (WS FORM: F-6)

                                          STATION:   LOS ANGELES INTL AIRPORT CA
                                          MONTH:     JULY
                                          YEAR:      2015
                                          LATITUDE:   33 55 N
                                          LONGITUDE: 118 24 W

  TEMPERATURE IN F:       :PCPN:    SNOW:  WIND      :SUNSHINE: SKY     :PK WND
================================================================================
1   2   3   4   5  6A  6B    7    8   9   10  11  12  13   14  15   16   17  18
                                     12Z  AVG MX 2MIN
DY MAX MIN AVG DEP HDD CDD  WTR  SNW DPTH SPD SPD DIR MIN PSBL S-S WX    SPD DR
================================================================================

 1  76  66  71   3   0   6    T  0.0    0  7.0 15 270   M    M   7        20 280
 2  75  63  69   1   0   4    T  0.0    0  9.6 20 240   M    M   6        24 230
 3  71  62  67  -1   0   2 0.00  0.0    0  9.4 21 260   M    M   8        23 260
 4  72  62  67  -1   0   2 0.00  0.0    0  7.2 16 260   M    M   8 18     22 260
 5  70  63  67  -1   0   2 0.00  0.0    0  7.8 16 260   M    M  10        20 270
 6  70  63  67  -1   0   2 0.00  0.0    0  6.8 15 270   M    M  10        22 230
 7  72  64  68   0   0   3 0.00  0.0    0  6.9 18 270   M    M   7 18     22 260
 8  71  65  68   0   0   3 0.00  0.0    0  8.2 18 270   M    M   8        24 280
 9  73  63  68   0   0   3 0.00  0.0    0 10.1 21 280   M    M   5        25 280
10  71  62  67  -1   0   2 0.00  0.0    0 10.0 18 250   M    M   4        22 260
11  73  62  68  -1   0   3 0.00  0.0    0  8.1 17 260   M    M   3        23 240
12  74  64  69   0   0   4 0.00  0.0    0  8.5 18 260   M    M   3        23 270
13  75  65  70   1   0   5 0.00  0.0    0  9.2 23 270   M    M   2        26 270
14  75  64  70   1   0   5 0.00  0.0    0  6.1 14 260   M    M   3        18 250
15  75  64  70   1   0   5 0.00  0.0    0  7.9 16 270   M    M   4        21 230
16  74  64  69   0   0   4 0.00  0.0    0  8.2 18 250   M    M   5        24 260
17  73  64  69   0   0   4 0.00  0.0    0  8.5 15 260   M    M   4        22 240
18  85  64  75   6   0  10 0.32  0.0    0  4.4 15 220   M    M   7 138     M  M
19  86  72  79  10   0  14 0.03  0.0    0  8.1 16 210   M    M   6        26  20
20  84  63  74   5   0   9 0.00  0.0    0  7.7 17 270   M    M   8 128    24 220
21  77  68  73   4   0   8 0.00  0.0    0  8.4 17 270   M    M   8 1      22 270
22  77  67  72   3   0   7    T  0.0    0 10.1 20 250   M    M   7 1      23 270
23  77  68  73   4   0   8 0.00  0.0    0  7.7 18 270   M    M   6        23 280
24  77  67  72   3   0   7 0.00  0.0    0  8.0 17 270   M    M   4        23 240
25  79  68  74   5   0   9 0.00  0.0    0  7.2 16 260   M    M   1        20 270
26  76  67  72   3   0   7 0.00  0.0    0  8.4 18 280   M    M   3        24 290
27  76  67  72   3   0   7 0.00  0.0    0  7.8 16 280   M    M   5        21 250
28  76  66  71   2   0   6 0.00  0.0    0  7.5 16 270   M    M   4        24 260
29  74  65  70   1   0   5 0.00  0.0    0  8.5 17 270   M    M   7 1      24 240
================================================================================
SM 2184 1882         0 156  0.35     0.0 233.3          M      163
================================================================================
AV 75.3 64.9                               8.0 FASTST   M    M   6    MAX(MPH)
                                 MISC ---->  # 23 270               # 26  270
================================================================================
NOTES:
# LAST OF SEVERAL OCCURRENCES

COLUMN 17 PEAK WIND IN M.P.H.

PRELIMINARY LOCAL CLIMATOLOGICAL DATA (WS FORM: F-6) , PAGE 2

                                          STATION:  LOS ANGELES INTL AIRPORT CA
                                          MONTH:    JULY
                                          YEAR:     2015
                                          LATITUDE:   33 55 N
                                          LONGITUDE: 118 24 W

[TEMPERATURE DATA]      [PRECIPITATION DATA]       SYMBOLS USED IN COLUMN 16

AVERAGE MONTHLY: 70.1   TOTAL FOR MONTH:   0.35    1 = FOG OR MIST
DPTR FM NORMAL:   1.4   DPTR FM NORMAL:    0.32    2 = FOG REDUCING VISIBILITY
HIGHEST:    86 ON 19    GRTST 24HR  0.32 ON 18-18      TO 1/4 MILE OR LESS
LOWEST:     62 ON 11,10                            3 = THUNDER
                        SNOW, ICE PELLETS, HAIL    4 = ICE PELLETS
                        TOTAL MONTH:   0.0 INCH    5 = HAIL
                        GRTST 24HR     0.0         6 = FREEZING RAIN OR DRIZZLE
                        GRTST DEPTH:   0           7 = DUSTSTORM OR SANDSTORM:
                                                       VSBY 1/2 MILE OR LESS
                                                   8 = SMOKE OR HAZE
[NO. OF DAYS WITH]      [WEATHER - DAYS WITH]      9 = BLOWING SNOW
                                                   X = TORNADO
MAX 32 OR BELOW:   0    0.01 INCH OR MORE:   2
MAX 90 OR ABOVE:   0    0.10 INCH OR MORE:   1
MIN 32 OR BELOW:   0    0.50 INCH OR MORE:   0
MIN  0 OR BELOW:   0    1.00 INCH OR MORE:   0

[HDD (BASE 65) ]
TOTAL THIS MO.     0    CLEAR  (SCALE 0-3)   6
DPTR FM NORMAL     0    PTCLDY (SCALE 4-7)  18
TOTAL FM JUL 1     0    CLOUDY (SCALE 8-10)  5
DPTR FM NORMAL     0

[CDD (BASE 65) ]
TOTAL THIS MO.   156
DPTR FM NORMAL    48    [PRESSURE DATA]
TOTAL FM JAN 1   326    HIGHEST SLP M ON M
DPTR FM NORMAL   136    LOWEST  SLP 29.74 ON 17

[REMARKS]
