000
CXUS54 KLUB 290755
CF6LBB
PRELIMINARY LOCAL CLIMATOLOGICAL DATA (WS FORM: F-6)

                                          STATION:   LUBBOCK
                                          MONTH:     APRIL
                                          YEAR:      2017
                                          LATITUDE:   33 39 N
                                          LONGITUDE: 101 49 W

  TEMPERATURE IN F:       :PCPN:    SNOW:  WIND      :SUNSHINE: SKY     :PK WND
================================================================================
1   2   3   4   5  6A  6B    7    8   9   10  11  12  13   14  15   16   17  18
                                     12Z  AVG MX 2MIN
DY MAX MIN AVG DEP HDD CDD  WTR  SNW DPTH SPD SPD DIR MIN PSBL S-S WX    SPD DR
================================================================================

 1  52  44  48  -8  17   0    T  0.0    0 18.7 26  70   M    M  10 18     32  70
 2  54  42  48  -8  17   0 0.00  0.0    0 11.6 26  10   M    M   9 1      34  10
 3  81  39  60   3   5   0 0.00  0.0    0 10.9 22 310   M    M   3 1      25 290
 4  71  41  56  -1   9   0    T  0.0    0 19.5 38 300   M    M   5 8      49 290
 5  65  38  52  -5  13   0 0.00  0.0    0 13.2 23 340   M    M   1        29 350
 6  75  39  57  -1   8   0 0.00  0.0    0 10.1 20 150   M    M   4        25 150
 7  82  48  65   7   0   0 0.00  0.0    0 17.2 26 190   M    M   7        33 180
 8  93  54  74  16   0   9 0.00  0.0    0 18.1 29 210   M    M   6        35 200
 9  89  58  74  16   0   9 0.00  0.0    0 17.8 35 250   M    M   5        44 260
10  73  51  62   3   3   0 0.00  0.0    0 13.8 26  50   M    M   6 8      34  50
11  76  46  61   2   4   0 0.00  0.0    0 12.2 23 120   M    M   6        28 130
12  69  52  61   2   4   0 0.79  0.0    0 11.0 23 150   M    M  10 13     26 160
13  73  54  64   4   1   0 0.02  0.0    0  8.8 28 140   M    M   8 18     36 130
14  76  58  67   7   0   2 0.00  0.0    0 17.6 29 160   M    M   7 1      35 160
15  83  61  72  12   0   7 0.00  0.0    0 14.0 24 180   M    M   6        30 180
16  84  62  73  12   0   8    T  0.0    0 12.7 39 130   M    M   5 138    52 120
17  82  52  67   6   0   2    T  0.0    0 10.5 32  30   M    M   3 3      40  20
18  85  54  70   9   0   5 0.00  0.0    0 12.7 24 150   M    M   5 128    30 190
19  91  60  76  14   0  11 0.00  0.0    0 13.8 23 190   M    M   1 1      30 190
20  76  57  67   5   0   2 0.00  0.0    0 15.8 35  40   M    M   4        43  40
21  88  50  69   7   0   4 0.00  0.0    0 15.0 31  30   M    M   5 128    39  30
22  67  45  56  -7   9   0 0.00  0.0    0 16.6 32  30   M    M   6        39  30
23  71  39  55  -8  10   0 0.00  0.0    0  7.2 20 180   M    M   1        23 160
24  94  49  72   9   0   7 0.00  0.0    0 17.4 33 260   M    M   5        40 250
25  88  61  75  11   0  10 0.00  0.0    0 15.7 30 320   M    M   6        38 320
26  69  47  58  -6   7   0    T    M    0 13.4 37  10   M    M   5 18     46  10
27  89  41  65   1   0   0 0.00  0.0    0 15.3 35 240   M    M   5        48 210
28  85  51  68   4   0   3    T  0.0    0 13.8 32  20   M    M   8        39  20
================================================================================
SM 2181 1393       107  79  0.81     0.0 394.4          M      152
================================================================================
AV 77.9 49.8                              14.1 FASTST   M    M   5    MAX(MPH)
                                 MISC ---->  # 39 130               # 52  120
================================================================================
NOTES:
# LAST OF SEVERAL OCCURRENCES

COLUMN 17 PEAK WIND IN M.P.H.

PRELIMINARY LOCAL CLIMATOLOGICAL DATA (WS FORM: F-6) , PAGE 2

                                          STATION:  LUBBOCK
                                          MONTH:    APRIL
                                          YEAR:     2017
                                          LATITUDE:   33 39 N
                                          LONGITUDE: 101 49 W

[TEMPERATURE DATA]      [PRECIPITATION DATA]       SYMBOLS USED IN COLUMN 16

AVERAGE MONTHLY: 63.8   TOTAL FOR MONTH:   0.81    1 = FOG OR MIST
DPTR FM NORMAL:   3.6   DPTR FM NORMAL:   -0.48    2 = FOG REDUCING VISIBILITY
HIGHEST:    94 ON 24    GRTST 24HR  0.79 ON 12-12      TO 1/4 MILE OR LESS
LOWEST:     38 ON  5                               3 = THUNDER
                        SNOW, ICE PELLETS, HAIL    4 = ICE PELLETS
                        TOTAL MONTH:   0.0 INCH    5 = HAIL
                        GRTST 24HR     0.0         6 = FREEZING RAIN OR DRIZZLE
                        GRTST DEPTH:   0           7 = DUSTSTORM OR SANDSTORM:
                                                       VSBY 1/2 MILE OR LESS
                                                   8 = SMOKE OR HAZE
[NO. OF DAYS WITH]      [WEATHER - DAYS WITH]      9 = BLOWING SNOW
                                                   X = TORNADO
MAX 32 OR BELOW:   0    0.01 INCH OR MORE:   2
MAX 90 OR ABOVE:   3    0.10 INCH OR MORE:   1
MIN 32 OR BELOW:   0    0.50 INCH OR MORE:   1
MIN  0 OR BELOW:   0    1.00 INCH OR MORE:   0

[HDD (BASE 65) ]
TOTAL THIS MO.   107    CLEAR  (SCALE 0-3)   5
DPTR FM NORMAL   -69    PTCLDY (SCALE 4-7)  19
TOTAL FM JUL 1  2411    CLOUDY (SCALE 8-10)  4
DPTR FM NORMAL  -919

[CDD (BASE 65) ]
TOTAL THIS MO.    79
DPTR FM NORMAL    35    [PRESSURE DATA]
TOTAL FM JAN 1   129    HIGHEST SLP M ON M
DPTR FM NORMAL    78    LOWEST  SLP 29.28 ON 25

[REMARKS]
