000
CXUS54 KLUB 230812
CF6LBB
PRELIMINARY LOCAL CLIMATOLOGICAL DATA (WS FORM: F-6)

                                          STATION:   LUBBOCK
                                          MONTH:     APRIL
                                          YEAR:      2014
                                          LATITUDE:   33 39 N
                                          LONGITUDE: 101 49 W

  TEMPERATURE IN F:       :PCPN:    SNOW:  WIND      :SUNSHINE: SKY     :PK WND
================================================================================
1   2   3   4   5  6A  6B    7    8   9   10  11  12  13   14  15   16   17  18
                                     12Z  AVG MX 2MIN
DY MAX MIN AVG DEP HDD CDD  WTR  SNW DPTH SPD SPD DIR MIN PSBL S-S WX    SPD DR
================================================================================

 1  84  39  62   6   3   0 0.00  0.0    0 11.3 26 200   M    M   4        34 190
 2  85  53  69  13   0   4 0.00  0.0    0 16.1 37 250   M    M   7 178    46 260
 3  74  41  58   1   7   0 0.00  0.0    0 19.3 40 280   M    M   1 78     46 280
 4  66  29  48  -9  17   0 0.00  0.0    0  9.2 20 150   M    M   4        23 150
 5  66  43  55  -2  10   0 0.00  0.0    0 17.4 29 150   M    M   6        37 150
 6  66  40  53  -5  12   0 0.14  0.0    0  8.7 30 250   M    M   6 3      37 240
 7  67  39  53  -5  12   0    T    M    0 16.5 39 350   M    M   4 7      49 350
 8  76  34  55  -3  10   0 0.00  0.0    0 10.0 24 310   M    M   1        33 310
 9  89  44  67   9   0   2 0.00  0.0    0 15.9 32 200   M    M   2        41 200
10  91  50  71  12   0   6 0.00  0.0    0 12.6 31 200   M    M   6        38 190
11  84  46  65   6   0   0 0.00  0.0    0  9.4 18  40   M    M   8 7      23  30
12  92  52  72  13   0   7 0.00  0.0    0 16.5 39 230   M    M   7 7      49 230
13  86  39  63   3   2   0 0.00  0.0    0 22.1 35 250   M    M   3 7      41 260
14  50  31  41 -19  24   0    T    T    0 21.3 37  10   M    M   5 8      47  10
15  66  25  46 -14  19   0 0.00  0.0    0 13.8 28 190   M    M   2        36 210
16  83  45  64   3   1   0 0.00  0.0    0 19.3 28 170   M    M   6        35 170
17  62  41  52  -9  13   0 0.00  0.0    0 11.6 28 170   M    M   7 8      35 160
18  72  39  56  -5   9   0 0.00  0.0    0  9.7 21 150   M    M   9 18     25 180
19  71  52  62   0   3   0 0.40  0.0    0 11.5 31 240   M    M   8 13     43 240
20  78  53  66   4   0   1 0.03  0.0    0 10.7 25 210   M    M   6 138    31 210
21  84  49  67   5   0   2 0.00  0.0    0 10.1 21  30   M    M   1 18     29 360
22  85  52  69   6   0   4 0.00  0.0    0 11.1 23 170   M    M   2        29 160
================================================================================
SM 1677  936       142  26  0.57    T    304.1          M      105
================================================================================
AV 76.2 42.5                              13.8 FASTST   M    M   5    MAX(MPH)
                                 MISC ---->  # 40 280               # 49  350
================================================================================
NOTES:
# LAST OF SEVERAL OCCURRENCES

COLUMN 17 PEAK WIND IN M.P.H.

PRELIMINARY LOCAL CLIMATOLOGICAL DATA (WS FORM: F-6) , PAGE 2

                                          STATION:  LUBBOCK
                                          MONTH:    APRIL
                                          YEAR:     2014
                                          LATITUDE:   33 39 N
                                          LONGITUDE: 101 49 W

[TEMPERATURE DATA]      [PRECIPITATION DATA]       SYMBOLS USED IN COLUMN 16

AVERAGE MONTHLY: 59.4   TOTAL FOR MONTH:   0.57    1 = FOG OR MIST
DPTR FM NORMAL:   0.1   DPTR FM NORMAL:   -0.39    2 = FOG REDUCING VISIBILITY
HIGHEST:    92 ON 12    GRTST 24HR  0.40 ON 19-19      TO 1/4 MILE OR LESS
LOWEST:     25 ON 15                               3 = THUNDER
                        SNOW, ICE PELLETS, HAIL    4 = ICE PELLETS
                        TOTAL MONTH:    T          5 = HAIL
                        GRTST 24HR    T  ON 14-14  6 = FREEZING RAIN OR DRIZZLE
                        GRTST DEPTH:   0           7 = DUSTSTORM OR SANDSTORM:
                                                       VSBY 1/2 MILE OR LESS
                                                   8 = SMOKE OR HAZE
[NO. OF DAYS WITH]      [WEATHER - DAYS WITH]      9 = BLOWING SNOW
                                                   X = TORNADO
MAX 32 OR BELOW:   0    0.01 INCH OR MORE:   3
MAX 90 OR ABOVE:   2    0.10 INCH OR MORE:   2
MIN 32 OR BELOW:   3    0.50 INCH OR MORE:   0
MIN  0 OR BELOW:   0    1.00 INCH OR MORE:   0

[HDD (BASE 65) ]
TOTAL THIS MO.   142    CLEAR  (SCALE 0-3)   6
DPTR FM NORMAL   -11    PTCLDY (SCALE 4-7)  14
TOTAL FM JUL 1  3434    CLOUDY (SCALE 8-10)  2
DPTR FM NORMAL   127

[CDD (BASE 65) ]
TOTAL THIS MO.    26
DPTR FM NORMAL    -3    [PRESSURE DATA]
TOTAL FM JAN 1    29    HIGHEST SLP M ON M
DPTR FM NORMAL    -7    LOWEST  SLP 29.43 ON 13

[REMARKS]
