000
CXUS55 KLBF 301200
CF6LBF
PRELIMINARY LOCAL CLIMATOLOGICAL DATA (WS FORM: F-6)

                                          STATION:   NORTH PLATTE NE
                                          MONTH:     OCTOBER
                                          YEAR:      2014
                                          LATITUDE:   41  7 N
                                          LONGITUDE: 100 41 W

  TEMPERATURE IN F:       :PCPN:    SNOW:  WIND      :SUNSHINE: SKY     :PK WND
================================================================================
1   2   3   4   5  6A  6B    7    8   9   10  11  12  13   14  15   16   17  18
                                     12Z  AVG MX 2MIN
DY MAX MIN AVG DEP HDD CDD  WTR  SNW DPTH SPD SPD DIR MIN PSBL S-S WX    SPD DR
================================================================================

 1  76  44  60   5   5   0 0.36  0.0    0  6.4 37 260   M    M   1 13     48 250
 2  67  42  55   0  10   0 0.11  0.0    0 12.3 35  10   M    M   4        42 360
 3  55  29  42 -12  23   0 0.18  0.0    0 14.4 31 300   M    M   3        39 310
 4  69  27  48  -6  17   0 0.00  0.0    0  6.0 28 310   M    M   4        33 310
 5  70  38  54   1  11   0 0.05  0.0    0  9.5 43 310   M    M   2 3      61 320
 6  75  39  57   4   8   0    T  0.0    0  8.8 25 300   M    M   2        32 320
 7  76  46  61   8   4   0 0.00  0.0    0  6.3 16 330   M    M   1        22 310
 8  71  37  54   2  11   0 0.00  0.0    0  5.8 15 170   M    M   2        21 160
 9  69  40  55   3  10   0 0.00  0.0    0  7.5 17  90   M    M   1        21  90
10  59  35  47  -4  18   0 0.00  0.0    0  4.5 12  90   M    M   6        15  90
11  67  31  49  -2  16   0 0.00  0.0    0 10.0 22 180   M    M   0        30 170
12  62  47  55   4  10   0    T  0.0    0 12.0 29 320   M    M   6        37 340
13  63  34  49  -1  16   0 0.00  0.0    0 15.8 33 350   M    M   2        42 350
14  69  28  49  -1  16   0 0.00  0.0    0  5.3 12 290   M    M   0 8      17 280
15  80  31  56   7   9   0 0.00  0.0    0  7.7 20 190   M    M   0        26 190
16  73  35  54   5  11   0 0.00  0.0    0 10.0 31 360   M    M   0        39 360
17  66  36  51   2  14   0 0.00  0.0    0  8.4 23 360   M    M   0        30  10
18  66  28  47  -1  18   0 0.00  0.0    0  7.2 20 170   M    M   0 1      24 210
19  78  40  59  11   6   0 0.00  0.0    0  4.0 14 180   M    M   0 8      21 180
20  78  32  55   7  10   0 0.00  0.0    0  5.2 13 170   M    M   0        16 160
21  78  43  61  14   4   0 0.00  0.0    0 10.6 23 180   M    M   0        32 180
22  70  43  57  10   8   0 0.03  0.0    0  5.0 17 170   M    M   2 12     24 170
23  76  35  56  10   9   0 0.00  0.0    0  5.6 18 210   M    M   3 12     22 190
24  84  40  62  16   3   0 0.00  0.0    0  5.2 15 290   M    M   0 1      18 260
25  77  33  55   9  10   0 0.00  0.0    0  6.4 16 110   M    M   0        20 110
26  85  34  60  15   5   0 0.00  0.0    0  6.3 25 320   M    M   0 1      34 340
27  60  28  44  -1  21   0    T    M    0 11.5 25 320   M    M   5        33 320
28  59  22  41  -3  24   0 0.00  0.0    0  7.0 25 310   M    M   0        32 320
29  71  20  46   2  19   0 0.00  0.0    0  5.6 16 360   M    M   0        23 230
================================================================================
SM 2049 1017       346   0  0.73     0.0 230.3          M       44
================================================================================
AV 70.7 35.1                               7.9 FASTST   M    M   2    MAX(MPH)
                                 MISC ---->  # 43 310               # 61  320
================================================================================
NOTES:
# LAST OF SEVERAL OCCURRENCES

COLUMN 17 PEAK WIND IN M.P.H.

PRELIMINARY LOCAL CLIMATOLOGICAL DATA (WS FORM: F-6) , PAGE 2

                                          STATION:  NORTH PLATTE NE
                                          MONTH:    OCTOBER
                                          YEAR:     2014
                                          LATITUDE:   41  7 N
                                          LONGITUDE: 100 41 W

[TEMPERATURE DATA]      [PRECIPITATION DATA]       SYMBOLS USED IN COLUMN 16

AVERAGE MONTHLY: 52.9   TOTAL FOR MONTH:   0.73    1 = FOG OR MIST
DPTR FM NORMAL:   3.4   DPTR FM NORMAL:   -0.75    2 = FOG REDUCING VISIBILITY
HIGHEST:    85 ON 26    GRTST 24HR  0.45 ON  1- 2      TO 1/4 MILE OR LESS
LOWEST:     20 ON 29                               3 = THUNDER
                        SNOW, ICE PELLETS, HAIL    4 = ICE PELLETS
                        TOTAL MONTH:   0.0 INCH    5 = HAIL
                        GRTST 24HR     0.0         6 = FREEZING RAIN OR DRIZZLE
                        GRTST DEPTH:   0           7 = DUSTSTORM OR SANDSTORM:
                                                       VSBY 1/2 MILE OR LESS
                                                   8 = SMOKE OR HAZE
[NO. OF DAYS WITH]      [WEATHER - DAYS WITH]      9 = BLOWING SNOW
                                                   X = TORNADO
MAX 32 OR BELOW:   0    0.01 INCH OR MORE:   5
MAX 90 OR ABOVE:   0    0.10 INCH OR MORE:   3
MIN 32 OR BELOW:  10    0.50 INCH OR MORE:   0
MIN  0 OR BELOW:   0    1.00 INCH OR MORE:   0

[HDD (BASE 65) ]
TOTAL THIS MO.   346    CLEAR  (SCALE 0-3)  23
DPTR FM NORMAL  -108    PTCLDY (SCALE 4-7)   6
TOTAL FM JUL 1   486    CLOUDY (SCALE 8-10)  0
DPTR FM NORMAL  -139

[CDD (BASE 65) ]
TOTAL THIS MO.     0
DPTR FM NORMAL     0    [PRESSURE DATA]
TOTAL FM JAN 1   744    HIGHEST SLP M ON M
DPTR FM NORMAL   -21    LOWEST  SLP 29.57 ON 26

[REMARKS]
