000
CXUS52 KILM 271000
CF6LBT
PRELIMINARY LOCAL CLIMATOLOGICAL DATA (WS FORM: F-6)

                                          STATION:   LUMBERTON NC
                                          MONTH:     MAY
                                          YEAR:      2016
                                          LATITUDE:   34 35 N
                                          LONGITUDE:  79  4 W

  TEMPERATURE IN F:       :PCPN:    SNOW:  WIND      :SUNSHINE: SKY     :PK WND
================================================================================
1   2   3   4   5  6A  6B    7    8   9   10  11  12  13   14  15   16   17  18
                                     12Z  AVG MX 2MIN
DY MAX MIN AVG DEP HDD CDD  WTR  SNW DPTH SPD SPD DIR MIN PSBL S-S WX    SPD DR
================================================================================

 1  75  63  69   3   0   4 0.36    M    M  5.0 14 140   M    M   6 138    16 160
 2  85  67  76  10   0  11 0.54    M    M  6.8 22 280   M    M   5 138    27 280
 3  79  65  72   6   0   7 1.29    M    M  4.0 22 290   M    M   7 138    30 290
 4  80  59  70   4   0   5 0.00    M    M  4.8 14 300   M    M   5        17 290
 5  67  50  59  -8   6   0 0.00    M    M  8.2 20 330   0    0   0        30 320
 6  70  51  61  -6   4   0 0.03    M    M  7.2 16 300   M    M   9        22 290
 7  79  50  65  -2   0   0 0.00    M    M  8.1 18 290   M    M   0        25 300
 8  90  60  75   7   0  10 0.00    M    M  7.5 18 300   M    M   1        22 300
 9  90  63  77   9   0  12 0.00    M    M  4.5 14 230   M    M   0        21 270
10  81  64  73   5   0   8 0.00    M    M  4.6 16 220   M    M   0 1      23 220
11  87  62  75   7   0  10 0.09    M    M  4.7 22 240   M    M   1 138    28 240
12  91  66  79  10   0  14 0.24    M    M  4.2 25 360   M    M   1 13     34 360
13  82  63  73   4   0   8 0.55    M    M  3.8  9 280   M    M   4 13     16 210
14  87  57  72   3   0   7 0.00    M    M  6.1 17 240   M    M   1 12     22 230
15  72  50  61  -9   4   0 0.00    M    M  7.7 17 360   M    M   0        22 350
16  76  47  62  -8   3   0 0.00    M    M  4.2 13  40   M    M   2        17  40
17  80  61  71   1   0   6 0.75    M    M  4.2 12 130   M    M   6 1      15 130
18  71  63  67  -3   0   2 0.00    M    M  8.4 15  20   M    M  10 1      22  20
19  66  61  64  -7   1   0 0.05    M    M  6.3 12  50   M    M  10 1      16  50
20  69  59  64  -7   1   0 0.14    M    M  6.6  9  70   M    M  10 1       M  M
21  80  66  73   2   0   8 0.86    M    M  5.0 20 330   M    M   7 13     23 330
22  77  56  67  -5   0   2 0.11    M    M  6.3 17 330   M    M   6 3      21 340
23  71  53  62 -10   3   0    T    M    M  5.0 16  10   M    M   3        20  10
24  85  50  68  -4   0   3 0.00    M    M  4.5 15 280   M    M   0 1      19 280
25  90  57  74   2   0   9 0.00    M    M  3.7 10 230   M    M   1        13 230
26  90  65  78   5   0  13 0.00    M    M  4.6 12 210   M    M   1 1      15 210
================================================================================
SM 2070 1528        22 139  5.01    M    146.0            0     96
================================================================================
AV 79.6 58.8                               5.6 FASTST    0   0   4    MAX(MPH)
                                 MISC ---->  # 25 360               # 34  360
================================================================================
NOTES:
# LAST OF SEVERAL OCCURRENCES

COLUMN 17 PEAK WIND IN M.P.H.

PRELIMINARY LOCAL CLIMATOLOGICAL DATA (WS FORM: F-6) , PAGE 2

                                          STATION:  LUMBERTON NC
                                          MONTH:    MAY
                                          YEAR:     2016
                                          LATITUDE:   34 35 N
                                          LONGITUDE:  79  4 W

[TEMPERATURE DATA]      [PRECIPITATION DATA]       SYMBOLS USED IN COLUMN 16

AVERAGE MONTHLY: 69.2   TOTAL FOR MONTH:   5.01    1 = FOG OR MIST
DPTR FM NORMAL:   0.0   DPTR FM NORMAL:    2.59    2 = FOG REDUCING VISIBILITY
HIGHEST:    91 ON 12    GRTST 24HR  1.78 ON  2- 3      TO 1/4 MILE OR LESS
LOWEST:     47 ON 16                               3 = THUNDER
                        SNOW, ICE PELLETS, HAIL    4 = ICE PELLETS
                        TOTAL MONTH:    M          5 = HAIL
                        GRTST 24HR    M  ON   M    6 = FREEZING RAIN OR DRIZZLE
                        GRTST DEPTH:  M  ON   M    7 = DUSTSTORM OR SANDSTORM:
                                                       VSBY 1/2 MILE OR LESS
                                                   8 = SMOKE OR HAZE
[NO. OF DAYS WITH]      [WEATHER - DAYS WITH]      9 = BLOWING SNOW
                                                   X = TORNADO
MAX 32 OR BELOW:   0    0.01 INCH OR MORE:  12
MAX 90 OR ABOVE:   5    0.10 INCH OR MORE:   9
MIN 32 OR BELOW:   0    0.50 INCH OR MORE:   5
MIN  0 OR BELOW:   0    1.00 INCH OR MORE:   1

[HDD (BASE 65) ]
TOTAL THIS MO.    22    CLEAR  (SCALE 0-3)  14
DPTR FM NORMAL    -8    PTCLDY (SCALE 4-7)   8
TOTAL FM JUL 1  2018    CLOUDY (SCALE 8-10)  4
DPTR FM NORMAL  -741

[CDD (BASE 65) ]
TOTAL THIS MO.   139
DPTR FM NORMAL     1    [PRESSURE DATA]
TOTAL FM JAN 1   256    HIGHEST SLP  0.00 ON  5
DPTR FM NORMAL    50    LOWEST  SLP  0.00 ON  5

[REMARKS]
