000
CXUS52 KILM 271000
CF6LBT
PRELIMINARY LOCAL CLIMATOLOGICAL DATA (WS FORM: F-6)

                                          STATION:   LUMBERTON NC
                                          MONTH:     MAY
                                          YEAR:      2015
                                          LATITUDE:   34 35 N
                                          LONGITUDE:  79  4 W

  TEMPERATURE IN F:       :PCPN:    SNOW:  WIND      :SUNSHINE: SKY     :PK WND
================================================================================
1   2   3   4   5  6A  6B    7    8   9   10  11  12  13   14  15   16   17  18
                                     12Z  AVG MX 2MIN
DY MAX MIN AVG DEP HDD CDD  WTR  SNW DPTH SPD SPD DIR MIN PSBL S-S WX    SPD DR
================================================================================

 1  66  49  58  -8   7   0 0.02    M    M  5.7 25  10   M    M   6 1      34  10
 2  78  45  62  -4   3   0 0.00    M    M  3.6 13 360   M    M   2 1      15  30
 3  81  45  63  -3   2   0 0.00    M    M  2.5 12 150   M    M   0 1      17 150
 4  84  49  67   1   0   2 0.00    M    M  3.8 13 160   M    M   3 1      20 160
 5  83  49  66  -1   0   1 0.00    M    M  3.4 14 140   M    M   0 1      20 120
 6  83  49  66  -1   0   1 0.00    M    M  4.3 15 110   M    M   0 1      21 110
 7  82  61  72   5   0   7 0.00    M    M  9.7 21  50   M    M   1        27  30
 8  82  63  73   5   0   8 0.04    M    M 11.5 22  40   M    M   5 18     27  40
 9  79  68  74   6   0   9 0.92    M    M 13.1 22  40   M    M   7 1      33  20
10  75  70  73   5   0   8 0.35    M    M 14.6 24  30   M    M  10 18     33  20
11  90  67  79  11   0  14 0.00    M    M  8.5 22 200   M    M   2 3      34 200
12  91  72  82  13   0  17 0.00    M    M  8.7 18 240   M    M   2        23 250
13  85  60  73   4   0   8 0.00    M    M  5.2 14 350   M    M   0        19  10
14  80  59  70   1   0   5 0.00    M    M  6.4 14  70   M    M   3        19  30
15  79  58  69  -1   0   4 0.00    M    M  4.4 10 150   M    M   3        13 140
16  85  55  70   0   0   5 0.00    M    M  3.5 10 160   M    M   1 1      15 180
17  88  56  72   2   0   7 0.00    M    M  4.1 13 200   M    M   0 1      17 210
18  92  68  80  10   0  15 0.14    M    M  6.0 18 230   M    M   2 13     23 240
19  92  67  80   9   0  15    T    M    M  5.0 16 260   M    M   2 18     21 260
20  92  66  79   8   0  14 0.00    M    M  3.6 17 140   M    M   2 1      22 150
21  91  64  78   7   0  13 0.30    M    M  7.1 24 280   M    M   6 138    37 290
22  78  54  66  -6   0   1 0.00    M    M  5.9 17  30   M    M   3        22  20
23  84  49  67  -5   0   2 0.00    M    M  2.7 14  20   M    M   0 1      19 120
24  87  54  71  -1   0   6 0.00    M    M  3.8 16 150   M    M   1        21 140
25  89  54  72   0   0   7 0.00    M    M  4.8 13 150   M    M   1 18     18 150
26  92  59  76   3   0  11    T    M    M  5.4 17 150   M    M   3 1      23 130
================================================================================
SM 2188 1510        12 180  1.77    M    157.3          M       65
================================================================================
AV 84.2 58.1                               6.0 FASTST   M    M   3    MAX(MPH)
                                 MISC ---->  # 25  10               # 37  290
================================================================================
NOTES:
# LAST OF SEVERAL OCCURRENCES

COLUMN 17 PEAK WIND IN M.P.H.

PRELIMINARY LOCAL CLIMATOLOGICAL DATA (WS FORM: F-6) , PAGE 2

                                          STATION:  LUMBERTON NC
                                          MONTH:    MAY
                                          YEAR:     2015
                                          LATITUDE:   34 35 N
                                          LONGITUDE:  79  4 W

[TEMPERATURE DATA]      [PRECIPITATION DATA]       SYMBOLS USED IN COLUMN 16

AVERAGE MONTHLY: 71.1   TOTAL FOR MONTH:   1.77    1 = FOG OR MIST
DPTR FM NORMAL:   2.0   DPTR FM NORMAL:   -0.65    2 = FOG REDUCING VISIBILITY
HIGHEST:    92 ON 26,20 GRTST 24HR  0.92 ON  9- 9      TO 1/4 MILE OR LESS
LOWEST:     45 ON  3, 2                            3 = THUNDER
                        SNOW, ICE PELLETS, HAIL    4 = ICE PELLETS
                        TOTAL MONTH:    M          5 = HAIL
                        GRTST 24HR    M  ON   M    6 = FREEZING RAIN OR DRIZZLE
                        GRTST DEPTH:  M  ON   M    7 = DUSTSTORM OR SANDSTORM:
                                                       VSBY 1/2 MILE OR LESS
                                                   8 = SMOKE OR HAZE
[NO. OF DAYS WITH]      [WEATHER - DAYS WITH]      9 = BLOWING SNOW
                                                   X = TORNADO
MAX 32 OR BELOW:   0    0.01 INCH OR MORE:   6
MAX 90 OR ABOVE:   7    0.10 INCH OR MORE:   4
MIN 32 OR BELOW:   0    0.50 INCH OR MORE:   1
MIN  0 OR BELOW:   0    1.00 INCH OR MORE:   0

[HDD (BASE 65) ]
TOTAL THIS MO.    12    CLEAR  (SCALE 0-3)  21
DPTR FM NORMAL   -18    PTCLDY (SCALE 4-7)   4
TOTAL FM JUL 1  2778    CLOUDY (SCALE 8-10)  1
DPTR FM NORMAL    19

[CDD (BASE 65) ]
TOTAL THIS MO.   180
DPTR FM NORMAL    42    [PRESSURE DATA]
TOTAL FM JAN 1   274    HIGHEST SLP M ON M
DPTR FM NORMAL    68    LOWEST  SLP 29.72 ON M

[REMARKS]
