000
CXUS54 KLCH 281411
CF6LCH
PRELIMINARY LOCAL CLIMATOLOGICAL DATA (WS FORM: F-6)

                                          STATION:   LAKE CHARLES
                                          MONTH:     JULY
                                          YEAR:      2015
                                          LATITUDE:   30  7 N
                                          LONGITUDE:  93 13 W

  TEMPERATURE IN F:       :PCPN:    SNOW:  WIND      :SUNSHINE: SKY     :PK WND
================================================================================
1   2   3   4   5  6A  6B    7    8   9   10  11  12  13   14  15   16   17  18
                                     12Z  AVG MX 2MIN
DY MAX MIN AVG DEP HDD CDD  WTR  SNW DPTH SPD SPD DIR MIN PSBL S-S WX    SPD DR
================================================================================

 1  88  70  79  -3   0  14 0.13  0.0    0  4.3 15 260   M    M   4 13     25 250
 2  89  75  82   0   0  17 0.00  0.0    0  4.4 14 210   M    M   0 1      18 200
 3  91  75  83   1   0  18 0.00  0.0    0  5.6 14 190   M    M   1 1      21 220
 4  90  77  84   2   0  19    T  0.0    0  5.6 14 200   M    M   1 3      22 210
 5  91  77  84   1   0  19 0.00  0.0    0  5.7 14 230   M    M   1 18     20 190
 6  91  76  84   1   0  19 0.00  0.0    0  7.2 15 170   M    M   2 1      22 170
 7  91  77  84   1   0  19 0.00  0.0    0  7.6 16 160   M    M   2 13     23 160
 8  91  77  84   1   0  19 0.00  0.0    0  7.0 14 190   M    M   1 1      21 200
 9  92  77  85   2   0  20 0.00  0.0    0  5.1 13 150   M    M   1        17 140
10  91  76  84   1   0  19 0.13  0.0    0  3.1 22 130   M    M   2 13     26 130
11  93  76  85   2   0  20    T  0.0    0  3.5 13 150   M    M   2 3      15 230
12  93  75  84   1   0  19 0.00  0.0    0  3.6 12 220   M    M   1        17 200
13  93  75  84   1   0  19 0.00  0.0    0  5.3 14 190   M    M   1 1      19 180
14  93  74  84   1   0  19 0.00  0.0    0  5.0 16 190   M    M   1 1      22 200
15  93  73  83   0   0  18 0.00  0.0    0  4.1 12 200   M    M   0        19 230
16  94  74  84   1   0  19 0.00  0.0    0  3.7 13 190   M    M   1        17 210
17  93  77  85   2   0  20    T  0.0    0  4.3 13 190   M    M   1 1      18 230
18  94  77  86   3   0  21 0.00  0.0    0  3.7 15 340   M    M   2 13     17 330
19  96  78  87   4   0  22 0.00  0.0    0  4.2 12 210   M    M   1 1      17 210
20  95  79  87   4   0  22 0.00  0.0    0  5.4 14 200   M    M   0        20 210
21  94  76  85   2   0  20 0.00  0.0    0  5.7 15 210   M    M   1 3      22 190
22  94  80  87   4   0  22 0.00  0.0    0  7.2 16 200   M    M   1        23 210
23  95  77  86   3   0  21 0.00  0.0    0  6.0 15 200   M    M   1        22 220
24  96  78  87   4   0  22 0.00  0.0    0  5.6 14 210   M    M   1        21 200
25  96  78  87   4   0  22 0.00  0.0    0  5.7 14 210   M    M   0        17 210
26  97  78  88   5   0  23 0.02  0.0    0  2.9 16 100   M    M   2 13     19  90
27  96  77  87   4   0  22 0.00  0.0    0  3.2 18 130   M    M   1 138    24 130
================================================================================
SM 2510 2059         0 534  0.28     0.0 134.7          M       32
================================================================================
AV 93.0 76.3                               5.0 FASTST   M    M   1    MAX(MPH)
                                 MISC ---->  # 22 130               # 26  130
================================================================================
NOTES:
# LAST OF SEVERAL OCCURRENCES

COLUMN 17 PEAK WIND IN M.P.H.

PRELIMINARY LOCAL CLIMATOLOGICAL DATA (WS FORM: F-6) , PAGE 2

                                          STATION:  LAKE CHARLES
                                          MONTH:    JULY
                                          YEAR:     2015
                                          LATITUDE:   30  7 N
                                          LONGITUDE:  93 13 W

[TEMPERATURE DATA]      [PRECIPITATION DATA]       SYMBOLS USED IN COLUMN 16

AVERAGE MONTHLY: 84.6   TOTAL FOR MONTH:   0.28    1 = FOG OR MIST
DPTR FM NORMAL:   1.8   DPTR FM NORMAL:   -4.66    2 = FOG REDUCING VISIBILITY
HIGHEST:    97 ON 26    GRTST 24HR  0.19 ON 30- 1      TO 1/4 MILE OR LESS
LOWEST:     70 ON  1                               3 = THUNDER
                        SNOW, ICE PELLETS, HAIL    4 = ICE PELLETS
                        TOTAL MONTH:   0.0 INCH    5 = HAIL
                        GRTST 24HR     0.0         6 = FREEZING RAIN OR DRIZZLE
                        GRTST DEPTH:   0           7 = DUSTSTORM OR SANDSTORM:
                                                       VSBY 1/2 MILE OR LESS
                                                   8 = SMOKE OR HAZE
[NO. OF DAYS WITH]      [WEATHER - DAYS WITH]      9 = BLOWING SNOW
                                                   X = TORNADO
MAX 32 OR BELOW:   0    0.01 INCH OR MORE:   3
MAX 90 OR ABOVE:  25    0.10 INCH OR MORE:   2
MIN 32 OR BELOW:   0    0.50 INCH OR MORE:   0
MIN  0 OR BELOW:   0    1.00 INCH OR MORE:   0

[HDD (BASE 65) ]
TOTAL THIS MO.     0    CLEAR  (SCALE 0-3)  26
DPTR FM NORMAL     0    PTCLDY (SCALE 4-7)   1
TOTAL FM JUL 1     0    CLOUDY (SCALE 8-10)  0
DPTR FM NORMAL     0

[CDD (BASE 65) ]
TOTAL THIS MO.   534
DPTR FM NORMAL    51    [PRESSURE DATA]
TOTAL FM JAN 1  1690    HIGHEST SLP M ON M
DPTR FM NORMAL   189    LOWEST  SLP 29.87 ON 14

[REMARKS]
