000
CXUS54 KLCH 300910
CF6LCH
PRELIMINARY LOCAL CLIMATOLOGICAL DATA (WS FORM: F-6)

                                          STATION:   LAKE CHARLES
                                          MONTH:     JANUARY
                                          YEAR:      2015
                                          LATITUDE:   30  7 N
                                          LONGITUDE:  93 13 W

  TEMPERATURE IN F:       :PCPN:    SNOW:  WIND      :SUNSHINE: SKY     :PK WND
================================================================================
1   2   3   4   5  6A  6B    7    8   9   10  11  12  13   14  15   16   17  18
                                     12Z  AVG MX 2MIN
DY MAX MIN AVG DEP HDD CDD  WTR  SNW DPTH SPD SPD DIR MIN PSBL S-S WX    SPD DR
================================================================================

 1  49  42  46  -6  19   0 0.01  0.0    0 11.6 21  60   M    M  10 1      25  50
 2  66  49  58   6   7   0 0.25    M    0  9.1 21 140   M    M  10 12     26 140
 3  68  51  60   8   5   0 2.46  0.0    0  5.7 21 140   M    M  10 123    27 130
 4  52  39  46  -6  19   0 0.00  0.0    0 12.6 21 350   M    M   1        24 350
 5  53  32  43  -9  22   0 0.00  0.0    0  8.8 18  30   M    M   0        26  30
 6  62  32  47  -5  18   0 0.00  0.0    0  1.6  7 230   M    M   0 18      9 230
 7  59  33  46  -6  19   0 0.00  0.0    0 11.5 25  40   M    M   3 1      34  20
 8  37  25  31 -21  34   0 0.00    M    0  8.9 24  30   M    M   2        30  30
 9  39  36  38 -14  27   0 0.13    M    0  8.8 16  30   M    M  10 1      19  20
10  47  34  41 -11  24   0 0.16    M    0 11.3 20 110   M    M   9        24 120
11  54  39  47  -5  18   0 2.03    M    0  7.7 20  60   M    M   7 1      25  60
12  56  46  51  -1  14   0 0.12    M    0  9.1 18  20   M    M  10 12     23  10
13  47  39  43  -9  22   0 0.00  0.0    0 12.7 18  30   M    M  10        24  20
14  41  37  39 -13  26   0 0.01    M    0  9.1 15  30   M    M  10        18  30
15  51  34  43  -9  22   0 0.06    M    0  6.7 17  10   M    M   5 1      20  10
16  59  31  45  -7  20   0 0.00  0.0    0  2.8  8 240   M    M   0 1      12 200
17  63  33  48  -4  17   0 0.00  0.0    0  4.1 14 180   M    M   3 12     20 190
18  69  38  54   2  11   0 0.00  0.0    0  3.7  9 220   M    M   0 12     12 230
19  66  34  50  -2  15   0 0.00  0.0    0  4.3 15 220   M    M   1 12     20 230
20  71  42  57   5   8   0 0.00  0.0    0  3.8 10 220   M    M   4 12     14 210
21  69  46  58   6   7   0 0.00    M    0  8.8 16  70   M    M   5 12     20  70
22  59  43  51  -1  14   0 1.66    M    0 15.8 30  50   M    M   8 13     39  40
23  45  38  42 -10  23   0 0.01    M    0 12.5 23  40   M    M   9 1      28  50
24  58  35  47  -5  18   0 0.00  0.0    0  6.6 15 210   M    M   0 1      20 210
25  68  39  54   2  11   0 0.00  0.0    0  9.3 18 250   M    M   0 1      28 240
26  66  45  56   4   9   0 0.00  0.0    0  9.8 18 330   M    M   0        25 330
27  74  43  59   7   6   0 0.00  0.0    0  3.7 12  70   M    M   0        15  60
28  72  42  57   5   8   0 0.00  0.0    0  6.9 17 160   M    M   1 1      22 150
29  74  49  62  10   3   0 0.00  0.0    0  4.9 14 250   M    M   5 12     18 250
================================================================================
SM 1694 1126       466   0  6.90     0.0 232.2          M      133
================================================================================
AV 58.4 38.8                               8.0 FASTST   M    M   5    MAX(MPH)
                                 MISC ---->  # 30  50               # 39   40
================================================================================
NOTES:
# LAST OF SEVERAL OCCURRENCES

COLUMN 17 PEAK WIND IN M.P.H.

PRELIMINARY LOCAL CLIMATOLOGICAL DATA (WS FORM: F-6) , PAGE 2

                                          STATION:  LAKE CHARLES
                                          MONTH:    JANUARY
                                          YEAR:     2015
                                          LATITUDE:   30  7 N
                                          LONGITUDE:  93 13 W

[TEMPERATURE DATA]      [PRECIPITATION DATA]       SYMBOLS USED IN COLUMN 16

AVERAGE MONTHLY: 48.6   TOTAL FOR MONTH:   6.90    1 = FOG OR MIST
DPTR FM NORMAL:  -3.4   DPTR FM NORMAL:    1.98    2 = FOG REDUCING VISIBILITY
HIGHEST:    74 ON 29,27 GRTST 24HR  2.46 ON  3- 3      TO 1/4 MILE OR LESS
LOWEST:     25 ON  8                               3 = THUNDER
                        SNOW, ICE PELLETS, HAIL    4 = ICE PELLETS
                        TOTAL MONTH:   0.0 INCH    5 = HAIL
                        GRTST 24HR     0.0         6 = FREEZING RAIN OR DRIZZLE
                        GRTST DEPTH:   0           7 = DUSTSTORM OR SANDSTORM:
                                                       VSBY 1/2 MILE OR LESS
                                                   8 = SMOKE OR HAZE
[NO. OF DAYS WITH]      [WEATHER - DAYS WITH]      9 = BLOWING SNOW
                                                   X = TORNADO
MAX 32 OR BELOW:   0    0.01 INCH OR MORE:  11
MAX 90 OR ABOVE:   0    0.10 INCH OR MORE:   7
MIN 32 OR BELOW:   4    0.50 INCH OR MORE:   3
MIN  0 OR BELOW:   0    1.00 INCH OR MORE:   3

[HDD (BASE 65) ]
TOTAL THIS MO.   466    CLEAR  (SCALE 0-3)  14
DPTR FM NORMAL    69    PTCLDY (SCALE 4-7)   5
TOTAL FM JUL 1  1025    CLOUDY (SCALE 8-10) 10
DPTR FM NORMAL    54

[CDD (BASE 65) ]
TOTAL THIS MO.     0
DPTR FM NORMAL     0    [PRESSURE DATA]
TOTAL FM JAN 1     0    HIGHEST SLP M ON M
DPTR FM NORMAL     0    LOWEST  SLP 29.89 ON  3

[REMARKS]
