000
CXUS53 KLMK 300800
CF6LEX
PRELIMINARY LOCAL CLIMATOLOGICAL DATA (WS FORM: F-6)

                                          STATION:   LEXINGTON KY
                                          MONTH:     OCTOBER
                                          YEAR:      2014
                                          LATITUDE:   38  1 N
                                          LONGITUDE:  84 36 W

  TEMPERATURE IN F:       :PCPN:    SNOW:  WIND      :SUNSHINE: SKY     :PK WND
================================================================================
1   2   3   4   5  6A  6B    7    8   9   10  11  12  13   14  15   16   17  18
                                     12Z  AVG MX 2MIN
DY MAX MIN AVG DEP HDD CDD  WTR  SNW DPTH SPD SPD DIR MIN PSBL S-S WX    SPD DR
================================================================================

 1  83  56  70   8   0   5 0.00  0.0    0  4.4  9 240   M    M   2 128    13  40
 2  88  63  76  14   0  11 0.00  0.0    0  9.5 18 210   M    M   1        23 200
 3  75  48  62   1   3   0 0.46  0.0    0 14.1 23 220   M    M   7 1      33 260
 4  57  41  49 -12  16   0 0.00  0.0    0 11.2 25 270   M    M   4        34 260
 5  67  38  53  -8  12   0 0.01  0.0    0 10.9 25 200   M    M   5 3      36 220
 6  66  50  58  -2   7   0 0.20  0.0    0 10.3 32 280   M    M   4 13     45 280
 7  74  52  63   3   2   0 0.20  0.0    0 11.2 26 220   M    M   4 13     33 270
 8  74  52  63   3   2   0 0.00  0.0    0  6.5 20 260   M    M   0 1      24 260
 9  72  48  60   1   5   0    T  0.0    0  4.7 12  60   M    M   2        14  60
10  63  56  60   1   5   0 0.40  0.0    0  9.1 17  50   M    M  10 18     22  50
11  58  53  56  -2   9   0 0.01  0.0    0  9.1 16  60   M    M  10 18     21  60
12  75  54  65   7   0   0 0.01  0.0    0  7.4 13 160   M    M   7 13     17 160
13  80  67  74  16   0   9 0.87  0.0    0 12.5 25 180   M    M   5 13     31 180
14  72  58  65   7   0   0 1.18  0.0    0 13.2 24 120   M    M   9 18     33 120
15  61  56  59   2   6   0 0.15  0.0    0  9.0 18 200   M    M  10 18     24 240
16  61  54  58   1   7   0 0.16  0.0    0  8.7 16 250   M    M  10 18     20 250
17  74  51  63   6   2   0 0.00  0.0    0 11.9 22 320   M    M   2        30 220
18  59  49  54  -2  11   0 0.01  0.0    0  7.9 20 320   M    M  10        27 320
19  62  45  54  -2  11   0 0.00  0.0    0  3.1 10 330   M    M   4        13 330
20  64  44  54  -2  11   0 0.06  0.0    0  9.2 21 210   M    M   3 1      26 220
21  60  48  54  -1  11   0 0.00  0.0    0  7.4 16 330   M    M   8        22 320
22  57  43  50  -5  15   0 0.00  0.0    0  7.4 15  50   M    M   8        18  40
23  63  46  55   0  10   0 0.00  0.0    0  4.4 13  50   M    M   4 8      15  50
24  66  40  53  -1  12   0 0.00  0.0    0  1.6  7 240   M    M   0 18     10 330
25  74  44  59   5   6   0 0.00  0.0    0  7.8 14 270   M    M   2        20 250
26  73  48  61   7   4   0 0.00  0.0    0  3.8 10 280   M    M   0        13 280
27  83  51  67  13   0   2 0.00  0.0    0 11.4 25 210   M    M   2        30 210
28  77  52  65  12   0   0 0.49  0.0    0 11.5 26 280   M    M   4 18     33 260
29  65  44  55   2  10   0 0.00  0.0    0  8.1 18 270   M    M   2 1      25 250
================================================================================
SM 2003 1451       177  27  4.21     0.0 247.3          M      139
================================================================================
AV 69.1 50.0                               8.5 FASTST   M    M   5    MAX(MPH)
                                 MISC ---->  # 32 280               # 45  280
================================================================================
NOTES:
# LAST OF SEVERAL OCCURRENCES

COLUMN 17 PEAK WIND IN M.P.H.

PRELIMINARY LOCAL CLIMATOLOGICAL DATA (WS FORM: F-6) , PAGE 2

                                          STATION:  LEXINGTON KY
                                          MONTH:    OCTOBER
                                          YEAR:     2014
                                          LATITUDE:   38  1 N
                                          LONGITUDE:  84 36 W

[TEMPERATURE DATA]      [PRECIPITATION DATA]       SYMBOLS USED IN COLUMN 16

AVERAGE MONTHLY: 59.6   TOTAL FOR MONTH:   4.21    1 = FOG OR MIST
DPTR FM NORMAL:   2.2   DPTR FM NORMAL:    1.29    2 = FOG REDUCING VISIBILITY
HIGHEST:    88 ON  2    GRTST 24HR  1.18 ON 13-14      TO 1/4 MILE OR LESS
LOWEST:     38 ON  5                               3 = THUNDER
                        SNOW, ICE PELLETS, HAIL    4 = ICE PELLETS
                        TOTAL MONTH:   0.0 INCH    5 = HAIL
                        GRTST 24HR     0.0         6 = FREEZING RAIN OR DRIZZLE
                        GRTST DEPTH:   0           7 = DUSTSTORM OR SANDSTORM:
                                                       VSBY 1/2 MILE OR LESS
                                                   8 = SMOKE OR HAZE
[NO. OF DAYS WITH]      [WEATHER - DAYS WITH]      9 = BLOWING SNOW
                                                   X = TORNADO
MAX 32 OR BELOW:   0    0.01 INCH OR MORE:  14
MAX 90 OR ABOVE:   0    0.10 INCH OR MORE:   9
MIN 32 OR BELOW:   0    0.50 INCH OR MORE:   2
MIN  0 OR BELOW:   0    1.00 INCH OR MORE:   1

[HDD (BASE 65) ]
TOTAL THIS MO.   177    CLEAR  (SCALE 0-3)  11
DPTR FM NORMAL   -68    PTCLDY (SCALE 4-7)  11
TOTAL FM JUL 1   207    CLOUDY (SCALE 8-10)  7
DPTR FM NORMAL   -92

[CDD (BASE 65) ]
TOTAL THIS MO.    27
DPTR FM NORMAL     4    [PRESSURE DATA]
TOTAL FM JAN 1  1274    HIGHEST SLP M ON M
DPTR FM NORMAL    88    LOWEST  SLP 29.60 ON 14

[REMARKS]
