000
CXUS53 KLMK 290800
CF6LEX
PRELIMINARY LOCAL CLIMATOLOGICAL DATA (WS FORM: F-6)

                                          STATION:   LEXINGTON KY
                                          MONTH:     MARCH
                                          YEAR:      2017
                                          LATITUDE:   38  1 N
                                          LONGITUDE:  84 36 W

  TEMPERATURE IN F:       :PCPN:    SNOW:  WIND      :SUNSHINE: SKY     :PK WND
================================================================================
1   2   3   4   5  6A  6B    7    8   9   10  11  12  13   14  15   16   17  18
                                     12Z  AVG MX 2MIN
DY MAX MIN AVG DEP HDD CDD  WTR  SNW DPTH SPD SPD DIR MIN PSBL S-S WX    SPD DR
================================================================================

 1  69  42  56  15   9   0 0.80  0.0    0 19.9 37 270   M    M   7 13     48 270
 2  49  31  40  -1  25   0 0.00  0.0    0 10.8 21 310   M    M   6        29 290
 3  42  25  34  -7  31   0 0.00  0.0    0  7.9 18 280   M    M   4        24 330
 4  55  26  41  -1  24   0 0.00  0.0    0  8.2 16  90   M    M   2        20  80
 5  69  33  51   9  14   0 0.00  0.0    0 10.0 21 210   M    M   3        27 240
 6  65  51  58  16   7   0 0.07  0.0    0 14.2 25 190   M    M  10        37 180
 7  63  44  54  11  11   0 0.35  0.0    0 15.4 30 190   M    M   6 1      38 260
 8  63  38  51   8  14   0 0.00  0.0    0 11.8 24 260   M    M   0        32 250
 9  71  42  57  14   8   0 0.00  0.0    0 11.5 23 210   M    M   0        32 220
10  58  32  45   1  20   0    T  0.0    0 12.8 25 350   M    M   4        31 340
11  39  26  33 -11  32   0 0.00  0.0    0  7.6 15  20   M    M   2        21  20
12  43  21  32 -12  33   0 0.00  0.0    0  5.2 13  80   M    M   0        16  80
13  53  26  40  -5  25   0 0.05    T    0  9.7 18 320   M    M   5 1      25 200
14  36  21  29 -16  36   0    T    T    0 15.0 24 340   M    M   8 18     32 350
15  36  17  27 -18  38   0 0.00  0.0    0 10.1 20 290   M    M   4        28 320
16  44  16  30 -16  35   0 0.00  0.0    0  4.2 13 250   M    M   0        18 280
17  51  28  40  -6  25   0 0.09  0.0    0 10.9 24 180   M    M   9 1      30 180
18  52  36  44  -2  21   0 0.00  0.0    0 10.2 28 280   M    M   9 128    33 280
19  52  31  42  -4  23   0 0.00  0.0    0  4.8 10  10   M    M   4        17  40
20  67  35  51   4  14   0 0.09  0.0    0 10.0 25 160   M    M   5 3      32 170
21  62  47  55   8  10   0 0.00  0.0    0  9.4 18  10   M    M   5 18     22  10
22  47  30  39  -8  26   0 0.00  0.0    0 13.6 22  30   M    M   0        28  40
23  65  29  47  -1  18   0 0.00  0.0    0  8.4 15  90   M    M   2        19 180
24  78  53  66  18   0   1 0.00  0.0    0 14.5 25 210   M    M   3        33 210
25  77  57  67  19   0   2    T  0.0    0 11.1 24 180   M    M   2        33 190
26  70  56  63  14   2   0 0.38  0.0    0 10.1 23 220   M    M   8 1      28 220
27  73  52  63  14   2   0 0.27  0.0    0  5.7 32 250   M    M   4 13     42 250
28  63  52  58   9   7   0 0.09  0.0    0  6.9 12 320   M    M   9 18     15 260
================================================================================
SM 1612  997       510   3  2.19    T    289.9          M      121
================================================================================
AV 57.6 35.6                              10.4 FASTST   M    M   4    MAX(MPH)
                                 MISC ---->  # 37 270               # 48  270
================================================================================
NOTES:
# LAST OF SEVERAL OCCURRENCES

COLUMN 17 PEAK WIND IN M.P.H.

PRELIMINARY LOCAL CLIMATOLOGICAL DATA (WS FORM: F-6) , PAGE 2

                                          STATION:  LEXINGTON KY
                                          MONTH:    MARCH
                                          YEAR:     2017
                                          LATITUDE:   38  1 N
                                          LONGITUDE:  84 36 W

[TEMPERATURE DATA]      [PRECIPITATION DATA]       SYMBOLS USED IN COLUMN 16

AVERAGE MONTHLY: 46.6   TOTAL FOR MONTH:   2.19    1 = FOG OR MIST
DPTR FM NORMAL:   1.6   DPTR FM NORMAL:   -1.48    2 = FOG REDUCING VISIBILITY
HIGHEST:    78 ON 24    GRTST 24HR  0.80 ON  1- 1      TO 1/4 MILE OR LESS
LOWEST:     16 ON 16                               3 = THUNDER
                        SNOW, ICE PELLETS, HAIL    4 = ICE PELLETS
                        TOTAL MONTH:    T          5 = HAIL
                        GRTST 24HR    T  ON 14-14  6 = FREEZING RAIN OR DRIZZLE
                        GRTST DEPTH:   0           7 = DUSTSTORM OR SANDSTORM:
                                                       VSBY 1/2 MILE OR LESS
                                                   8 = SMOKE OR HAZE
[NO. OF DAYS WITH]      [WEATHER - DAYS WITH]      9 = BLOWING SNOW
                                                   X = TORNADO
MAX 32 OR BELOW:   0    0.01 INCH OR MORE:   9
MAX 90 OR ABOVE:   0    0.10 INCH OR MORE:   4
MIN 32 OR BELOW:  14    0.50 INCH OR MORE:   1
MIN  0 OR BELOW:   0    1.00 INCH OR MORE:   0

[HDD (BASE 65) ]
TOTAL THIS MO.   510    CLEAR  (SCALE 0-3)  11
DPTR FM NORMAL   -50    PTCLDY (SCALE 4-7)  12
TOTAL FM JUL 1  3220    CLOUDY (SCALE 8-10)  5
DPTR FM NORMAL  -911

[CDD (BASE 65) ]
TOTAL THIS MO.     3
DPTR FM NORMAL     3    [PRESSURE DATA]
TOTAL FM JAN 1     7    HIGHEST SLP M ON M
DPTR FM NORMAL     7    LOWEST  SLP 29.59 ON  1

[REMARKS]
