526
CXUS54 KSHV 241300
CF6LFK
PRELIMINARY LOCAL CLIMATOLOGICAL DATA (WS FORM: F-6)

                                          STATION:   LUFKIN
                                          MONTH:     AUGUST
                                          YEAR:      2016
                                          LATITUDE:   31 14 N
                                          LONGITUDE:  94 45 W

  TEMPERATURE IN F:       :PCPN:    SNOW:  WIND      :SUNSHINE: SKY     :PK WND
================================================================================
1   2   3   4   5  6A  6B    7    8   9   10  11  12  13   14  15   16   17  18
                                     12Z  AVG MX 2MIN
DY MAX MIN AVG DEP HDD CDD  WTR  SNW DPTH SPD SPD DIR MIN PSBL S-S WX    SPD DR
================================================================================

 1  96  73  85   2   0  20 0.00  0.0    0  4.5 14 260   M    M   1 1      17 250
 2  97  74  86   3   0  21 0.00  0.0    0  2.3  9 150   M    M   2 1      13 260
 3  99  74  87   4   0  22 0.00  0.0    0  2.8  8 340   M    M   2        11 330
 4  99  74  87   4   0  22 0.00  0.0    0  3.6  9 230   M    M   2        14 220
 5  98  75  87   4   0  22    T  0.0    0  4.0 18 160   M    M   1 1      24 160
 6  96  75  86   3   0  21 0.09  0.0    0  4.9 15  10   M    M   2        19  40
 7  99  73  86   3   0  21    T  0.0    0  4.1 26  80   M    M   1 3      34  90
 8  97  72  85   2   0  20 0.07  0.0    0  3.4 28  80   M    M   2 13     35  70
 9  99  74  87   4   0  22    T  0.0    0  3.4 13  90   M    M   1        14  90
10  99  74  87   4   0  22    T  0.0    0  3.9 12 250   M    M   2 138    15 250
11 101  75  88   5   0  23    T  0.0    0  4.6 15  90   M    M   1 38     22  80
12  99  77  88   5   0  23 0.00  0.0    0  6.5 15 260   M    M   0        19 250
13  93  76  85   2   0  20    T  0.0    0  5.0 12  20   M    M   4 3      15  40
14  82  69  76  -7   0  11 0.74  0.0    0  5.3 20 220   M    M   9 1      26 210
15  85  71  78  -5   0  13 0.33  0.0    0  4.7 21 160   M    M   8 13     30 170
16  85  73  79  -4   0  14 1.15  0.0    0  5.6 21 220   M    M   8 13     31 210
17  86  73  80  -3   0  15 0.07  0.0    0  5.4 16 160   M    M   8 1      20 160
18  86  72  79  -4   0  14 0.44  0.0    0  3.8 16 220   M    M   7 13     22 210
19  91  72  82  -1   0  17 0.30  0.0    0  5.0 29 180   M    M   5 123    38 170
20  90  74  82  -1   0  17 0.22  0.0    0  5.1 17 260   M    M   3 13     23 250
21  80  73  77  -6   0  12 0.31  0.0    0  2.6 10 210   M    M   6 1      14 210
22  89  73  81  -2   0  16 0.11  0.0    0  3.8 13 270   M    M   2 13     18 250
23  92  71  82   0   0  17 0.14  0.0    0  4.9 24 190   M    M   3 1238   31 190
================================================================================
SM 2138 1687         0 425  3.97     0.0  99.2          M       80
================================================================================
AV 93.0 73.3                               4.3 FASTST   M    M   3    MAX(MPH)
                                 MISC ---->  # 29 180               # 38  170
================================================================================
NOTES:
# LAST OF SEVERAL OCCURRENCES

COLUMN 17 PEAK WIND IN M.P.H.

PRELIMINARY LOCAL CLIMATOLOGICAL DATA (WS FORM: F-6) , PAGE 2

                                          STATION:  LUFKIN
                                          MONTH:    AUGUST
                                          YEAR:     2016
                                          LATITUDE:   31 14 N
                                          LONGITUDE:  94 45 W

[TEMPERATURE DATA]      [PRECIPITATION DATA]       SYMBOLS USED IN COLUMN 16

AVERAGE MONTHLY: 83.2   TOTAL FOR MONTH:   3.97    1 = FOG OR MIST
DPTR FM NORMAL:   0.2   DPTR FM NORMAL:    1.53    2 = FOG REDUCING VISIBILITY
HIGHEST:   101 ON 11    GRTST 24HR  1.15 ON 16-16      TO 1/4 MILE OR LESS
LOWEST:     69 ON 14                               3 = THUNDER
                        SNOW, ICE PELLETS, HAIL    4 = ICE PELLETS
                        TOTAL MONTH:   0.0 INCH    5 = HAIL
                        GRTST 24HR     0.0         6 = FREEZING RAIN OR DRIZZLE
                        GRTST DEPTH:   0           7 = DUSTSTORM OR SANDSTORM:
                                                       VSBY 1/2 MILE OR LESS
                                                   8 = SMOKE OR HAZE
[NO. OF DAYS WITH]      [WEATHER - DAYS WITH]      9 = BLOWING SNOW
                                                   X = TORNADO
MAX 32 OR BELOW:   0    0.01 INCH OR MORE:  12
MAX 90 OR ABOVE:  16    0.10 INCH OR MORE:   9
MIN 32 OR BELOW:   0    0.50 INCH OR MORE:   2
MIN  0 OR BELOW:   0    1.00 INCH OR MORE:   1

[HDD (BASE 65) ]
TOTAL THIS MO.     0    CLEAR  (SCALE 0-3)  14
DPTR FM NORMAL     0    PTCLDY (SCALE 4-7)   7
TOTAL FM JUL 1     0    CLOUDY (SCALE 8-10)  2
DPTR FM NORMAL     0

[CDD (BASE 65) ]
TOTAL THIS MO.   425
DPTR FM NORMAL    11    [PRESSURE DATA]
TOTAL FM JAN 1  1957    HIGHEST SLP M ON M
DPTR FM NORMAL    72    LOWEST  SLP 29.71 ON 12

[REMARKS]
