000
CXUS54 KSHV 281300
CF6LFK
PRELIMINARY LOCAL CLIMATOLOGICAL DATA (WS FORM: F-6)

                                          STATION:   LUFKIN
                                          MONTH:     AUGUST
                                          YEAR:      2015
                                          LATITUDE:   31 14 N
                                          LONGITUDE:  94 45 W

  TEMPERATURE IN F:       :PCPN:    SNOW:  WIND      :SUNSHINE: SKY     :PK WND
================================================================================
1   2   3   4   5  6A  6B    7    8   9   10  11  12  13   14  15   16   17  18
                                     12Z  AVG MX 2MIN
DY MAX MIN AVG DEP HDD CDD  WTR  SNW DPTH SPD SPD DIR MIN PSBL S-S WX    SPD DR
================================================================================

 1  96  68  82  -1   0  17 0.00  0.0    0  6.1 14  80   M    M   0        20 110
 2  97  65  81  -2   0  16 0.00  0.0    0  2.7 14  60   M    M   0        18  90
 3  98  67  83   0   0  18 0.00  0.0    0  2.7 13  80   M    M   1        16  80
 4  98  70  84   1   0  19 0.00  0.0    0  4.6 14 200   M    M   1 1      18 150
 5  98  75  87   4   0  22 0.00  0.0    0  7.3 14 220   M    M   1        19 220
 6  98  77  88   5   0  23 0.00  0.0    0  8.3 18 240   M    M   1        24 210
 7 100  75  88   5   0  23 0.00  0.0    0  6.8 15 180   M    M   0        19 240
 8 101  74  88   5   0  23 0.00  0.0    0  5.1 15 220   M    M   0 1      22 240
 9 102  75  89   6   0  24 0.00  0.0    0  3.1 12 260   M    M   1        15 240
10 104  73  89   6   0  24 0.00  0.0    0  3.1 10 170   M    M   0        16 180
11 104  76  90   7   0  25    T  0.0    0  5.8 26  20   M    M   0 3      39  20
12 102  73  88   5   0  23 0.00  0.0    0  2.6 10 340   M    M   3        14 270
13  98  75  87   4   0  22 0.00  0.0    0  5.8 14  90   M    M   1        17  60
14  97  68  83   0   0  18 0.00  0.0    0  4.1 13  40   M    M   0        16  40
15  97  70  84   1   0  19 0.00  0.0    0  5.2 18 140   M    M   2        25 110
16  95  70  83   0   0  18    T  0.0    0  3.8 21 140   M    M   3 13     28 140
17  94  69  82  -1   0  17 0.00  0.0    0  4.2  9 190   M    M   3        12  80
18  97  72  85   2   0  20 0.01  0.0    M  8.1 21 160   M    M   1        28 160
19  92  75  84   1   0  19    T  0.0    0  7.1 18 130   M    M   3 3      25 150
20  83  73  78  -5   0  13 0.02  0.0    0  5.0 13 150   M    M   5        16 180
21  85  72  79  -4   0  14 0.06  0.0    0  4.6 10 110   M    M   2 1      14 130
22  93  75  84   1   0  19 0.32  0.0    0  6.4 18  60   M    M   5 13     24  70
23  96  75  86   4   0  21 0.00  0.0    0  4.1 13 210   M    M   4 1      17 240
24  99  73  86   4   0  21 0.00  0.0    0  3.3 15 130   M    M   1 3      19 120
25  84  69  77  -5   0  12 0.03  0.0    0  4.2 15 360   M    M   2 3      22 350
26  91  64  78  -4   0  13 0.00  0.0    0  4.3 12  70   M    M   1 1      17  60
27  92  60  76  -6   0  11 0.00  0.0    0  3.9 12  10   M    M   0        17  30
================================================================================
SM 2591 1928         0 514  0.44     0.0 132.3          M       41
================================================================================
AV 96.0 71.4                               4.9 FASTST   M    M   2    MAX(MPH)
                                 MISC ---->  # 26  20               # 39   20
================================================================================
NOTES:
# LAST OF SEVERAL OCCURRENCES

COLUMN 17 PEAK WIND IN M.P.H.

PRELIMINARY LOCAL CLIMATOLOGICAL DATA (WS FORM: F-6) , PAGE 2

                                          STATION:  LUFKIN
                                          MONTH:    AUGUST
                                          YEAR:     2015
                                          LATITUDE:   31 14 N
                                          LONGITUDE:  94 45 W

[TEMPERATURE DATA]      [PRECIPITATION DATA]       SYMBOLS USED IN COLUMN 16

AVERAGE MONTHLY: 83.7   TOTAL FOR MONTH:   0.44    1 = FOG OR MIST
DPTR FM NORMAL:   0.9   DPTR FM NORMAL:   -2.44    2 = FOG REDUCING VISIBILITY
HIGHEST:   104 ON 11,10 GRTST 24HR  0.32 ON 21-22      TO 1/4 MILE OR LESS
LOWEST:     60 ON 27                               3 = THUNDER
                        SNOW, ICE PELLETS, HAIL    4 = ICE PELLETS
                        TOTAL MONTH:   0.0 INCH    5 = HAIL
                        GRTST 24HR     0.0         6 = FREEZING RAIN OR DRIZZLE
                        GRTST DEPTH:   0           7 = DUSTSTORM OR SANDSTORM:
                                                       VSBY 1/2 MILE OR LESS
                                                   8 = SMOKE OR HAZE
[NO. OF DAYS WITH]      [WEATHER - DAYS WITH]      9 = BLOWING SNOW
                                                   X = TORNADO
MAX 32 OR BELOW:   0    0.01 INCH OR MORE:   5
MAX 90 OR ABOVE:  24    0.10 INCH OR MORE:   1
MIN 32 OR BELOW:   0    0.50 INCH OR MORE:   0
MIN  0 OR BELOW:   0    1.00 INCH OR MORE:   0

[HDD (BASE 65) ]
TOTAL THIS MO.     0    CLEAR  (SCALE 0-3)  23
DPTR FM NORMAL     0    PTCLDY (SCALE 4-7)   4
TOTAL FM JUL 1     0    CLOUDY (SCALE 8-10)  0
DPTR FM NORMAL     0

[CDD (BASE 65) ]
TOTAL THIS MO.   514
DPTR FM NORMAL    32    [PRESSURE DATA]
TOTAL FM JAN 1  2375    HIGHEST SLP M ON M
DPTR FM NORMAL   422    LOWEST  SLP 29.75 ON 18

[REMARKS]
