000
CXUS54 KLCH 221710
CF6LFT
PRELIMINARY LOCAL CLIMATOLOGICAL DATA (WS FORM: F-6)

                                          STATION:   LAFAYETTE
                                          MONTH:     JULY
                                          YEAR:      2014
                                          LATITUDE:   30 12 N
                                          LONGITUDE:  92  0 W

  TEMPERATURE IN F:       :PCPN:    SNOW:  WIND      :SUNSHINE: SKY     :PK WND
================================================================================
1   2   3   4   5  6A  6B    7    8   9   10  11  12  13   14  15   16   17  18
                                     12Z  AVG MX 2MIN
DY MAX MIN AVG DEP HDD CDD  WTR  SNW DPTH SPD SPD DIR MIN PSBL S-S WX    SPD DR
================================================================================

 1  93  77  85   2   0  20 0.00  0.0    0  6.0 14 210   M    M   2 13     17 200
 2  94  74  84   1   0  19 0.00  0.0    0  5.1 16 350   M    M   1 8      19 350
 3  92  72  82  -1   0  17 0.00  0.0    0  5.8 15 360   M    M   0        19  30
 4  90  71  81  -2   0  16 0.00  0.0    0  6.5 13  30   M    M   1 8      15  40
 5  90  67  79  -4   0  14 0.00  0.0    0  3.2 10  40   M    M   0        12  30
 6  92  69  81  -2   0  16 0.00  0.0    0  2.3  9 200   M    M   0        12 200
 7  93  73  83   0   0  18 0.00  0.0    0  4.4 14 190   M    M   2 1      19 230
 8  92  72  82  -1   0  17 1.07  0.0    0  4.5 30 340   M    M   1 13     35 340
 9  92  73  83   0   0  18 0.13  0.0    0  4.1 20  50   M    M   2 13     25 310
10  92  73  83   0   0  18 0.05  0.0    0  2.5 16 260   M    M   1 13     20 260
11  94  73  84   1   0  19 0.01  0.0    0  2.3 15  80   M    M   1 1      25  80
12  94  74  84   1   0  19 0.13  0.0    0  3.8 24  20   M    M   1 13     31  30
13  89  75  82  -1   0  17 0.01  0.0    M  2.1 12  60   M    M   3 3      17  60
14  92  74  83   0   0  18 0.45  0.0    0  5.6 20 210   M    M   2 13     37 240
15  87  75  81  -3   0  16 0.01  0.0    0  4.9 17 270   M    M   2 3      22 260
16  87  70  79  -5   0  14 0.00  0.0    0  7.2 14  20   M    M   1        17  20
17  86  67  77  -7   0  12 0.38  0.0    0  3.0 20 220   M    M   2 13     25 210
18  80  72  76  -8   0  11 2.99  0.0    0  4.6 26 190   M    M   8 13     37 190
19  84  74  79  -5   0  14 0.16  0.0    0  5.4 21 250   M    M   9 1      27 250
20  89  75  82  -2   0  17 0.02  0.0    0  3.1 10  20   M    M   6 1      15 320
21  91  74  83  -1   0  18 0.00  0.0    0  3.2 12  30   M    M   4 12     14  10
================================================================================
SM 1893 1524         0 348  5.41     0.0  89.6          M       49
================================================================================
AV 90.1 72.6                               4.3 FASTST   M    M   2    MAX(MPH)
                                 MISC ---->  # 30 340               # 37  240
================================================================================
NOTES:
# LAST OF SEVERAL OCCURRENCES

COLUMN 17 PEAK WIND IN M.P.H.

PRELIMINARY LOCAL CLIMATOLOGICAL DATA (WS FORM: F-6) , PAGE 2

                                          STATION:  LAFAYETTE
                                          MONTH:    JULY
                                          YEAR:     2014
                                          LATITUDE:   30 12 N
                                          LONGITUDE:  92  0 W

[TEMPERATURE DATA]      [PRECIPITATION DATA]       SYMBOLS USED IN COLUMN 16

AVERAGE MONTHLY: 81.4   TOTAL FOR MONTH:   5.41    1 = FOG OR MIST
DPTR FM NORMAL:  -2.0   DPTR FM NORMAL:    0.83    2 = FOG REDUCING VISIBILITY
HIGHEST:    94 ON 12,11 GRTST 24HR  3.10 ON 17-18      TO 1/4 MILE OR LESS
LOWEST:     67 ON 17, 5                            3 = THUNDER
                        SNOW, ICE PELLETS, HAIL    4 = ICE PELLETS
                        TOTAL MONTH:   0.0 INCH    5 = HAIL
                        GRTST 24HR     0.0         6 = FREEZING RAIN OR DRIZZLE
                        GRTST DEPTH:   0           7 = DUSTSTORM OR SANDSTORM:
                                                       VSBY 1/2 MILE OR LESS
                                                   8 = SMOKE OR HAZE
[NO. OF DAYS WITH]      [WEATHER - DAYS WITH]      9 = BLOWING SNOW
                                                   X = TORNADO
MAX 32 OR BELOW:   0    0.01 INCH OR MORE:  12
MAX 90 OR ABOVE:  14    0.10 INCH OR MORE:   7
MIN 32 OR BELOW:   0    0.50 INCH OR MORE:   2
MIN  0 OR BELOW:   0    1.00 INCH OR MORE:   2

[HDD (BASE 65) ]
TOTAL THIS MO.     0    CLEAR  (SCALE 0-3)  17
DPTR FM NORMAL     0    PTCLDY (SCALE 4-7)   3
TOTAL FM JUL 1     0    CLOUDY (SCALE 8-10)  1
DPTR FM NORMAL     0

[CDD (BASE 65) ]
TOTAL THIS MO.   348
DPTR FM NORMAL   -35    [PRESSURE DATA]
TOTAL FM JAN 1  1324    HIGHEST SLP M ON M
DPTR FM NORMAL  -171    LOWEST  SLP 29.86 ON 18

[REMARKS]
