000
CXUS51 KOKX 270701
CF6LGA
PRELIMINARY LOCAL CLIMATOLOGICAL DATA (WS FORM: F-6)

                                          STATION:   LAGUARDIA NY
                                          MONTH:     FEBRUARY
                                          YEAR:      2015
                                          LATITUDE:   40 46 N
                                          LONGITUDE:  73 54 W

  TEMPERATURE IN F:       :PCPN:    SNOW:  WIND      :SUNSHINE: SKY     :PK WND
================================================================================
1   2   3   4   5  6A  6B    7    8   9   10  11  12  13   14  15   16   17  18
                                     12Z  AVG MX 2MIN
DY MAX MIN AVG DEP HDD CDD  WTR  SNW DPTH SPD SPD DIR MIN PSBL S-S WX    SPD DR
================================================================================

 1  36  20  28  -5  37   0 0.04  0.4    5  7.6 16 300   M    M   7 1      21 300
 2  33  15  24 -10  41   0 1.08  6.1    9 16.7 32  50   M    M   9 12468  40  40
 3  28  14  21 -13  44   0 0.00  0.0    9 11.8 26 310   M    M   4        35 320
 4  41  23  32  -2  33   0 0.00  0.0    9  6.1 13 210   M    M   9        16 220
 5  40  14  27  -7  38   0    T    T    6 17.7 30 330   M    M   7        41 320
 6  27  12  20 -14  45   0 0.00  0.0    6 12.4 23 260   M    M   4        31 260
 7  36  26  31  -3  34   0 0.01  0.2    5  7.6 15 260   M    M   9 18     20 250
 8  36  30  33  -1  32   0 0.00  0.0    4 12.3 20  40   M    M  10 18     25  50
 9  31  26  29  -5  36   0 0.07  0.2    3 16.7 24  50   M    M  10 146    31  50
10  39  26  33  -1  32   0    T    T    4 12.3 21 360   M    M   9 6      25 360
11  33  22  28  -7  37   0 0.00  0.0    4  9.2 21 170   M    M   3        26  40
12  40  17  29  -6  36   0    T    T    4 12.9 33 330   M    M   9 8      41 320
13  22   9  16 -19  49   0 0.00  0.0    4 17.3 33 320   M    M   1        41 290
14  32  16  24 -11  41   0 0.05  0.6    4  8.1 20 190   M    M   9        25 210
15  26   5  16 -19  49   0 0.01  0.2    5 26.7 37 320   M    M   5        48 320
16  21   4  13 -23  52   0 0.00  0.0    5 13.4 31 310   M    M   6        38 310
17  28  14  21 -15  44   0 0.13  3.2    8  6.9 15  50   M    M   8 18     21  50
18  31  18  25 -11  40   0    T  0.1    7  6.6 16 250   M    M   6 1      22 220
19  27   9  18 -18  47   0 0.00  0.0    5 21.0 32 310   M    M   5        40 290
20  21   3  12 -24  53   0 0.00  0.0    5 17.3 30 290   M    M   1        38 290
21  32  14  23 -13  42   0 0.60  3.6    5  8.6 18 180   M    M   7 146    24 170
22  42  31  37   0  28   0 0.11  0.5    8  5.1 15 270   M    M   9 1468   21 310
23  38   8  23 -14  42   0 0.00  0.0    6 18.3 28 310   M    M   7        39 310
24  25   6  16 -21  49   0 0.00  0.0    6  8.9 21 310   M    M   5        24 310
25  38  21  30  -7  35   0 0.00  0.0    6 10.0 23 300   M    M   4        30 300
26  32  21  27 -10  38   0    T    T    5 10.7 17  40   M    M  10        24  50
================================================================================
SM  835  424      1054   0  2.10    15.1 322.2          M      173
================================================================================
AV 32.1 16.3                              12.4 FASTST   M    M   7    MAX(MPH)
                                 MISC ---->  # 37 320               # 48  320
================================================================================
NOTES:
# LAST OF SEVERAL OCCURRENCES

COLUMN 17 PEAK WIND IN M.P.H.

PRELIMINARY LOCAL CLIMATOLOGICAL DATA (WS FORM: F-6) , PAGE 2

                                          STATION:  LAGUARDIA NY
                                          MONTH:    FEBRUARY
                                          YEAR:     2015
                                          LATITUDE:   40 46 N
                                          LONGITUDE:  73 54 W

[TEMPERATURE DATA]      [PRECIPITATION DATA]       SYMBOLS USED IN COLUMN 16

AVERAGE MONTHLY: 24.2   TOTAL FOR MONTH:   2.10    1 = FOG OR MIST
DPTR FM NORMAL: -11.0   DPTR FM NORMAL:   -0.44    2 = FOG REDUCING VISIBILITY
HIGHEST:    42 ON 22    GRTST 24HR  1.10 ON  1- 2      TO 1/4 MILE OR LESS
LOWEST:      3 ON 20                               3 = THUNDER
                        SNOW, ICE PELLETS, HAIL    4 = ICE PELLETS
                        TOTAL MONTH:  15.1 INCHES  5 = HAIL
                        GRTST 24HR   6.1 ON   M    6 = FREEZING RAIN OR DRIZZLE
                        GRTST DEPTH:   9 ON  4, 3  7 = DUSTSTORM OR SANDSTORM:
                                                       VSBY 1/2 MILE OR LESS
                                                   8 = SMOKE OR HAZE
[NO. OF DAYS WITH]      [WEATHER - DAYS WITH]      9 = BLOWING SNOW
                                                   X = TORNADO
MAX 32 OR BELOW:  14    0.01 INCH OR MORE:   9
MAX 90 OR ABOVE:   0    0.10 INCH OR MORE:   4
MIN 32 OR BELOW:  26    0.50 INCH OR MORE:   2
MIN  0 OR BELOW:   0    1.00 INCH OR MORE:   1

[HDD (BASE 65) ]
TOTAL THIS MO.  1054    CLEAR  (SCALE 0-3)   3
DPTR FM NORMAL   278    PTCLDY (SCALE 4-7)  12
TOTAL FM JUL 1  3640    CLOUDY (SCALE 8-10) 11
DPTR FM NORMAL   265

[CDD (BASE 65) ]
TOTAL THIS MO.     0
DPTR FM NORMAL     0    [PRESSURE DATA]
TOTAL FM JAN 1     0    HIGHEST SLP M ON M
DPTR FM NORMAL     0    LOWEST  SLP 29.38 ON  2

[REMARKS]
