911
CXUS51 KOKX 250703
CF6LGA
PRELIMINARY LOCAL CLIMATOLOGICAL DATA (WS FORM: F-6)

                                          STATION:   LAGUARDIA NY
                                          MONTH:     MAY
                                          YEAR:      2016
                                          LATITUDE:   40 46 N
                                          LONGITUDE:  73 54 W

  TEMPERATURE IN F:       :PCPN:    SNOW:  WIND      :SUNSHINE: SKY     :PK WND
================================================================================
1   2   3   4   5  6A  6B    7    8   9   10  11  12  13   14  15   16   17  18
                                     12Z  AVG MX 2MIN
DY MAX MIN AVG DEP HDD CDD  WTR  SNW DPTH SPD SPD DIR MIN PSBL S-S WX    SPD DR
================================================================================

 1  52  45  49  -9  16   0 0.15  0.0    0  9.1 17  60   M    M  10 18     23  60
 2  62  45  54  -4  11   0 0.04  0.0    0  5.3 10 210   M    M   9 18     14  80
 3  55  51  53  -5  12   0 0.75  0.0    0  9.3 20  40   M    M  10 1      25  50
 4  54  49  52  -7  13   0 0.03  0.0    0 12.4 20  50   M    M  10 1      26  60
 5  58  47  53  -6  12   0 0.00  0.0    0 13.9 21  50   M    M  10 1      26  40
 6  55  49  52  -7  13   0 0.56  0.0    0 14.7 26  50   M    M  10 1      33  50
 7  57  49  53  -7  12   0    T  0.0    0  8.5 18  60   M    M   9 1      21  60
 8  65  49  57  -3   8   0 0.15  0.0    0 11.1 31 320   M    M   7 1      38 330
 9  74  54  64   4   1   0 0.00  0.0    0 12.7 29 270   M    M   7        37 280
10  65  51  58  -3   7   0 0.00  0.0    0  6.9 17 230   M    M   7        20 250
11  74  53  64   3   1   0 0.00  0.0    0  5.8 15 180   M    M   7        21 160
12  78  56  67   6   0   2 0.00  0.0    0  7.8 14  60   M    M   6        22  40
13  67  58  63   1   2   0 0.25  0.0    0  5.7 14 170   M    M   8 18     17 170
14  73  58  66   4   0   1    T  0.0    0 10.9 32 270   M    M   5        40 260
15  59  47  53  -9  12   0    T  0.0    0 18.2 35 290   M    M   6        44 290
16  68  44  56  -6   9   0 0.00  0.0    0 17.4 33 290   M    M   3 8      41 300
17  68  56  62  -1   3   0    T  0.0    0  9.6 20 220   M    M   9 8      25 220
18  69  55  62  -1   3   0    T  0.0    0  8.0 15 210   M    M   8 8      23  50
19  71  56  64   1   1   0 0.00  0.0    0  5.8 17 170   M    M   7        22 170
20  78  57  68   4   0   3 0.00  0.0    0  7.5 17 180   M    M   5        22 160
21  67  56  62  -2   3   0 0.07  0.0    0  7.2 16 120   M    M   9 1      20 120
22  71  54  63  -1   2   0 0.11  0.0    0  7.3 14 160   M    M   8        17 160
23  77  56  67   2   0   2    T  0.0    0  6.9 16 160   M    M   6        20 170
24  76  60  68   3   0   3 0.28  0.0    0  4.3 17  20   M    M   8 1      21 340
================================================================================
SM 1593 1255       141  11  2.39     0.0 226.3          M      184
================================================================================
AV 66.4 52.3                               9.4 FASTST   M    M   8    MAX(MPH)
                                 MISC ---->  # 35 290               # 44  290
================================================================================
NOTES:
# LAST OF SEVERAL OCCURRENCES

COLUMN 17 PEAK WIND IN M.P.H.

PRELIMINARY LOCAL CLIMATOLOGICAL DATA (WS FORM: F-6) , PAGE 2

                                          STATION:  LAGUARDIA NY
                                          MONTH:    MAY
                                          YEAR:     2016
                                          LATITUDE:   40 46 N
                                          LONGITUDE:  73 54 W

[TEMPERATURE DATA]      [PRECIPITATION DATA]       SYMBOLS USED IN COLUMN 16

AVERAGE MONTHLY: 59.3   TOTAL FOR MONTH:   2.39    1 = FOG OR MIST
DPTR FM NORMAL:  -2.0   DPTR FM NORMAL:   -0.45    2 = FOG REDUCING VISIBILITY
HIGHEST:    78 ON 20,12 GRTST 24HR  0.79 ON  2- 3      TO 1/4 MILE OR LESS
LOWEST:     44 ON 16                               3 = THUNDER
                        SNOW, ICE PELLETS, HAIL    4 = ICE PELLETS
                        TOTAL MONTH:   0.0 INCH    5 = HAIL
                        GRTST 24HR     0.0         6 = FREEZING RAIN OR DRIZZLE
                        GRTST DEPTH:   0           7 = DUSTSTORM OR SANDSTORM:
                                                       VSBY 1/2 MILE OR LESS
                                                   8 = SMOKE OR HAZE
[NO. OF DAYS WITH]      [WEATHER - DAYS WITH]      9 = BLOWING SNOW
                                                   X = TORNADO
MAX 32 OR BELOW:   0    0.01 INCH OR MORE:  10
MAX 90 OR ABOVE:   0    0.10 INCH OR MORE:   7
MIN 32 OR BELOW:   0    0.50 INCH OR MORE:   2
MIN  0 OR BELOW:   0    1.00 INCH OR MORE:   0

[HDD (BASE 65) ]
TOTAL THIS MO.   141    CLEAR  (SCALE 0-3)   1
DPTR FM NORMAL    22    PTCLDY (SCALE 4-7)  14
TOTAL FM JUL 1  3652    CLOUDY (SCALE 8-10)  9
DPTR FM NORMAL  -981

[CDD (BASE 65) ]
TOTAL THIS MO.    11
DPTR FM NORMAL   -24    [PRESSURE DATA]
TOTAL FM JAN 1    24    HIGHEST SLP M ON M
DPTR FM NORMAL   -19    LOWEST  SLP 29.59 ON 14

[REMARKS]
