000
CXUS55 KPUB 261059
CF6LHX
PRELIMINARY LOCAL CLIMATOLOGICAL DATA (WS FORM: F-6)

                                          STATION:   LA JUNTA CO
                                          MONTH:     APRIL
                                          YEAR:      2017
                                          LATITUDE:   38  2 N
                                          LONGITUDE: 103 31 W

  TEMPERATURE IN F:       :PCPN:    SNOW:  WIND      :SUNSHINE: SKY     :PK WND
================================================================================
1   2   3   4   5  6A  6B    7    8   9   10  11  12  13   14  15   16   17  18
                                     12Z  AVG MX 2MIN
DY MAX MIN AVG DEP HDD CDD  WTR  SNW DPTH SPD SPD DIR MIN PSBL S-S WX    SPD DR
================================================================================

 1  43  32  38 -10  27   0    M    M    0  6.8 14 360   M    M   9 1      16 360
 2  64  27  46  -3  19   0 0.00  0.0    0  5.6 18 250   M    M   4 12     21 250
 3  61  43  52   3  13   0    M    M    0  9.9 24  70   M    M   5        30  70
 4  45  33  39 -10  26   0    M    M    M 12.4 23  70   M    M  10 1      29  70
 5  56  32  44  -6  21   0 0.00  0.0    0  9.8 16 290   M    M   2        22 290
 6  67  33  50   0  15   0 0.00  0.0    0  8.2 15 280   M    M   0        18 270
 7  83  40  62  12   3   0 0.00  0.0    0 11.2 22 230   M    M   0        29 250
 8  77  51  64  14   1   0 0.00  0.0    0 14.7 28 210   M    M   0        33 220
 9  77  42  60   9   5   0 0.00  0.0    0 16.8 32 260   M    M   0        38 270
10  65  35  50  -1  15   0 0.00  0.0    0  9.0 23 110   M    M   0        28 110
11  78  31  55   4  10   0 0.00  0.0    0  9.3 21 200   M    M   0        24 190
12  82  52  67  15   0   2 0.00  0.0    0 10.1 21 240   M    M   1        27 190
13  79  40  60   8   5   0 0.00  0.0    0  8.1 26 110   M    M   0        33 100
14  89  46  68  16   0   3 0.00  0.0    0 15.7 33 230   M    M   0        41 240
15  80  47  64  12   1   0 0.00  0.0    0  8.8 18 250   M    M   0        21 260
16  71  50  61   8   4   0 0.00  0.0    0  9.3 22 120   M    M   4        25 120
17  81  53  67  14   0   2 0.00  0.0    0 10.9 30 130   M    M   4 13     36 120
18  81  47  64  11   1   0 0.00  0.0    0 11.9 20 130   M    M   0        26 120
19  86  53  70  16   0   5 0.00  0.0    0 13.0 39  40   M    M   0        49  40
20  68  48  58   4   7   0    M    M    0 12.1 24  40   M    M   7 3      30 130
21  58  43  51  -3  14   0    M    M    0 12.7 30  20   M    M   8 13     36  20
22  58  41  50  -5  15   0    T  0.0    0  4.8 12  80   M    M   6        13  80
23  81  37  59   4   6   0 0.00  0.0    0  9.1 25 210   M    M   0        32 200
24  80  53  67  12   0   2 0.00  0.0    0 13.3 29 250   M    M   0 8      35 240
25  59  43  51  -5  14   0 0.74    M    0 13.0 30  20   M    M   6 1      35  10
================================================================================
SM 1769 1052       222  14  0.74     0.0 266.5          M       66
================================================================================
AV 70.8 42.1                              10.7 FASTST   M    M   3    MAX(MPH)
                                 MISC ---->  # 39  40               # 49   40
================================================================================
NOTES:
# LAST OF SEVERAL OCCURRENCES

COLUMN 17 PEAK WIND IN M.P.H.

PRELIMINARY LOCAL CLIMATOLOGICAL DATA (WS FORM: F-6) , PAGE 2

                                          STATION:  LA JUNTA CO
                                          MONTH:    APRIL
                                          YEAR:     2017
                                          LATITUDE:   38  2 N
                                          LONGITUDE: 103 31 W

[TEMPERATURE DATA]      [PRECIPITATION DATA]       SYMBOLS USED IN COLUMN 16

AVERAGE MONTHLY: 56.4   TOTAL FOR MONTH:   0.74    1 = FOG OR MIST
DPTR FM NORMAL:   4.5   DPTR FM NORMAL:   -0.28    2 = FOG REDUCING VISIBILITY
HIGHEST:    89 ON 14    GRTST 24HR  0.74 ON 25-25      TO 1/4 MILE OR LESS
LOWEST:     27 ON  2                               3 = THUNDER
                        SNOW, ICE PELLETS, HAIL    4 = ICE PELLETS
                        TOTAL MONTH:   0.0 INCH    5 = HAIL
                        GRTST 24HR     0.0         6 = FREEZING RAIN OR DRIZZLE
                        GRTST DEPTH:   0           7 = DUSTSTORM OR SANDSTORM:
                                                       VSBY 1/2 MILE OR LESS
                                                   8 = SMOKE OR HAZE
[NO. OF DAYS WITH]      [WEATHER - DAYS WITH]      9 = BLOWING SNOW
                                                   X = TORNADO
MAX 32 OR BELOW:   0    0.01 INCH OR MORE:   1
MAX 90 OR ABOVE:   0    0.10 INCH OR MORE:   1
MIN 32 OR BELOW:   4    0.50 INCH OR MORE:   1
MIN  0 OR BELOW:   0    1.00 INCH OR MORE:   0

[HDD (BASE 65) ]
TOTAL THIS MO.   222    CLEAR  (SCALE 0-3)  15
DPTR FM NORMAL  -110    PTCLDY (SCALE 4-7)   8
TOTAL FM JUL 1  4035    CLOUDY (SCALE 8-10)  2
DPTR FM NORMAL -1045

[CDD (BASE 65) ]
TOTAL THIS MO.    14
DPTR FM NORMAL    13    [PRESSURE DATA]
TOTAL FM JAN 1    25    HIGHEST SLP M ON M
DPTR FM NORMAL    23    LOWEST  SLP 29.38 ON 25

[REMARKS]
