000
CXHW51 PHFO 181250
CF6LIH
PRELIMINARY LOCAL CLIMATOLOGICAL DATA (WS FORM: F-6)

                                          STATION:   LIHUE HI
                                          MONTH:     JANUARY
                                          YEAR:      2017
                                          LATITUDE:   21 58 N
                                          LONGITUDE: 159 21 W

  TEMPERATURE IN F:       :PCPN:    SNOW:  WIND      :SUNSHINE: SKY     :PK WND
================================================================================
1   2   3   4   5  6A  6B    7    8   9   10  11  12  13   14  15   16   17  18
                                     12Z  AVG MX 2MIN
DY MAX MIN AVG DEP HDD CDD  WTR  SNW DPTH SPD SPD DIR MIN PSBL S-S WX    SPD DR
================================================================================

 1  77  64  71  -1   0   6 0.01  0.0    0 10.9 21  50   M    M   6        25  20
 2  77  64  71  -1   0   6    T  0.0    0  9.0 15  70   M    M   6        19  20
 3  77  61  69  -3   0   4 0.01  0.0    0 11.1 21  40   M    M   3        25  40
 4  76  66  71  -1   0   6 0.10  0.0    0  9.7 22  20   M    M   8 1      25  20
 5  76  62  69  -3   0   4    T  0.0    0  8.1 16  10   M    M   7        22 350
 6  76  58  67  -5   0   2 0.00  0.0    0  8.7 16 360   M    M   1        19  30
 7  77  61  69  -3   0   4 0.01  0.0    0  9.8 21  20   M    M   7        24  20
 8  78  62  70  -2   0   5 0.00  0.0    0  7.9 16  40   M    M   5        20  40
 9  81  59  70  -2   0   5 0.00  0.0    0  7.8 15 160   M    M   3        18 160
10  80  65  73   1   0   8 0.00  0.0    0  6.7 10 280   M    M   4        13 110
11  81  63  72   0   0   7 0.00  0.0    0  8.1 15 170   M    M   4        19 170
12  81  69  75   3   0  10 0.00  0.0    0  7.9 15 170   M    M   4 8      18 180
13  81  65  73   1   0   8 0.00  0.0    0  7.2 16 180   M    M   3        20 170
14  82  66  74   2   0   9 0.00  0.0    0  6.9 15 180   M    M   1        18 190
15  80  65  73   1   0   8    T  0.0    0  6.7 10  70   M    M   4        13 320
16  80  67  74   2   0   9 0.00  0.0    0  7.4 12  70   M    M   6        13  60
17  82  71  77   5   0  12    T  0.0    0  9.7 16  60   M    M   6        22  60
================================================================================
SM 1342 1088         0 113  0.13     0.0 143.6          M       78
================================================================================
AV 78.9 64.0                               8.4 FASTST   M    M   5    MAX(MPH)
                                 MISC ---->  # 22  20               # 25   20
================================================================================
NOTES:
# LAST OF SEVERAL OCCURRENCES

COLUMN 17 PEAK WIND IN M.P.H.

PRELIMINARY LOCAL CLIMATOLOGICAL DATA (WS FORM: F-6) , PAGE 2

                                          STATION:  LIHUE HI
                                          MONTH:    JANUARY
                                          YEAR:     2017
                                          LATITUDE:   21 58 N
                                          LONGITUDE: 159 21 W

[TEMPERATURE DATA]      [PRECIPITATION DATA]       SYMBOLS USED IN COLUMN 16

AVERAGE MONTHLY: 71.5   TOTAL FOR MONTH:   0.13    1 = FOG OR MIST
DPTR FM NORMAL:  -0.5   DPTR FM NORMAL:   -2.00    2 = FOG REDUCING VISIBILITY
HIGHEST:    82 ON 17,14 GRTST 24HR  0.11 ON  3- 4      TO 1/4 MILE OR LESS
LOWEST:     58 ON  6                               3 = THUNDER
                        SNOW, ICE PELLETS, HAIL    4 = ICE PELLETS
                        TOTAL MONTH:   0.0 INCH    5 = HAIL
                        GRTST 24HR     0.0         6 = FREEZING RAIN OR DRIZZLE
                        GRTST DEPTH:   0           7 = DUSTSTORM OR SANDSTORM:
                                                       VSBY 1/2 MILE OR LESS
                                                   8 = SMOKE OR HAZE
[NO. OF DAYS WITH]      [WEATHER - DAYS WITH]      9 = BLOWING SNOW
                                                   X = TORNADO
MAX 32 OR BELOW:   0    0.01 INCH OR MORE:   4
MAX 90 OR ABOVE:   0    0.10 INCH OR MORE:   1
MIN 32 OR BELOW:   0    0.50 INCH OR MORE:   0
MIN  0 OR BELOW:   0    1.00 INCH OR MORE:   0

[HDD (BASE 65) ]
TOTAL THIS MO.     0    CLEAR  (SCALE 0-3)   3
DPTR FM NORMAL     0    PTCLDY (SCALE 4-7)  13
TOTAL FM JUL 1     0    CLOUDY (SCALE 8-10)  1
DPTR FM NORMAL     0

[CDD (BASE 65) ]
TOTAL THIS MO.   113
DPTR FM NORMAL    -6    [PRESSURE DATA]
TOTAL FM JAN 1   113    HIGHEST SLP M ON M
DPTR FM NORMAL    -6    LOWEST  SLP 29.92 ON  3

[REMARKS]
