000
CXUS54 KLZK 011130
CF6LLQ
PRELIMINARY LOCAL CLIMATOLOGICAL DATA (WS FORM: F-6)

                                          STATION:   Monticello
                                          MONTH:     APRIL
                                          YEAR:      2016
                                          LATITUDE:   33 37 N
                                          LONGITUDE:  91 45 W

  TEMPERATURE IN F:       :PCPN:    SNOW:  WIND      :SUNSHINE: SKY     :PK WND
================================================================================
1   2   3   4   5  6A  6B    7    8   9   10  11  12  13   14  15   16   17  18
                                     12Z  AVG MX 2MIN
DY MAX MIN AVG DEP HDD CDD  WTR  SNW DPTH SPD SPD DIR MIN PSBL S-S WX    SPD DR
================================================================================

 1  67  46  57  -2   8   0 0.00  0.0    0  4.5 14  10   M    M   3        22  10
 2  68  42  55  -5  10   0 0.00  0.0    0  6.0 15 270   M    M   0        27 270
 3  76  43  60   0   5   0 0.00  0.0    0  5.8 14 190   M    M   0        20 180
 4  84  55  70  10   0   5 0.00  0.0    0  6.7 16 210   M    M   0        23 250
 5  79  55  67   7   0   2 0.00  0.0    0  6.1 16  60   M    M   1        21  80
 6  76  54  65   4   0   0    T  0.0    0  8.8 23 220   M    M   2        34 260
 7  84  48  66   5   0   1    T    M    0  7.8 17 250   M    M   0        27 250
 8  72  44  58  -3   7   0 0.00  0.0    0  5.2 17 320   M    M   0        25 290
 9  75  44  60  -1   5   0    T  0.0    0  4.5 14  60   M    M   2        18  50
10  83  56  70   8   0   5 0.00  0.0    0 11.7 28 190   M    M   3        38 190
11  72  57  65   3   0   0 0.90  0.0    0  7.1 20 250   M    M   8 13     26 250
12  68  53  61  -1   4   0 0.01  0.0    0  8.0 20  60   M    M   3        26  60
13  70  52  61  -1   4   0    T  0.0    0  4.9 10  70   M    M   6        16  30
14  67  52  60  -3   5   0 0.07  0.0    0  4.0 13  50   M    M   8 18     16  60
15  68  61  65   2   0   0 1.16  0.0    0  8.0 15  90   M    M  10 1      21 110
16  68  60  64   1   1   0 0.00  0.0    0  8.1 15 120   M    M  10 1      21 120
17  79  58  69   5   0   4 0.00  0.0    0  8.2 17 100   M    M   2        25 130
18  78  60  69   5   0   4 0.01  0.0    0  4.8 14 130   M    M   3 8      19 110
19  67  56  62  -2   3   0 1.88  0.0    0  4.4 12  70   M    M   9 1      15  70
20  76  59  68   4   0   3 0.11  0.0    0  5.0 15 200   M    M   9 12     20 190
21  78  64  71   6   0   6 0.00  0.0    0  4.6 12 250   M    M   6 1      15 260
22  79  57  68   3   0   3 0.00  0.0    0  4.3 13 320   M    M   3        19 320
23  83  53  68   3   0   3 0.00  0.0    0  2.5 12  40   M    M   1 8      15  40
24  83  54  69   3   0   4 0.00  0.0    0  4.4 14 170   M    M   1        23 150
25  85  63  74   8   0   9 0.00  0.0    0  5.6 15 200   M    M   3        20 200
26  86  67  77  11   0  12 0.00  0.0    0  6.7 15 190   M    M   5        20 190
27  81  63  72   6   0   7 0.30  0.0    0  6.7 22 110   M    M   4 13     33 300
28  86  60  73   6   0   8 0.00  0.0    0  3.6 10  50   M    M   0        14  80
29  76  62  69   2   0   4 0.34  0.0    0  4.8 14 140   M    M   6 13     21 150
30  82  66  74   7   0   9 0.77  0.0    0  7.6 30 170   M    M   4 13     42 170
================================================================================
SM 2296 1664        52  89  5.55     0.0 180.4          M      112
================================================================================
AV 76.5 55.5                               6.0 FASTST   M    M   4    MAX(MPH)
                                 MISC ---->  # 30 170               # 42  170
================================================================================
NOTES:
# LAST OF SEVERAL OCCURRENCES

COLUMN 17 PEAK WIND IN M.P.H.

PRELIMINARY LOCAL CLIMATOLOGICAL DATA (WS FORM: F-6) , PAGE 2

                                          STATION:  Monticello
                                          MONTH:    APRIL
                                          YEAR:     2016
                                          LATITUDE:   33 37 N
                                          LONGITUDE:  91 45 W

[TEMPERATURE DATA]      [PRECIPITATION DATA]       SYMBOLS USED IN COLUMN 16

AVERAGE MONTHLY: 66.0   TOTAL FOR MONTH:   5.55    1 = FOG OR MIST
DPTR FM NORMAL:   2.8   DPTR FM NORMAL:    0.76    2 = FOG REDUCING VISIBILITY
HIGHEST:    86 ON 28,26 GRTST 24HR  1.89 ON 18-19      TO 1/4 MILE OR LESS
LOWEST:     42 ON  2                               3 = THUNDER
                        SNOW, ICE PELLETS, HAIL    4 = ICE PELLETS
                        TOTAL MONTH:   0.0 INCH    5 = HAIL
                        GRTST 24HR     0.0         6 = FREEZING RAIN OR DRIZZLE
                        GRTST DEPTH:   0           7 = DUSTSTORM OR SANDSTORM:
                                                       VSBY 1/2 MILE OR LESS
                                                   8 = SMOKE OR HAZE
[NO. OF DAYS WITH]      [WEATHER - DAYS WITH]      9 = BLOWING SNOW
                                                   X = TORNADO
MAX 32 OR BELOW:   0    0.01 INCH OR MORE:  10
MAX 90 OR ABOVE:   0    0.10 INCH OR MORE:   7
MIN 32 OR BELOW:   0    0.50 INCH OR MORE:   4
MIN  0 OR BELOW:   0    1.00 INCH OR MORE:   2

[HDD (BASE 65) ]
TOTAL THIS MO.    52    CLEAR  (SCALE 0-3)  16
DPTR FM NORMAL   -80    PTCLDY (SCALE 4-7)  10
TOTAL FM JUL 1  1913    CLOUDY (SCALE 8-10)  4
DPTR FM NORMAL  -767

[CDD (BASE 65) ]
TOTAL THIS MO.    89
DPTR FM NORMAL    11    [PRESSURE DATA]
TOTAL FM JAN 1   132    HIGHEST SLP 30.27 ON  5
DPTR FM NORMAL    26    LOWEST  SLP 29.58 ON 27

[REMARKS]
ALL SNOWFALL DATA IS FROM THE UNIVERSITY OF ARKANSAS AT MONTICELLO COOPERATIVE OBSERVER SITE
#FINAL-04-16#
