000
CXUS53 KLMK 290800
CF6LOU
PRELIMINARY LOCAL CLIMATOLOGICAL DATA (WS FORM: F-6)

                                          STATION:   LOUISVILLE BOWMAN KY
                                          MONTH:     JUNE
                                          YEAR:      2015
                                          LATITUDE:   38 13 N
                                          LONGITUDE:  85 40 W

  TEMPERATURE IN F:       :PCPN:    SNOW:  WIND      :SUNSHINE: SKY     :PK WND
================================================================================
1   2   3   4   5  6A  6B    7    8   9   10  11  12  13   14  15   16   17  18
                                     12Z  AVG MX 2MIN
DY MAX MIN AVG DEP HDD CDD  WTR  SNW DPTH SPD SPD DIR MIN PSBL S-S WX    SPD DR
================================================================================

 1  62  56  59 -12   6   0 0.16    M    M  6.5 12  40   M    M  10 1      15  30
 2  66  57  62 -10   3   0 0.00    M    M  6.3 10  70   M    M   8 8      15  80
 3  71  60  66  -6   0   1 0.00    M    M  3.0  8  80   M    M   9        11  70
 4  84  56  70  -2   0   5 0.00    M    M  2.0 15 290   M    M   2 18     19 290
 5  87  59  73   1   0   8 0.00    M    M  2.7 13 270   M    M   2        17 280
 6  86  66  76   3   0  11 0.00    M    M  5.9 13  30   M    M   2 8      16 110
 7  90  64  77   4   0  12 0.00    M    M  7.2 17 190   M    M   1 18     24 210
 8  81  69  75   2   0  10 0.22    M    M  6.6 16 290   M    M   3 18     21 320
 9  88  68  78   4   0  13 0.00    M    M  3.7 14 290   M    M   2 1      20 310
10  91  63  77   3   0  12 0.00    M    M  3.4 13 210   M    M   1 18     16 200
11  93  68  81   7   0  16 0.00    M    M  4.9 14 180   M    M   1 8      21 240
12  91  74  83   9   0  18 0.00    M    M  8.4 17 220   M    M   2        26 200
13  90  75  83   8   0  18 0.02    M    M  7.6 18 260   M    M   2 3      24 250
14  90  75  83   8   0  18    T    M    M  7.2 16 220   M    M   2        22 200
15  93  76  85  10   0  20 0.00    M    M  7.8 20 260   M    M   2        27 270
16  90  74  82   6   0  17 0.08    M    M  8.9 18 270   M    M   5 3      23 270
17  89  72  81   5   0  16 0.77    M    M  6.2 21 260   M    M   4 138    29 260
18  90  70  80   4   0  15 1.72    M    M  4.4 35 280   M    M   3 123    45 270
19  86  71  79   3   0  14 0.47    M    M  4.2 22 180   M    M   5 138    33 180
20  85  72  79   3   0  14 1.16    M    M  9.6 18 280   M    M   7 1      25 280
21  89  71  80   3   0  15 0.11    M    M  6.8 16 290   M    M   2 13     22 290
22  88  69  79   2   0  14 0.13    M    M  6.9 16 230   M    M   2 13     23 220
23  92  75  84   7   0  19 0.00    M    M  8.9 20 260   M    M   2        25 250
24  86  68  77   0   0  12 0.00    M    M  3.6 10 350   M    M   0        13 350
25  89  65  77   0   0  12 0.42    M    M  5.6 22 310   M    M   3 13     32 310
26  87  69  78   1   0  13 0.96    M    M  4.3 28 200   M    M   3 13     44 220
27  78  64  71  -6   0   6 0.37    M    M 10.1 23 310   M    M   7 1      30 310
28  80  58  69  -9   0   4 0.00    M    M  4.7 13 310   M    M   2        19 320
================================================================================
SM 2392 1884         9 333  6.59    M    167.4          M       94
================================================================================
AV 85.4 67.3                               6.0 FASTST   M    M   3    MAX(MPH)
                                 MISC ---->  # 35 280               # 45  270
================================================================================
NOTES:
# LAST OF SEVERAL OCCURRENCES

COLUMN 17 PEAK WIND IN M.P.H.

PRELIMINARY LOCAL CLIMATOLOGICAL DATA (WS FORM: F-6) , PAGE 2

                                          STATION:  LOUISVILLE BOWMAN KY
                                          MONTH:    JUNE
                                          YEAR:     2015
                                          LATITUDE:   38 13 N
                                          LONGITUDE:  85 40 W

[TEMPERATURE DATA]      [PRECIPITATION DATA]       SYMBOLS USED IN COLUMN 16

AVERAGE MONTHLY: 76.4   TOTAL FOR MONTH:   6.59    1 = FOG OR MIST
DPTR FM NORMAL:   1.5   DPTR FM NORMAL:    2.69    2 = FOG REDUCING VISIBILITY
HIGHEST:    93 ON 15,11 GRTST 24HR  1.75 ON 18-19      TO 1/4 MILE OR LESS
LOWEST:     56 ON  4, 1                            3 = THUNDER
                        SNOW, ICE PELLETS, HAIL    4 = ICE PELLETS
                        TOTAL MONTH:    M          5 = HAIL
                        GRTST 24HR    M  ON   M    6 = FREEZING RAIN OR DRIZZLE
                        GRTST DEPTH:  M  ON   M    7 = DUSTSTORM OR SANDSTORM:
                                                       VSBY 1/2 MILE OR LESS
                                                   8 = SMOKE OR HAZE
[NO. OF DAYS WITH]      [WEATHER - DAYS WITH]      9 = BLOWING SNOW
                                                   X = TORNADO
MAX 32 OR BELOW:   0    0.01 INCH OR MORE:  13
MAX 90 OR ABOVE:  10    0.10 INCH OR MORE:  11
MIN 32 OR BELOW:   0    0.50 INCH OR MORE:   4
MIN  0 OR BELOW:   0    1.00 INCH OR MORE:   2

[HDD (BASE 65) ]
TOTAL THIS MO.     9    CLEAR  (SCALE 0-3)  19
DPTR FM NORMAL     7    PTCLDY (SCALE 4-7)   7
TOTAL FM JUL 1  4623    CLOUDY (SCALE 8-10)  2
DPTR FM NORMAL   356

[CDD (BASE 65) ]
TOTAL THIS MO.   333
DPTR FM NORMAL    53    [PRESSURE DATA]
TOTAL FM JAN 1   532    HIGHEST SLP  0.00 ON 11
DPTR FM NORMAL   105    LOWEST  SLP 29.68 ON 20

[REMARKS]
