000
CXUS53 KLMK 280800
CF6LOU
PRELIMINARY LOCAL CLIMATOLOGICAL DATA (WS FORM: F-6)

                                          STATION:   LOUISVILLE BOWMAN KY
                                          MONTH:     AUGUST
                                          YEAR:      2016
                                          LATITUDE:   38 13 N
                                          LONGITUDE:  85 40 W

  TEMPERATURE IN F:       :PCPN:    SNOW:  WIND      :SUNSHINE: SKY     :PK WND
================================================================================
1   2   3   4   5  6A  6B    7    8   9   10  11  12  13   14  15   16   17  18
                                     12Z  AVG MX 2MIN
DY MAX MIN AVG DEP HDD CDD  WTR  SNW DPTH SPD SPD DIR MIN PSBL S-S WX    SPD DR
================================================================================

 1  86  72  79   1   0  14 1.39    M    M  2.6 12 150   M    M   3 13     17 140
 2  88  74  81   3   0  16 0.00    M    M  2.7 10 310   M    M   5 1      13 320
 3  91  73  82   4   0  17 0.03    M    M  1.4 12 350   M    M   3 18     16 350
 4  91  73  82   4   0  17 0.18    M    M  2.9 14 300   M    M   3 138    16 300
 5  90  73  82   4   0  17 0.02    M    M  2.9 23 300   M    M   1 13     28 300
 6  89  73  81   3   0  16 0.00    M    M  3.1 13 360   M    M   5        17 350
 7  89  68  79   1   0  14 0.00    M    M  4.0 12  90   M    M   2        16  30
 8  89  66  78   0   0  13 0.00    M    M  6.4 14  70   M    M   0        18  80
 9  90  75  83   5   0  18 0.03    M    M  3.7 13 190   M    M   5 3      17 180
10  92  76  84   6   0  19    T    M    M  4.4 13 180   M    M   4        17 180
11  91  78  85   7   0  20    T    M    M  5.7 14 180   M    M   5 3      21 160
12  90  78  84   6   0  19 0.01    M    M  5.1 16 170   M    M   4 3      21 180
13  85  78  82   4   0  17    T    M    M  7.6 18 200   M    M   8        24 180
14  87  75  81   3   0  16 0.19    M    M  3.7 16 260   M    M   3 138    20 250
15  90  72  81   3   0  16 0.84    M    M  6.1 17 180   M    M   5 13     21 190
16  83  76  80   2   0  15 0.01    M    M  6.9 16 250   M    M   6        24 230
17  81  73  77  -1   0  12 0.66    M    M  3.8 12 260   M    M   5 1      15 260
18  83  73  78   0   0  13    T    M    M  2.8  8 210   M    M   6        12 210
19  87  73  80   2   0  15 0.00    M    M  4.2 10 220   M    M   6 18     14 230
20  82  72  77  -1   0  12 1.44    M    M  6.5 20 280   M    M   5 13     24 260
21  82  64  73  -5   0   8    T    M    M  5.7 16 300   M    M   4        21 300
22  83  60  72  -6   0   7 0.00    M    M  1.7  8 100   M    M   2        14  70
23  84  61  73  -4   0   8 0.00    M    M  3.1 10 140   M    M   0        15 130
24  91  71  81   4   0  16    T    M    M  5.6 18 190   M    M   2        24 260
25  93  77  85   8   0  20 0.00    M    M  5.6 18 270   M    M   0        22 260
26  93  73  83   6   0  18 0.00    M    M  2.4  8 130   M    M   0        11  60
27  90  75  83   6   0  18 0.00    M    M  3.2 18 310   M    M   1 3      23 320
================================================================================
SM 2370 1952         0 411  4.80    M    113.8          M       93
================================================================================
AV 87.8 72.3                               4.2 FASTST   M    M   3    MAX(MPH)
                                 MISC ---->  # 23 300               # 28  300
================================================================================
NOTES:
# LAST OF SEVERAL OCCURRENCES

COLUMN 17 PEAK WIND IN M.P.H.

PRELIMINARY LOCAL CLIMATOLOGICAL DATA (WS FORM: F-6) , PAGE 2

                                          STATION:  LOUISVILLE BOWMAN KY
                                          MONTH:    AUGUST
                                          YEAR:     2016
                                          LATITUDE:   38 13 N
                                          LONGITUDE:  85 40 W

[TEMPERATURE DATA]      [PRECIPITATION DATA]       SYMBOLS USED IN COLUMN 16

AVERAGE MONTHLY: 80.0   TOTAL FOR MONTH:   4.80    1 = FOG OR MIST
DPTR FM NORMAL:   2.2   DPTR FM NORMAL:    1.92    2 = FOG REDUCING VISIBILITY
HIGHEST:    93 ON 26,25 GRTST 24HR  1.44 ON 20-20      TO 1/4 MILE OR LESS
LOWEST:     60 ON 22                               3 = THUNDER
                        SNOW, ICE PELLETS, HAIL    4 = ICE PELLETS
                        TOTAL MONTH:    M          5 = HAIL
                        GRTST 24HR    M  ON   M    6 = FREEZING RAIN OR DRIZZLE
                        GRTST DEPTH:  M  ON   M    7 = DUSTSTORM OR SANDSTORM:
                                                       VSBY 1/2 MILE OR LESS
                                                   8 = SMOKE OR HAZE
[NO. OF DAYS WITH]      [WEATHER - DAYS WITH]      9 = BLOWING SNOW
                                                   X = TORNADO
MAX 32 OR BELOW:   0    0.01 INCH OR MORE:  11
MAX 90 OR ABOVE:  12    0.10 INCH OR MORE:   6
MIN 32 OR BELOW:   0    0.50 INCH OR MORE:   4
MIN  0 OR BELOW:   0    1.00 INCH OR MORE:   2

[HDD (BASE 65) ]
TOTAL THIS MO.     0    CLEAR  (SCALE 0-3)  11
DPTR FM NORMAL     0    PTCLDY (SCALE 4-7)  16
TOTAL FM JUL 1     0    CLOUDY (SCALE 8-10)  0
DPTR FM NORMAL     0

[CDD (BASE 65) ]
TOTAL THIS MO.   411
DPTR FM NORMAL    66    [PRESSURE DATA]
TOTAL FM JAN 1  1403    HIGHEST SLP M ON M
DPTR FM NORMAL   208    LOWEST  SLP 29.76 ON 20

[REMARKS]
