000
CXUS53 KLMK 260800
CF6LOU
PRELIMINARY LOCAL CLIMATOLOGICAL DATA (WS FORM: F-6)

                                          STATION:   LOUISVILLE BOWMAN KY
                                          MONTH:     MAY
                                          YEAR:      2017
                                          LATITUDE:   38 13 N
                                          LONGITUDE:  85 40 W

  TEMPERATURE IN F:       :PCPN:    SNOW:  WIND      :SUNSHINE: SKY     :PK WND
================================================================================
1   2   3   4   5  6A  6B    7    8   9   10  11  12  13   14  15   16   17  18
                                     12Z  AVG MX 2MIN
DY MAX MIN AVG DEP HDD CDD  WTR  SNW DPTH SPD SPD DIR MIN PSBL S-S WX    SPD DR
================================================================================

 1  70  52  61  -1   4   0 0.28    M    M 14.5 26 240   M    M  10 13     40 250
 2  73  51  62   0   3   0    T    M    M 12.8 30 270   M    M   2        39 280
 3  66  48  57  -5   8   0 0.00    M    M  6.7 17  60   M    M   3        22  70
 4  64  53  59  -4   6   0 0.86    M    M  6.4 20 160   M    M   9 13     30 170
 5  57  46  52 -11  13   0 0.91    M    M  9.7 18 330   M    M   9 1      27 350
 6  64  41  53 -10  12   0 0.19    M    M  5.5 21 300   M    M   6 13     25 310
 7  69  39  54 -10  11   0 0.00    M    M  8.7 22 290   M    M   1        30 300
 8  69  40  55  -9  10   0    T    M    M  2.0  9 240   M    M   3        13 230
 9  85  58  72   8   0   7 0.00    M    M  5.7 22 260   M    M   5        27 260
10  86  66  76  12   0  11 0.00    M    M  7.1 15 240   M    M   3        23 250
11  77  62  70   5   0   5 0.35    M    M  6.9 17 330   M    M   8 13     23 320
12  63  53  58  -7   7   0 0.07    M    M  4.9 13 360   M    M  10 1      16 350
13  77  50  64  -1   1   0 0.00    M    M  3.2 13 340   M    M   0 1      17 340
14  84  55  70   4   0   5 0.00    M    M  4.6 17 280   M    M   0        22 270
15  85  58  72   6   0   7 0.00    M    M  3.1 13 230   M    M   0        17 180
16  87  62  75   9   0  10 0.00    M    M  5.6 17 210   M    M   0        23 250
17  86  67  77  11   0  12 0.00    M    M  8.1 22 190   M    M   1        33 190
18  87  74  81  14   0  16 0.08    M    M  9.2 18 200   M    M   4        26 220
19  86  68  77  10   0  12 0.01    M    M  6.5 20 250   M    M   4 3      28 200
20  89  67  78  11   0  13 0.29    M    M  5.8 28 280   M    M   4 13     40 220
21  82  65  74   6   0   9 0.85    M    M  8.4 18 270   M    M   6 13     22 270
22  72  51  62  -6   3   0 0.00    M    M  3.2 16 320   M    M   0        22 310
23  77  53  65  -3   0   0 0.00    M    M  2.8 10 120   M    M   3        15  70
24  68  58  63  -6   2   0 0.65    M    M  6.4 17 310   M    M   9 1      23 300
25  70  57  64  -5   1   0 0.28    M    M  9.3 22 310   M    M   8 1      31 270
================================================================================
SM 1893 1394        81 107  4.82    M    167.1          M      108
================================================================================
AV 75.7 55.8                               6.7 FASTST   M    M   4    MAX(MPH)
                                 MISC ---->  # 30 270               # 40  250
================================================================================
NOTES:
# LAST OF SEVERAL OCCURRENCES

COLUMN 17 PEAK WIND IN M.P.H.

PRELIMINARY LOCAL CLIMATOLOGICAL DATA (WS FORM: F-6) , PAGE 2

                                          STATION:  LOUISVILLE BOWMAN KY
                                          MONTH:    MAY
                                          YEAR:     2017
                                          LATITUDE:   38 13 N
                                          LONGITUDE:  85 40 W

[TEMPERATURE DATA]      [PRECIPITATION DATA]       SYMBOLS USED IN COLUMN 16

AVERAGE MONTHLY: 65.7   TOTAL FOR MONTH:   4.82    1 = FOG OR MIST
DPTR FM NORMAL:   0.4   DPTR FM NORMAL:    0.59    2 = FOG REDUCING VISIBILITY
HIGHEST:    89 ON 20    GRTST 24HR  0.91 ON  5- 5      TO 1/4 MILE OR LESS
LOWEST:     39 ON  7                               3 = THUNDER
                        SNOW, ICE PELLETS, HAIL    4 = ICE PELLETS
                        TOTAL MONTH:    M          5 = HAIL
                        GRTST 24HR    M  ON   M    6 = FREEZING RAIN OR DRIZZLE
                        GRTST DEPTH:  M  ON   M    7 = DUSTSTORM OR SANDSTORM:
                                                       VSBY 1/2 MILE OR LESS
                                                   8 = SMOKE OR HAZE
[NO. OF DAYS WITH]      [WEATHER - DAYS WITH]      9 = BLOWING SNOW
                                                   X = TORNADO
MAX 32 OR BELOW:   0    0.01 INCH OR MORE:  12
MAX 90 OR ABOVE:   0    0.10 INCH OR MORE:   9
MIN 32 OR BELOW:   0    0.50 INCH OR MORE:   4
MIN  0 OR BELOW:   0    1.00 INCH OR MORE:   0

[HDD (BASE 65) ]
TOTAL THIS MO.    81    CLEAR  (SCALE 0-3)  11
DPTR FM NORMAL    13    PTCLDY (SCALE 4-7)   9
TOTAL FM JUL 1  3225    CLOUDY (SCALE 8-10)  5
DPTR FM NORMAL -1034

[CDD (BASE 65) ]
TOTAL THIS MO.   107
DPTR FM NORMAL    29    [PRESSURE DATA]
TOTAL FM JAN 1   207    HIGHEST SLP M ON M
DPTR FM NORMAL    95    LOWEST  SLP 29.33 ON 24

[REMARKS]
