000
CXUS54 KFWD 270730
CF6LUD
PRELIMINARY LOCAL CLIMATOLOGICAL DATA (WS FORM: F-6)

                                          STATION:   DECATUR
                                          MONTH:     MAY
                                          YEAR:      2016
                                          LATITUDE:   33 15 N
                                          LONGITUDE:  97 30 W

  TEMPERATURE IN F:       :PCPN:    SNOW:  WIND      :SUNSHINE: SKY     :PK WND
================================================================================
1   2   3   4   5  6A  6B    7    8   9   10  11  12  13   14  15   16   17  18
                                     12Z  AVG MX 2MIN
DY MAX MIN AVG DEP HDD CDD  WTR  SNW DPTH SPD SPD DIR MIN PSBL S-S WX    SPD DR
================================================================================

 1  71  53  62  -4   3   0 0.00  0.0    0  8.2 12  20   M    M   2        20 360
 2  64  49  57 -10   8   0 0.06  0.0    0  7.6 12 340   M    M   4        20 350
 3  73  49  61  -6   4   0 0.02  0.0    0  4.2  8 270   M    M   1        16 310
 4  79  53  66  -1   0   1 0.00  0.0    0  6.7 12 320   M    M   0 1      18 300
 5  81  59  70   3   0   5 0.00  0.0    0  1.9  5  90   M    M   0 8       M  M
 6  82  55  69   1   0   4 0.00  0.0    0  5.5  9 110   M    M   0        16 110
 7  82  57  70   2   0   5 0.00  0.0    0 11.5 18 140   M    M   0        27 150
 8  75  62  69   1   0   4 0.69  0.0    0 15.4 33 130   M    M   6        41 130
 9  85  60  73   4   0   8 0.27  0.0    0 11.9 21 140   M    M   4        29 140
10  92  69  81  12   0  16 0.00  0.0    0 13.4 17 190   M    M   0        29 210
11  87  64  76   7   0  11 0.00  0.0    0  9.7 23 150   M    M   2        39 150
12  80  65  73   4   0   8 0.00  0.0    0  7.7 15 170   M    M   0        21  10
13  81  59  70   0   0   5 0.00  0.0    0  6.8 12 130   M    M   0         M  M
14  73  55  64  -6   1   0 0.00  0.0    0  9.3 20  20   M    M   2        31  20
15  72  56  64  -6   1   0 0.00  0.0    0  7.3 10 100   M    M   7         M  M
16  76  61  69  -1   0   4 0.00  0.0    0 10.1 14 130   M    M   9        21 150
17  69  58  64  -7   1   0 0.70  0.0    0  9.1 14  20   M    M   8        22  20
18  60  53  57 -14   8   0 0.05  0.0    0  7.4 14  60   M    M   9 1      20 360
19  62  56  59 -12   6   0 0.45  0.0    0  5.8 14 100   M    M  10 1      17 100
20  77  58  68  -3   0   3 0.00  0.0    0  3.1  7 110   M    M   5 1       M  M
21  81  59  70  -2   0   5 0.00  0.0    0  6.9 12 100   M    M   4 1      17 110
22  82  65  74   2   0   9 0.00  0.0    0  8.5 15 120   M    M   6        17 120
23  77  64  71  -1   0   6 0.52  0.0    0 11.2 17 150   M    M   7 1      24 150
24  83  72  78   6   0  13 0.00  0.0    0 11.7 16 140   M    M   6        22 140
25  87  73  80   7   0  15 0.00  0.0    0 13.6 17 170   M    M   6        25 180
26  82  69  76   3   0  11 0.04  0.0    0 13.7 23 150   M    M   4        30 150
================================================================================
SM 2013 1553        32 133  2.80     0.0 228.2          M      102
================================================================================
AV 77.4 59.7                               8.8 FASTST   M    M   4    MAX(MPH)
                                 MISC ---->    33   M                 41    M
================================================================================
NOTES:
# LAST OF SEVERAL OCCURRENCES

COLUMN 17 PEAK WIND IN M.P.H.

PRELIMINARY LOCAL CLIMATOLOGICAL DATA (WS FORM: F-6) , PAGE 2

                                          STATION:  DECATUR
                                          MONTH:    MAY
                                          YEAR:     2016
                                          LATITUDE:   33 15 N
                                          LONGITUDE:  97 30 W

[TEMPERATURE DATA]      [PRECIPITATION DATA]       SYMBOLS USED IN COLUMN 16

AVERAGE MONTHLY: 68.6   TOTAL FOR MONTH:   2.80    1 = FOG OR MIST
DPTR FM NORMAL:  -1.1   DPTR FM NORMAL:   -1.73    2 = FOG REDUCING VISIBILITY
HIGHEST:    92 ON 10    GRTST 24HR  0.70 ON 17-17      TO 1/4 MILE OR LESS
LOWEST:     49 ON  3, 2                            3 = THUNDER
                        SNOW, ICE PELLETS, HAIL    4 = ICE PELLETS
                        TOTAL MONTH:   0.0 INCH    5 = HAIL
                        GRTST 24HR     0.0         6 = FREEZING RAIN OR DRIZZLE
                        GRTST DEPTH:   0           7 = DUSTSTORM OR SANDSTORM:
                                                       VSBY 1/2 MILE OR LESS
                                                   8 = SMOKE OR HAZE
[NO. OF DAYS WITH]      [WEATHER - DAYS WITH]      9 = BLOWING SNOW
                                                   X = TORNADO
MAX 32 OR BELOW:   0    0.01 INCH OR MORE:   9
MAX 90 OR ABOVE:   1    0.10 INCH OR MORE:   5
MIN 32 OR BELOW:   0    0.50 INCH OR MORE:   3
MIN  0 OR BELOW:   0    1.00 INCH OR MORE:   0

[HDD (BASE 65) ]
TOTAL THIS MO.    32    CLEAR  (SCALE 0-3)  11
DPTR FM NORMAL    14    PTCLDY (SCALE 4-7)  12
TOTAL FM JUL 1  1956    CLOUDY (SCALE 8-10)  3
DPTR FM NORMAL  -983

[CDD (BASE 65) ]
TOTAL THIS MO.   133
DPTR FM NORMAL    -9    [PRESSURE DATA]
TOTAL FM JAN 1   232    HIGHEST SLP M ON M
DPTR FM NORMAL    25    LOWEST  SLP M ON M

[REMARKS]
