000
CXUS55 KBYZ 191055
CF6LVM
PRELIMINARY LOCAL CLIMATOLOGICAL DATA (WS FORM: F-6)

                                          STATION:   LIVINGSTON MT
                                          MONTH:     NOVEMBER
                                          YEAR:      2017
                                          LATITUDE:   45 41 N
                                          LONGITUDE: 110 26 W

  TEMPERATURE IN F:       :PCPN:    SNOW:  WIND      :SUNSHINE: SKY     :PK WND
================================================================================
1   2   3   4   5  6A  6B    7    8   9   10  11  12  13   14  15   16   17  18
                                     12Z  AVG MX 2MIN
DY MAX MIN AVG DEP HDD CDD  WTR  SNW DPTH SPD SPD DIR MIN PSBL S-S WX    SPD DR
================================================================================

 1  39  24  32  -8  33   0 0.69    M    M 10.3 25 250   M    M  10 12     31 250
 2  27  25  26 -13  39   0 0.03    M    M 10.9 18  70   M    M  10 1      21  70
 3  26  23  25 -14  40   0 0.39    M    M  8.5 16  80   M    M  10 1      19  80
 4  29  14  22 -17  43   0 0.07    M    M  7.2 17 230   M    M  10 1      20 230
 5  24  14  19 -19  46   0 0.01    M    M  8.1 17  90   M    M   8 18     21  80
 6  16  -6   5 -33  60   0 0.06    M    M  6.2 16  90   M    M   7 18     17  90
 7  29  -3  13 -24  52   0    T    M    M 20.9 33 300   M    M   0 8      49 290
 8  36  19  28  -9  37   0    T    M    M 18.2 35 250   M    M   2 8      51 310
 9  35  16  26 -11  39   0 0.00    M    M  8.2 20 330   M    M   8 1      26 340
10  42  26  34  -2  31   0 0.00    M    M  8.5 17 330   M    M   8        22 280
11  41  23  32  -4  33   0 0.10    M    M 10.0 20 250   M    M   6 1      23 250
12  37  19  28  -7  37   0 0.00    M    M 13.8 24 310   M    M   1        31 300
13  54  30  42   7  23   0 0.00    M    M 26.3 39 220   M    M   1        46 220
14  49  24  37   3  28   0 0.10    M    M 14.5 31 230   M    M   5 1      38 230
15  48  18  33  -1  32   0 0.00    M    M  7.6 23 210   M    M   1        34 210
16  52  28  40   6  25   0 0.02    M    M 19.1 44 210   M    M   8        53 210
17  42  28  35   2  30   0    T    M    M 14.6 35 260   M    M   6 1      43 270
18  43  29  36   3  29   0 0.00    M    M 28.5 47 220   M    M   1        60 220
================================================================================
SM  669  351       657   0  1.47    M    241.4          M      102
================================================================================
AV 37.2 19.5                              13.4 FASTST   M    M   6    MAX(MPH)
                                 MISC ---->  # 47 220               # 60  220
================================================================================
NOTES:
# LAST OF SEVERAL OCCURRENCES

COLUMN 17 PEAK WIND IN M.P.H.

PRELIMINARY LOCAL CLIMATOLOGICAL DATA (WS FORM: F-6) , PAGE 2

                                          STATION:  LIVINGSTON MT
                                          MONTH:    NOVEMBER
                                          YEAR:     2017
                                          LATITUDE:   45 41 N
                                          LONGITUDE: 110 26 W

[TEMPERATURE DATA]      [PRECIPITATION DATA]       SYMBOLS USED IN COLUMN 16

AVERAGE MONTHLY: 28.3   TOTAL FOR MONTH:   1.47    1 = FOG OR MIST
DPTR FM NORMAL:  -8.0   DPTR FM NORMAL:    1.12    2 = FOG REDUCING VISIBILITY
HIGHEST:    54 ON 13    GRTST 24HR  0.69 ON  1- 1      TO 1/4 MILE OR LESS
LOWEST:     -6 ON  6                               3 = THUNDER
                        SNOW, ICE PELLETS, HAIL    4 = ICE PELLETS
                        TOTAL MONTH:    M          5 = HAIL
                        GRTST 24HR    M  ON   M    6 = FREEZING RAIN OR DRIZZLE
                        GRTST DEPTH:  M  ON   M    7 = DUSTSTORM OR SANDSTORM:
                                                       VSBY 1/2 MILE OR LESS
                                                   8 = SMOKE OR HAZE
[NO. OF DAYS WITH]      [WEATHER - DAYS WITH]      9 = BLOWING SNOW
                                                   X = TORNADO
MAX 32 OR BELOW:   6    0.01 INCH OR MORE:   9
MAX 90 OR ABOVE:   0    0.10 INCH OR MORE:   4
MIN 32 OR BELOW:  18    0.50 INCH OR MORE:   1
MIN  0 OR BELOW:   2    1.00 INCH OR MORE:   0

[HDD (BASE 65) ]
TOTAL THIS MO.   657    CLEAR  (SCALE 0-3)   6
DPTR FM NORMAL   142    PTCLDY (SCALE 4-7)   8
TOTAL FM JUL 1  1587    CLOUDY (SCALE 8-10)  4
DPTR FM NORMAL    44

[CDD (BASE 65) ]
TOTAL THIS MO.     0
DPTR FM NORMAL     0    [PRESSURE DATA]
TOTAL FM JAN 1   397    HIGHEST SLP M ON M
DPTR FM NORMAL   167    LOWEST  SLP 29.40 ON 16

[REMARKS]
