000
CXUS53 KTOP 280800
CF6LWC
PRELIMINARY LOCAL CLIMATOLOGICAL DATA (WS FORM: F-6)

                                          STATION:   Lawrence KS
                                          MONTH:     MAY
                                          YEAR:      2017
                                          LATITUDE:   39  0 N
                                          LONGITUDE:  95 13 W

  TEMPERATURE IN F:       :PCPN:    SNOW:  WIND      :SUNSHINE: SKY     :PK WND
================================================================================
1   2   3   4   5  6A  6B    7    8   9   10  11  12  13   14  15   16   17  18
                                     12Z  AVG MX 2MIN
DY MAX MIN AVG DEP HDD CDD  WTR  SNW DPTH SPD SPD DIR MIN PSBL S-S WX    SPD DR
================================================================================

 1  63  39  51  -9  14   0 0.01    M    M 13.6 31 280   M    M   7 1      41 270
 2  69  46  58  -2   7   0    T    M    M  7.3 13 300   M    M   5        17 320
 3  56  41  49 -11  16   0 0.36    M    M  6.7 17 100   M    M   7 1      24 100
 4  69  39  54  -7  11   0 0.00    M    M 12.0 32 330   M    M   3        38 320
 5  76  43  60  -1   5   0 0.00    M    M  6.5 18 320   M    M   0        22 310
 6  80  45  63   2   2   0 0.00    M    M  6.5 18 310   M    M   0        24  10
 7  84  48  66   4   0   1 0.00    M    M  8.4 18 110   M    M   0        24 130
 8  85  53  69   7   0   4 0.00    M    M 10.2 21 190   M    M   0 8      27 190
 9  86  60  73  11   0   8 0.00    M    M  7.1 15 210   M    M   2        21 200
10  80  66  73  10   0   8 0.05    M    M  7.8 26 240   M    M   5 13     35 230
11  68  62  65   2   0   0    T    M    M  8.1 16  20   M    M   9 1      25 360
12  76  50  63   0   2   0 0.00    M    M  9.3 18 340   M    M   0 8      23  10
13  80  43  62  -2   3   0 0.00    M    M  7.0 18 180   M    M   0        25 170
14  84  54  69   5   0   4 0.00    M    M 12.7 26 150   M    M   0        34 180
15  89  61  75  11   0  10 0.00    M    M 12.6 24 180   M    M   0        30 190
16  87  68  78  13   0  13 0.00    M    M 16.8 30 180   M    M   3        40 180
17  80  62  71   6   0   6 0.06    M    M 17.9 40 190   M    M   4 1      50 180
18  82  51  67   2   0   2 0.91    M    M  9.8 36 250   M    M   4 138    45 260
19  71  60  66   0   0   1 0.93    M    M  9.9 22  90   M    M   7 13     28  90
20  65  50  58  -8   7   0 0.01    M    M 12.8 22 240   M    M   9 1      29 230
21  71  44  58  -8   7   0 0.00    M    M  8.2 18 260   M    M   0        22 240
22  73  49  61  -6   4   0 0.09    M    M  5.1 24 310   M    M   3 12     30 310
23  68  53  61  -6   4   0 0.20    M    M  8.8 28 290   M    M   8 128    33 270
24  69  47  58  -9   7   0 0.00    M    M  8.4 23 320   M    M   5        28 320
25  80  45  63  -5   2   0 0.00    M    M 10.3 22 120   M    M   0        29 120
26  86  59  73   5   0   8 0.03    M    M  4.1 25  90   M    M   2 13     30  90
27  77  61  69   1   0   4 0.11    M    M  7.0 30 300   M    M   3 13     38 310
================================================================================
SM 2054 1399        91  69  2.76    M    254.9          M       86
================================================================================
AV 76.1 51.8                               9.4 FASTST   M    M   3    MAX(MPH)
                                 MISC ---->  # 40 190               # 50  180
================================================================================
NOTES:
# LAST OF SEVERAL OCCURRENCES

COLUMN 17 PEAK WIND IN M.P.H.

PRELIMINARY LOCAL CLIMATOLOGICAL DATA (WS FORM: F-6) , PAGE 2

                                          STATION:  Lawrence KS
                                          MONTH:    MAY
                                          YEAR:     2017
                                          LATITUDE:   39  0 N
                                          LONGITUDE:  95 13 W

[TEMPERATURE DATA]      [PRECIPITATION DATA]       SYMBOLS USED IN COLUMN 16

AVERAGE MONTHLY: 63.9   TOTAL FOR MONTH:   2.76    1 = FOG OR MIST
DPTR FM NORMAL:  -0.1   DPTR FM NORMAL:   -1.73    2 = FOG REDUCING VISIBILITY
HIGHEST:    89 ON 15    GRTST 24HR  0.93 ON 19-19      TO 1/4 MILE OR LESS
LOWEST:     39 ON  4, 1                            3 = THUNDER
                        SNOW, ICE PELLETS, HAIL    4 = ICE PELLETS
                        TOTAL MONTH:    M          5 = HAIL
                        GRTST 24HR    M  ON   M    6 = FREEZING RAIN OR DRIZZLE
                        GRTST DEPTH:  M  ON   M    7 = DUSTSTORM OR SANDSTORM:
                                                       VSBY 1/2 MILE OR LESS
                                                   8 = SMOKE OR HAZE
[NO. OF DAYS WITH]      [WEATHER - DAYS WITH]      9 = BLOWING SNOW
                                                   X = TORNADO
MAX 32 OR BELOW:   0    0.01 INCH OR MORE:  11
MAX 90 OR ABOVE:   0    0.10 INCH OR MORE:   5
MIN 32 OR BELOW:   0    0.50 INCH OR MORE:   2
MIN  0 OR BELOW:   0    1.00 INCH OR MORE:   0

[HDD (BASE 65) ]
TOTAL THIS MO.    91    CLEAR  (SCALE 0-3)  15
DPTR FM NORMAL   -10    PTCLDY (SCALE 4-7)  10
TOTAL FM JUL 1  4148    CLOUDY (SCALE 8-10)  2
DPTR FM NORMAL  -932

[CDD (BASE 65) ]
TOTAL THIS MO.    69
DPTR FM NORMAL    -5    [PRESSURE DATA]
TOTAL FM JAN 1   101    HIGHEST SLP M ON M
DPTR FM NORMAL     4    LOWEST  SLP 29.36 ON 17

[REMARKS]
