000
CXUS53 KTOP 290800
CF6LWC
PRELIMINARY LOCAL CLIMATOLOGICAL DATA (WS FORM: F-6)

                                          STATION:   Lawrence KS
                                          MONTH:     AUGUST
                                          YEAR:      2015
                                          LATITUDE:   39  0 N
                                          LONGITUDE:  95 13 W

  TEMPERATURE IN F:       :PCPN:    SNOW:  WIND      :SUNSHINE: SKY     :PK WND
================================================================================
1   2   3   4   5  6A  6B    7    8   9   10  11  12  13   14  15   16   17  18
                                     12Z  AVG MX 2MIN
DY MAX MIN AVG DEP HDD CDD  WTR  SNW DPTH SPD SPD DIR MIN PSBL S-S WX    SPD DR
================================================================================

 1  93  67  80   1   0  15 0.00    M    M  4.8 13 130   M    M   0 1      17 120
 2  93  68  81   2   0  16 0.00    M    M  7.0 18 220   M    M   0        24 220
 3  94  67  81   2   0  16 0.00    M    M  4.7 12  70   M    M   0 1      15  80
 4  86  70  78  -1   0  13 1.27    M    M  5.2 23 240   M    M   3 13     30 230
 5  81  66  74  -5   0   9 0.03    M    M  5.4 13  30   M    M   6 1      15  40
 6  84  65  75  -4   0  10 0.00    M    M  5.8 15 140   M    M   4 1      19 140
 7  91  69  80   1   0  15 0.00    M    M  3.3 10 330   M    M   2 18     15 320
 8  91  73  82   3   0  17    M    M    M  9.7 24  70   M    M   2 13     34 350
 9  91  76  84   6   0  19    T    M    M  5.0 13 150   M    M   3 1      17 170
10  88  69  79   1   0  14 0.00    M    M  5.8 22 340   M    M   2 138    33 350
11  85  64  75  -3   0  10 0.00    M    M  5.9 14  10   M    M   0        18  20
12  87  62  75  -3   0  10 0.00    M    M  1.2  7 120   M    M   0 8       8 110
13  87  61  74  -4   0   9 0.00    M    M  3.3 10 130   M    M   2 1      15 210
14  87  64  76  -2   0  11 0.00    M    M  4.5 12 140   M    M   0 1      17 170
15  88  61  75  -3   0  10 0.00    M    M  4.5 13 150   M    M   0 1      16 140
16  90  63  77  -1   0  12 0.00    M    M  5.8 17 150   M    M   0 18     21 160
17  91  66  79   1   0  14 0.00    M    M  3.9  9  50   M    M   1 1      13  60
18  82  62  72  -5   0   7 1.50    M    M  7.4 23 330   M    M   5 13     30 320
19  75  55  65 -12   0   0    T    M    M  9.3 21 300   M    M   1        26 290
20  84  52  68  -9   0   3 0.00    M    M  4.9 16 170   M    M   0 1      21 180
21  84  56  70  -7   0   5 0.00    M    M  9.6 20 150   M    M   4        26 150
22  86  67  77   0   0  12 0.00    M    M  8.7 22 160   M    M   2        27 140
23  78  52  65 -11   0   0 0.05    M    M  9.5 20 350   M    M   4 13     27 340
24  81  47  64 -12   1   0 0.00    M    M  3.2 13 300   M    M   0 18     15 310
25  84  50  67  -9   0   2 0.00    M    M  1.7  8 320   M    M   0 1      11  80
26  84  54  69  -7   0   4 0.00    M    M  3.6 13 170   M    M   0 1      15 160
27  80  62  71  -4   0   6 0.01    M    M  8.6 21  90   M    M   4 3      29  90
28  82  68  75   0   0  10 0.06    M    M  8.8 23 170   M    M   5 1      28 190
================================================================================
SM 2407 1756         1 269  2.92    M    161.1          M       50
================================================================================
AV 86.0 62.7                               5.8 FASTST   M    M   2    MAX(MPH)
                                 MISC ---->  # 24  70               # 34  350
================================================================================
NOTES:
# LAST OF SEVERAL OCCURRENCES

COLUMN 17 PEAK WIND IN M.P.H.

PRELIMINARY LOCAL CLIMATOLOGICAL DATA (WS FORM: F-6) , PAGE 2

                                          STATION:  Lawrence KS
                                          MONTH:    AUGUST
                                          YEAR:     2015
                                          LATITUDE:   39  0 N
                                          LONGITUDE:  95 13 W

[TEMPERATURE DATA]      [PRECIPITATION DATA]       SYMBOLS USED IN COLUMN 16

AVERAGE MONTHLY: 74.3   TOTAL FOR MONTH:   2.92    1 = FOG OR MIST
DPTR FM NORMAL:  -3.3   DPTR FM NORMAL:   -1.01    2 = FOG REDUCING VISIBILITY
HIGHEST:    94 ON  3    GRTST 24HR  1.50 ON 18-18      TO 1/4 MILE OR LESS
LOWEST:     47 ON 24                               3 = THUNDER
                        SNOW, ICE PELLETS, HAIL    4 = ICE PELLETS
                        TOTAL MONTH:    M          5 = HAIL
                        GRTST 24HR    M  ON   M    6 = FREEZING RAIN OR DRIZZLE
                        GRTST DEPTH:  M  ON   M    7 = DUSTSTORM OR SANDSTORM:
                                                       VSBY 1/2 MILE OR LESS
                                                   8 = SMOKE OR HAZE
[NO. OF DAYS WITH]      [WEATHER - DAYS WITH]      9 = BLOWING SNOW
                                                   X = TORNADO
MAX 32 OR BELOW:   0    0.01 INCH OR MORE:   6
MAX 90 OR ABOVE:   8    0.10 INCH OR MORE:   2
MIN 32 OR BELOW:   0    0.50 INCH OR MORE:   2
MIN  0 OR BELOW:   0    1.00 INCH OR MORE:   2

[HDD (BASE 65) ]
TOTAL THIS MO.     1    CLEAR  (SCALE 0-3)  21
DPTR FM NORMAL     1    PTCLDY (SCALE 4-7)   7
TOTAL FM JUL 1     2    CLOUDY (SCALE 8-10)  0
DPTR FM NORMAL     1

[CDD (BASE 65) ]
TOTAL THIS MO.   269
DPTR FM NORMAL   -86    [PRESSURE DATA]
TOTAL FM JAN 1  1103    HIGHEST SLP M ON M
DPTR FM NORMAL   -60    LOWEST  SLP 29.64 ON 18

[REMARKS]
