680
CXUS53 KTOP 220800
CF6LWC
PRELIMINARY LOCAL CLIMATOLOGICAL DATA (WS FORM: F-6)

                                          STATION:   Lawrence KS
                                          MONTH:     JULY
                                          YEAR:      2017
                                          LATITUDE:   39  0 N
                                          LONGITUDE:  95 13 W

  TEMPERATURE IN F:       :PCPN:    SNOW:  WIND      :SUNSHINE: SKY     :PK WND
================================================================================
1   2   3   4   5  6A  6B    7    8   9   10  11  12  13   14  15   16   17  18
                                     12Z  AVG MX 2MIN
DY MAX MIN AVG DEP HDD CDD  WTR  SNW DPTH SPD SPD DIR MIN PSBL S-S WX    SPD DR
================================================================================

 1  86  58  72  -5   0   7 0.00    M    M  5.4 14 280   M    M   0 1      18 280
 2  89  64  77   0   0  12 0.00    M    M  5.7 14 140   M    M   1        17 150
 3  89  66  78   1   0  13 0.00    M    M  4.7 14 200   M    M   0 1      18 200
 4  82  69  76  -2   0  11 0.34    M    M  5.8 17 120   M    M   6 1      21 150
 5  85  68  77  -1   0  12 0.13    M    M  4.7 16 340   M    M   3 1      20  20
 6  90  63  77  -1   0  12 0.00    M    M  4.2 12 230   M    M   1 1      15 180
 7  89  66  78   0   0  13 0.00    M    M  6.0 17 340   M    M   1        22 330
 8  89  60  75  -3   0  10 0.00    M    M  4.7 13 150   M    M   0        16 120
 9  91  66  79   1   0  14 0.00    M    M  7.4 18 190   M    M   0 1      24 200
10  94  75  85   7   0  20 0.00    M    M 10.3 21 200   M    M   0        27 190
11  95  75  85   7   0  20 0.00    M    M 10.0 20 150   M    M   0        27 140
12  97  80  89  11   0  24 0.00    M    M  9.9 18 190   M    M   0        23 170
13  91  71  81   3   0  16 0.21    M    M  7.1 24 260   M    M   3 1      31 280
14  90  71  81   3   0  16 0.00    M    M  2.3  8 150   M    M   3 1      10 140
15  91  70  81   3   0  16 0.00    M    M  2.3  9 100   M    M   1 1      12 100
16  92  65  79   1   0  14 0.00    M    M  2.5  8 120   M    M   0 1      12 140
17  94  64  79   0   0  14 0.00    M    M  4.5 13 140   M    M   0 1      16 140
18  94  68  81   2   0  16 0.00    M    M  7.7 17 140   M    M   0 1      22 150
19  98  73  86   7   0  21 0.00    M    M  8.2 18 140   M    M   2 18     23 140
20 100  76  88   9   0  23 0.00    M    M  8.7 15 150   M    M   0        21 160
21 101  77  89  10   0  24 0.00    M    M 10.6 20 160   M    M   0        26 150
================================================================================
SM 1927 1445         0 328  0.68    M    132.7          M       21
================================================================================
AV 91.8 68.8                               6.3 FASTST   M    M   1    MAX(MPH)
                                 MISC ---->  # 24 260               # 31  280
================================================================================
NOTES:
# LAST OF SEVERAL OCCURRENCES

COLUMN 17 PEAK WIND IN M.P.H.

PRELIMINARY LOCAL CLIMATOLOGICAL DATA (WS FORM: F-6) , PAGE 2

                                          STATION:  Lawrence KS
                                          MONTH:    JULY
                                          YEAR:     2017
                                          LATITUDE:   39  0 N
                                          LONGITUDE:  95 13 W

[TEMPERATURE DATA]      [PRECIPITATION DATA]       SYMBOLS USED IN COLUMN 16

AVERAGE MONTHLY: 80.3   TOTAL FOR MONTH:   0.68    1 = FOG OR MIST
DPTR FM NORMAL:   2.2   DPTR FM NORMAL:   -2.44    2 = FOG REDUCING VISIBILITY
HIGHEST:   101 ON 21    GRTST 24HR  1.02 ON 30- 1      TO 1/4 MILE OR LESS
LOWEST:     58 ON  1                               3 = THUNDER
                        SNOW, ICE PELLETS, HAIL    4 = ICE PELLETS
                        TOTAL MONTH:    M          5 = HAIL
                        GRTST 24HR    M  ON   M    6 = FREEZING RAIN OR DRIZZLE
                        GRTST DEPTH:  M  ON   M    7 = DUSTSTORM OR SANDSTORM:
                                                       VSBY 1/2 MILE OR LESS
                                                   8 = SMOKE OR HAZE
[NO. OF DAYS WITH]      [WEATHER - DAYS WITH]      9 = BLOWING SNOW
                                                   X = TORNADO
MAX 32 OR BELOW:   0    0.01 INCH OR MORE:   3
MAX 90 OR ABOVE:  14    0.10 INCH OR MORE:   3
MIN 32 OR BELOW:   0    0.50 INCH OR MORE:   0
MIN  0 OR BELOW:   0    1.00 INCH OR MORE:   0

[HDD (BASE 65) ]
TOTAL THIS MO.     0    CLEAR  (SCALE 0-3)  20
DPTR FM NORMAL     0    PTCLDY (SCALE 4-7)   1
TOTAL FM JUL 1     0    CLOUDY (SCALE 8-10)  0
DPTR FM NORMAL     0

[CDD (BASE 65) ]
TOTAL THIS MO.   328
DPTR FM NORMAL    53    [PRESSURE DATA]
TOTAL FM JAN 1   720    HIGHEST SLP M ON M
DPTR FM NORMAL    51    LOWEST  SLP 29.74 ON 21

[REMARKS]
