000
CXUS53 KTOP 301546
CF6LWC
PRELIMINARY LOCAL CLIMATOLOGICAL DATA (WS FORM: F-6)

                                          STATION:   Lawrence KS
                                          MONTH:     MARCH
                                          YEAR:      2017
                                          LATITUDE:   39  0 N
                                          LONGITUDE:  95 13 W

  TEMPERATURE IN F:       :PCPN:    SNOW:  WIND      :SUNSHINE: SKY     :PK WND
================================================================================
1   2   3   4   5  6A  6B    7    8   9   10  11  12  13   14  15   16   17  18
                                     12Z  AVG MX 2MIN
DY MAX MIN AVG DEP HDD CDD  WTR  SNW DPTH SPD SPD DIR MIN PSBL S-S WX    SPD DR
================================================================================

 1  54  22  38  -1  27   0 0.00    M    M 14.6 31 280   M    M   3        38 280
 2  58  15  37  -2  28   0 0.00    M    M  8.1 26 310   M    M   1        33 310
 3  61  17  39   0  26   0 0.00    M    M 12.4 25 190   M    M   0        31 200
 4  73  47  60  20   5   0 0.00    M    M 16.7 28 170   M    M   2        39 180
 5  62  54  58  18   7   0    T    M    M 15.4 28 160   M    M  10 1      35 190
 6  80   M   M   M   M   M    M    M    M 24.0 45 280   M    M   8 13     58 290
 7  62  30  46   5  19   0 0.00    M    M 13.5 35 250   M    M   1        46 250
 8  70  23  47   6  18   0 0.00    M    M  5.4 21 210   M    M   0 8      29 210
 9  69  28  49   7  16   0 0.00    M    M  7.7 21 360   M    M   1 1      27  10
10  44  26  35  -7  30   0 0.00    M    M 11.2 20 350   M    M   4        24 360
11  36  25  31 -11  34   0 0.05    M    M  6.9 17  40   M    M   9 128    21  40
12  44  17  31 -12  34   0 0.00    M    M  7.5 22 140   M    M   7 12     27 130
13  41  26  34  -9  31   0 0.00    M    M 17.5 33 320   M    M   9 18     40 310
14  33  17  25 -19  40   0 0.02    M    M  6.0 13 360   M    M   8 18     14  10
15  37  17  27 -17  38   0 0.00    M    M  8.8 15 150   M    M   6        20 140
16  71  29  50   6  15   0 0.00    M    M 13.7 24 160   M    M   1        32 130
17  74  44  59  14   6   0 0.00    M    M 10.0 20 340   M    M   3 18     26 350
18  65  32  49   4  16   0 0.00    M    M  5.6 13  10   M    M   2 8      18  20
19  89  44  67  21   0   2 0.00    M    M 14.2 28 160   M    M   3        37 150
20  84  53  69  23   0   4 0.00    M    M  8.6 16 180   M    M   0 1      22 170
21  63  44  54   8  11   0 0.00    M    M 12.8 25  30   M    M   2        32  60
22  60  36  48   1  17   0 0.00    M    M 12.4 21 100   M    M   4        26  90
23  81  50  66  19   0   1    T    M    M 18.2 31 150   M    M   4 8      40 170
24  72  53  63  15   2   0 0.06    M    M 12.0 22 150   M    M   6 38     31 150
25  53  44  49   1  16   0 0.16    M    M 10.9 17 300   M    M  10 13     20 300
26  55  43  49   1  16   0 0.30    M    M  5.7 13  60   M    M  10 1      17  10
27  59  46  53   5  12   0 0.24    M    M  8.1 20  40   M    M  10 1      27  40
28  57  49  53   4  12   0 0.00    M    M 10.1 22  50   M    M  10 1      29  60
29  59  50  55   6  10   0 1.49    M    M 14.1 24  60   M    M   8 13     32  60
================================================================================
SM 1766  981       486   7  2.32    M    332.1          M      142
================================================================================
AV 60.9 35.0                              11.5 FASTST   M    M   5    MAX(MPH)
                                 MISC ---->  # 45 280               # 58  290
================================================================================
NOTES:
# LAST OF SEVERAL OCCURRENCES

COLUMN 17 PEAK WIND IN M.P.H.

PRELIMINARY LOCAL CLIMATOLOGICAL DATA (WS FORM: F-6) , PAGE 2

                                          STATION:  Lawrence KS
                                          MONTH:    MARCH
                                          YEAR:     2017
                                          LATITUDE:   39  0 N
                                          LONGITUDE:  95 13 W

[TEMPERATURE DATA]      [PRECIPITATION DATA]       SYMBOLS USED IN COLUMN 16

AVERAGE MONTHLY: 48.0   TOTAL FOR MONTH:   2.32    1 = FOG OR MIST
DPTR FM NORMAL:   4.0   DPTR FM NORMAL:   -0.12    2 = FOG REDUCING VISIBILITY
HIGHEST:    89 ON 19    GRTST 24HR  1.49 ON 29-29      TO 1/4 MILE OR LESS
LOWEST:     15 ON  2                               3 = THUNDER
                        SNOW, ICE PELLETS, HAIL    4 = ICE PELLETS
                        TOTAL MONTH:    M          5 = HAIL
                        GRTST 24HR    M  ON   M    6 = FREEZING RAIN OR DRIZZLE
                        GRTST DEPTH:  M  ON   M    7 = DUSTSTORM OR SANDSTORM:
                                                       VSBY 1/2 MILE OR LESS
                                                   8 = SMOKE OR HAZE
[NO. OF DAYS WITH]      [WEATHER - DAYS WITH]      9 = BLOWING SNOW
                                                   X = TORNADO
MAX 32 OR BELOW:   0    0.01 INCH OR MORE:   7
MAX 90 OR ABOVE:   0    0.10 INCH OR MORE:   4
MIN 32 OR BELOW:  14    0.50 INCH OR MORE:   1
MIN  0 OR BELOW:   0    1.00 INCH OR MORE:   1

[HDD (BASE 65) ]
TOTAL THIS MO.   486    CLEAR  (SCALE 0-3)  13
DPTR FM NORMAL  -124    PTCLDY (SCALE 4-7)   8
TOTAL FM JUL 1  3767    CLOUDY (SCALE 8-10)  8
DPTR FM NORMAL  -858

[CDD (BASE 65) ]
TOTAL THIS MO.     7
DPTR FM NORMAL     7    [PRESSURE DATA]
TOTAL FM JAN 1     7    HIGHEST SLP M ON M
DPTR FM NORMAL     7    LOWEST  SLP 29.35 ON  6

[REMARKS]
