000
CXUS56 KTFX 231205
CF6LWT
PRELIMINARY LOCAL CLIMATOLOGICAL DATA (WS FORM: F-6)

                                          STATION:   LEWISTOWN MT
                                          MONTH:     JUNE
                                          YEAR:      2017
                                          LATITUDE:   47  2 N
                                          LONGITUDE: 109 28 W

  TEMPERATURE IN F:       :PCPN:    SNOW:  WIND      :SUNSHINE: SKY     :PK WND
================================================================================
1   2   3   4   5  6A  6B    7    8   9   10  11  12  13   14  15   16   17  18
                                     12Z  AVG MX 2MIN
DY MAX MIN AVG DEP HDD CDD  WTR  SNW DPTH SPD SPD DIR MIN PSBL S-S WX    SPD DR
================================================================================

 1  83  48  66  12   0   1    T    M    0  4.8 22 160   M    M   1 3      26 170
 2  73  48  61   6   4   0 0.00    M    0 10.4 22 270   M    M   2        27 260
 3  80  41  61   6   4   0 0.00    M    0  6.7 17 200   M    M   0        21 210
 4  88  51  70  15   0   5 0.04    M    0 10.0 25 280   M    M   2 3      33 280
 5  65  44  55   0  10   0 0.01    M    0 11.5 26 300   M    M   3        36 310
 6  72  39  56   0   9   0 0.00    M    0  8.9 20 100   M    M   0        25  90
 7  82  50  66  10   0   1 0.00    M    0 12.3 22  90   M    M   0        27  90
 8  90  57  74  18   0   9 0.00    M    0 12.3 25 120   M    M   0 3      32  90
 9  70  49  60   4   5   0 0.02    M    0  8.2 25 290   M    M   3        34 280
10  66  43  55  -2  10   0 0.09    M    0 11.1 22 320   M    M   4 3      29 320
11  68  35  52  -5  13   0 0.00    M    0  8.2 18 240   M    M   0        23 240
12  76  43  60   3   5   0 0.91    M    0 14.4 44 190   M    M   2 13     57 180
13  65  44  55  -2  10   0 0.37    M    0  9.1 30 200   M    M   4 13     37 200
14  67  46  57  -1   8   0 0.16    M    0 13.3 26 300   M    M   7 1      35 310
15  67  42  55  -3  10   0    T  0.0    0  7.7 18 300   M    M   5        28 300
16  72  52  62   4   3   0 0.04  0.0    0 16.0 27 260   M    M   5        37 270
17  66  47  57  -1   8   0 0.04  0.0    0  9.5 24 310   M    M   6        35 320
18  69  45  57  -2   8   0 0.00    M    0  9.8 24 300   M    M   7        35 290
19  74  43  59   0   6   0 0.00    M    0  6.5 17 280   M    M   3 8      21 280
20  80  56  68   9   0   3 0.00  0.0    0  8.3 17 100   M    M   1        23 110
21  78  47  63   3   2   0 0.00  0.0    0 10.4 28 300   M    M   0        36 300
22  65  41  53  -7  12   0    T    M    0 10.2 26 320   M    M   3        36 300
================================================================================
SM 1616 1011       127  19  1.68     0.0 219.6          M       58
================================================================================
AV 73.5 46.0                              10.0 FASTST   M    M   3    MAX(MPH)
                                 MISC ---->  # 44 190               # 57  180
================================================================================
NOTES:
# LAST OF SEVERAL OCCURRENCES

COLUMN 17 PEAK WIND IN M.P.H.

PRELIMINARY LOCAL CLIMATOLOGICAL DATA (WS FORM: F-6) , PAGE 2

                                          STATION:  LEWISTOWN MT
                                          MONTH:    JUNE
                                          YEAR:     2017
                                          LATITUDE:   47  2 N
                                          LONGITUDE: 109 28 W

[TEMPERATURE DATA]      [PRECIPITATION DATA]       SYMBOLS USED IN COLUMN 16

AVERAGE MONTHLY: 59.7   TOTAL FOR MONTH:   1.68    1 = FOG OR MIST
DPTR FM NORMAL:   2.7   DPTR FM NORMAL:   -0.72    2 = FOG REDUCING VISIBILITY
HIGHEST:    90 ON  8    GRTST 24HR  0.91 ON 12-12      TO 1/4 MILE OR LESS
LOWEST:     35 ON 11                               3 = THUNDER
                        SNOW, ICE PELLETS, HAIL    4 = ICE PELLETS
                        TOTAL MONTH:   0.0 INCH    5 = HAIL
                        GRTST 24HR     0.0         6 = FREEZING RAIN OR DRIZZLE
                        GRTST DEPTH:   0           7 = DUSTSTORM OR SANDSTORM:
                                                       VSBY 1/2 MILE OR LESS
                                                   8 = SMOKE OR HAZE
[NO. OF DAYS WITH]      [WEATHER - DAYS WITH]      9 = BLOWING SNOW
                                                   X = TORNADO
MAX 32 OR BELOW:   0    0.01 INCH OR MORE:   9
MAX 90 OR ABOVE:   1    0.10 INCH OR MORE:   3
MIN 32 OR BELOW:   0    0.50 INCH OR MORE:   1
MIN  0 OR BELOW:   0    1.00 INCH OR MORE:   0

[HDD (BASE 65) ]
TOTAL THIS MO.   127    CLEAR  (SCALE 0-3)  13
DPTR FM NORMAL   -58    PTCLDY (SCALE 4-7)   9
TOTAL FM JUL 1  7904    CLOUDY (SCALE 8-10)  0
DPTR FM NORMAL  -255

[CDD (BASE 65) ]
TOTAL THIS MO.    19
DPTR FM NORMAL    11    [PRESSURE DATA]
TOTAL FM JAN 1    20    HIGHEST SLP M ON M
DPTR FM NORMAL    10    LOWEST  SLP 29.47 ON 12

[REMARKS]
