000
CXUS56 KTFX 291205
CF6LWT
PRELIMINARY LOCAL CLIMATOLOGICAL DATA (WS FORM: F-6)

                                          STATION:   LEWISTOWN MT
                                          MONTH:     MAY
                                          YEAR:      2016
                                          LATITUDE:   47  2 N
                                          LONGITUDE: 109 28 W

  TEMPERATURE IN F:       :PCPN:    SNOW:  WIND      :SUNSHINE: SKY     :PK WND
================================================================================
1   2   3   4   5  6A  6B    7    8   9   10  11  12  13   14  15   16   17  18
                                     12Z  AVG MX 2MIN
DY MAX MIN AVG DEP HDD CDD  WTR  SNW DPTH SPD SPD DIR MIN PSBL S-S WX    SPD DR
================================================================================

 1  63  32  48   2  17   0 0.00    M    0  6.5 13  80   M    M   1        18  90
 2  70  33  52   6  13   0 0.00    M    0  4.6 10 170   M    M   0        16 310
 3  79  38  59  13   6   0 0.00    M    0  5.5 14 110   M    M   0        20  90
 4  82  46  64  18   1   0 0.00    M    0  7.1 22 220   M    M   0        26 230
 5  80  49  65  18   0   0 0.00    M    0  6.0 14 240   M    M   0        20 300
 6  57  41  49   2  16   0    T    M    0  4.3 17 260   M    M   8 1      25  10
 7  72  41  57  10   8   0 0.00    M    0 11.2 24 130   M    M   3        29 120
 8  80  39  60  12   5   0 0.01    M    0  6.8 23 300   M    M   2 3      30 310
 9  57  33  45  -3  20   0 0.84    M    0 11.5 22 300   M    M  10 1      32 310
10  36  33  35 -13  30   0 0.72    M    4 21.5 36 300   M    M   9 12     44 300
11  50  32  41  -8  24   0 0.02    M    6  9.0 16 270   M    M   4        19 290
12  63  34  49   0  16   0 0.10    M    2  9.7 23  10   M    M   5 1      30 360
13  51  34  43  -6  22   0 0.00    M    T  5.4 12  90   M    M   9        21 320
14  57  31  44  -6  21   0 0.00    M    0 10.0 21  90   M    M   1 8      24 100
15  60  38  49  -1  16   0 0.00    M    0 12.7 23  90   M    M   5        29  80
16  65  40  53   3  12   0 0.00    M    0 12.2 25  90   M    M   2        32 120
17  70  36  53   3  12   0 0.00    M    0  6.1 17 200   M    M   1        24 240
18  75  41  58   7   7   0 0.02    M    0  5.8 20 220   M    M   2 3      24 220
19  75  45  60   9   5   0 0.63    M    0  6.5 30 280   M    M   2 13     43 280
20  60  47  54   3  11   0 0.20    M    0  5.4 18 270   M    M   8 123    22 270
21  50  41  46  -6  19   0 0.20    M    0  7.0 18 280   M    M   9 123    25 280
22  64  39  52   0  13   0 0.00    M    0 17.6 38 230   M    M   4        47 230
23  55  43  49  -3  16   0 0.03    M    0 15.6 31 240   M    M  10        39 240
24  56  39  48  -4  17   0 0.08    M    0  4.5 17 170   M    M   7        21 190
25  64  36  50  -3  15   0 0.21    M    0  5.5 24 310   M    M   3 3      34 310
26  65  43  54   1  11   0 0.00    M    0  8.1 21 350   M    M   5        26 340
27  67  39  53   0  12   0 0.62    M    0  8.6 21 100   M    M   4 13     26  90
28  62  40  51  -2  14   0    T    M    0  7.8 17 330   M    M   4        23 310
================================================================================
SM 1785 1083       379   0  3.68    M    242.5          M      118
================================================================================
AV 63.8 38.7                               8.7 FASTST   M    M   4    MAX(MPH)
                                 MISC ---->  # 38 230               # 47  230
================================================================================
NOTES:
# LAST OF SEVERAL OCCURRENCES

COLUMN 17 PEAK WIND IN M.P.H.

PRELIMINARY LOCAL CLIMATOLOGICAL DATA (WS FORM: F-6) , PAGE 2

                                          STATION:  LEWISTOWN MT
                                          MONTH:    MAY
                                          YEAR:     2016
                                          LATITUDE:   47  2 N
                                          LONGITUDE: 109 28 W

[TEMPERATURE DATA]      [PRECIPITATION DATA]       SYMBOLS USED IN COLUMN 16

AVERAGE MONTHLY: 51.2   TOTAL FOR MONTH:   3.68    1 = FOG OR MIST
DPTR FM NORMAL:   1.6   DPTR FM NORMAL:    1.18    2 = FOG REDUCING VISIBILITY
HIGHEST:    82 ON  4    GRTST 24HR  0.99 ON  9-10      TO 1/4 MILE OR LESS
LOWEST:     31 ON 14                               3 = THUNDER
                        SNOW, ICE PELLETS, HAIL    4 = ICE PELLETS
                        TOTAL MONTH:    M          5 = HAIL
                        GRTST 24HR    M  ON   M    6 = FREEZING RAIN OR DRIZZLE
                        GRTST DEPTH:   6 ON 11     7 = DUSTSTORM OR SANDSTORM:
                                                       VSBY 1/2 MILE OR LESS
                                                   8 = SMOKE OR HAZE
[NO. OF DAYS WITH]      [WEATHER - DAYS WITH]      9 = BLOWING SNOW
                                                   X = TORNADO
MAX 32 OR BELOW:   0    0.01 INCH OR MORE:  13
MAX 90 OR ABOVE:   0    0.10 INCH OR MORE:   8
MIN 32 OR BELOW:   3    0.50 INCH OR MORE:   4
MIN  0 OR BELOW:   0    1.00 INCH OR MORE:   0

[HDD (BASE 65) ]
TOTAL THIS MO.   379    CLEAR  (SCALE 0-3)  12
DPTR FM NORMAL   -54    PTCLDY (SCALE 4-7)  10
TOTAL FM JUL 1  6681    CLOUDY (SCALE 8-10)  6
DPTR FM NORMAL -1259

[CDD (BASE 65) ]
TOTAL THIS MO.     0
DPTR FM NORMAL     0    [PRESSURE DATA]
TOTAL FM JAN 1     0    HIGHEST SLP M ON M
DPTR FM NORMAL     0    LOWEST  SLP 29.45 ON  8

[REMARKS]
