477
CXUS53 KILX 242300
CF6LWV
PRELIMINARY LOCAL CLIMATOLOGICAL DATA (WS FORM: F-6)

                                          STATION:   LAWRENCEVILLE IL AIRPORT
                                          MONTH:     SEPTEMBER
                                          YEAR:      2016
                                          LATITUDE:   38 45 N
                                          LONGITUDE:  87 36 W

  TEMPERATURE IN F:       :PCPN:    SNOW:  WIND      :SUNSHINE: SKY     :PK WND
================================================================================
1   2   3   4   5  6A  6B    7    8   9   10  11  12  13   14  15   16   17  18
                                     12Z  AVG MX 2MIN
DY MAX MIN AVG DEP HDD CDD  WTR  SNW DPTH SPD SPD DIR MIN PSBL S-S WX    SPD DR
================================================================================

 1  82  60  71  -3   0   6 0.00    M    M  9.9 20  30   M    M   2        24  20
 2  82  58  70  -4   0   5 0.00    M    M  8.6 18  40   M    M   1        24  60
 3  84  59  72  -2   0   7 0.00    M    M  7.2 15  70   M    M   1        20  80
 4  87  58  73  -1   0   8 0.00    M    M  5.1 12 110   M    M   0        22 130
 5  93  67  80   7   0  15 0.00    M    M  7.3 17 200   M    M   2        22 210
 6  93  69  81   8   0  16 0.00    M    M  7.3 20 220   M    M   1 1      23 220
 7  95  69  82   9   0  17 0.00    M    M  8.1 20 220   M    M   1        25 220
 8  91  73  82  10   0  17    M    M    M  9.3 21 220   M    M   5 13     25 220
 9  88  71  80   8   0  15 0.12    M    M  6.7 21 230   M    M   6 13     25 230
10  82  60  71  -1   0   6 0.01    M    M  9.1 26 310   M    M   4 3      32 310
11  80  55  68  -3   0   3 0.00    M    M  3.5  9  50   M    M   0        12  50
12  83  54  69  -2   0   4 0.00    M    M  3.9 13 150   M    M   0        18 170
13  89  54  72   1   0   7 0.00    M    M  3.3 10 260   M    M   0 12     14 240
14  86  63  75   5   0  10 0.00    M    M  3.5 14 350   M    M   1 13     18 240
15  88  67  78   8   0  13 0.00    M    M  4.5  9  90   M    M   2 1      13 110
16  82  68  75   5   0  10 1.25    M    M  6.0 29 270   M    M   3 13     37 270
17  82  66  74   5   0   9 0.44    M    M  5.3 13 250   M    M   5 13     16 250
18  83  62  73   4   0   8 0.00    M    M  2.4  8 270   M    M   2 12      9 270
19  87  59  73   5   0   8 0.00    M    M  1.2  8 320   M    M   2 12     12 280
20  89  60  75   7   0  10 0.00    M    M  1.8  8  90   M    M   0 1      11 120
21  91  59  75   8   0  10 0.00    M    M  4.6 12 120   M    M   0 1      15 140
22   M  60   M   M   M   M 0.00    M    M  2.7  6 210   M    M   0 1       M  M
23  89  62  76   9   0  11 0.00    M    M  1.8 10 280   M    M   1 128    14 290
================================================================================
SM 1906 1433         0 215  1.82    M    123.1          M       39
================================================================================
AV 86.6 62.3                               5.4 FASTST   M    M   2    MAX(MPH)
                                 MISC ---->  # 29 270               # 37  270
================================================================================
NOTES:
# LAST OF SEVERAL OCCURRENCES

COLUMN 17 PEAK WIND IN M.P.H.

PRELIMINARY LOCAL CLIMATOLOGICAL DATA (WS FORM: F-6) , PAGE 2

                                          STATION:  LAWRENCEVILLE IL AIRPORT
                                          MONTH:    SEPTEMBER
                                          YEAR:     2016
                                          LATITUDE:   38 45 N
                                          LONGITUDE:  87 36 W

[TEMPERATURE DATA]      [PRECIPITATION DATA]       SYMBOLS USED IN COLUMN 16

AVERAGE MONTHLY: 74.5   TOTAL FOR MONTH:   1.82    1 = FOG OR MIST
DPTR FM NORMAL:   3.6   DPTR FM NORMAL:   -0.56    2 = FOG REDUCING VISIBILITY
HIGHEST:    95 ON  7    GRTST 24HR  1.66 ON 16-17      TO 1/4 MILE OR LESS
LOWEST:     54 ON 13,12                            3 = THUNDER
                        SNOW, ICE PELLETS, HAIL    4 = ICE PELLETS
                        TOTAL MONTH:    M          5 = HAIL
                        GRTST 24HR    M  ON   M    6 = FREEZING RAIN OR DRIZZLE
                        GRTST DEPTH:  M  ON   M    7 = DUSTSTORM OR SANDSTORM:
                                                       VSBY 1/2 MILE OR LESS
                                                   8 = SMOKE OR HAZE
[NO. OF DAYS WITH]      [WEATHER - DAYS WITH]      9 = BLOWING SNOW
                                                   X = TORNADO
MAX 32 OR BELOW:   0    0.01 INCH OR MORE:   4
MAX 90 OR ABOVE:   5    0.10 INCH OR MORE:   3
MIN 32 OR BELOW:   0    0.50 INCH OR MORE:   1
MIN  0 OR BELOW:   0    1.00 INCH OR MORE:   1

[HDD (BASE 65) ]
TOTAL THIS MO.     0    CLEAR  (SCALE 0-3)  19
DPTR FM NORMAL   -14    PTCLDY (SCALE 4-7)   4
TOTAL FM JUL 1     0    CLOUDY (SCALE 8-10)  0
DPTR FM NORMAL   -15

[CDD (BASE 65) ]
TOTAL THIS MO.   215
DPTR FM NORMAL    66    [PRESSURE DATA]
TOTAL FM JAN 1  1506    HIGHEST SLP M ON M
DPTR FM NORMAL   174    LOWEST  SLP 29.87 ON  8

[REMARKS]
