000
CXUS53 KGID 300730
CF6LXN
PRELIMINARY LOCAL CLIMATOLOGICAL DATA (WS FORM: F-6)

                                          STATION:   LEXINGTON
                                          MONTH:     JUNE
                                          YEAR:      2015
                                          LATITUDE:   40 47 N
                                          LONGITUDE:  99 46 W

  TEMPERATURE IN F:       :PCPN:    SNOW:  WIND      :SUNSHINE: SKY     :PK WND
================================================================================
1   2   3   4   5  6A  6B    7    8   9   10  11  12  13   14  15   16   17  18
                                     12Z  AVG MX 2MIN
DY MAX MIN AVG DEP HDD CDD  WTR  SNW DPTH SPD SPD DIR MIN PSBL S-S WX    SPD DR
================================================================================

 1  75  57  66   M   0   1 0.00    M    M 12.5 18 150   M    M   2 3      24 150
 2  82  63  73   M   0   8 0.28    M    M 11.3 18 190   M    M   3 3      30 190
 3  78  60  69   M   0   4 0.30    M    M  8.8 20 320   M    M   4 3      33  30
 4  74  65  70   M   0   5 0.27    M    M  8.9 16 100   M    M  10 13     21  80
 5  77  63  70   M   0   5 0.26    M    M  6.7 15 150   M    M   6 38      M  M
 6  88  65  77   M   0  12 0.04    M    M 10.5 17 180   M    M   3        25 180
 7  79  61  70   M   0   5 0.00    M    M  6.9 18 340   M    M   3 38     25 340
 8  86  57  72   M   0   7 0.00    M    M  5.8 12 350   M    M   2        20 350
 9  94  57  76   M   0  11 0.00    M    M  2.9 10 240   M    M   0 18     16 230
10  91  61  76   M   0  11 0.76    M    M  8.0 24 170   M    M   3 3      39 170
11  70  61  66   M   0   1 0.12    M    M 10.5 17 340   M    M  10 13     21 110
12  69  56  63   M   2   0    T    M    M  5.2  9 170   M    M   5         M  M
13  80  53  67   M   0   2 0.00    M    M  6.7 12 170   M    M   3 12     16 190
14  83  60  72   M   0   7 0.00    M    M  4.2 21 140   M    M   4 12     25 140
15  76  59  68   M   0   3 0.25    M    M  9.5 16  20   M    M   5        20  20
16  80  52  66   M   0   1 0.52    M    M 10.0 16 160   M    M   2        22 160
17  81  61  71   M   0   6 0.33    M    M  6.1  8  20   M    M   1         M  M
18  73  60  67   M   0   2 0.30    M    M  7.6 15  90   M    M   5 3       M  M
19  83  56  70   M   0   5 0.00    M    M 10.3 17 160   M    M   4 1      27 160
20  84  64  74   M   0   9 0.00    M    M 10.4 20 180   M    M   0        24 180
21  85  61  73   M   0   8 0.00    M    M  7.8 23 140   M    M   1        43 140
22  83  59  71   M   0   6 0.00    M    M 15.0 22 200   M    M   0        31 200
23  77  55  66   M   0   1 0.00    M    M  8.2 16 100   M    M   3 3      20 110
24  87  59  73   M   0   8 0.00    M    M  7.1 18  10   M    M   1 1      24  10
25  84  63  74   M   0   9 0.00    M    M  8.6 16  30   M    M   1 1      24  80
26  82  60  71   M   0   6 0.00    M    M  6.8 13  10   M    M   2 1      18  30
27  87  54  71   M   0   6 0.00    M    M  2.4  6 330   M    M   0         M  M
28  91  59  75   M   0  10 0.00    M    M  6.8 14  30   M    M   0        22 340
29  94  55  75   M   0  10 0.00    M    M  5.1 12 350   M    M   0        18 320
================================================================================
SM 2373 1716         2 169  3.43    M    230.6          M       83
================================================================================
AV 81.8 59.2                               8.0 FASTST   M    M   3    MAX(MPH)
                                 MISC ---->    24   M                 43    M
================================================================================
NOTES:
# LAST OF SEVERAL OCCURRENCES

COLUMN 17 PEAK WIND IN M.P.H.

PRELIMINARY LOCAL CLIMATOLOGICAL DATA (WS FORM: F-6) , PAGE 2

                                          STATION:  LEXINGTON
                                          MONTH:    JUNE
                                          YEAR:     2015
                                          LATITUDE:   40 47 N
                                          LONGITUDE:  99 46 W

[TEMPERATURE DATA]      [PRECIPITATION DATA]       SYMBOLS USED IN COLUMN 16

AVERAGE MONTHLY: 70.5   TOTAL FOR MONTH:   3.43    1 = FOG OR MIST
DPTR FM NORMAL:     M   DPTR FM NORMAL:       M    2 = FOG REDUCING VISIBILITY
HIGHEST:    94 ON 29, 9 GRTST 24HR  0.76 ON 10-10      TO 1/4 MILE OR LESS
LOWEST:     52 ON 16                               3 = THUNDER
                        SNOW, ICE PELLETS, HAIL    4 = ICE PELLETS
                        TOTAL MONTH:    M          5 = HAIL
                        GRTST 24HR    M  ON   M    6 = FREEZING RAIN OR DRIZZLE
                        GRTST DEPTH:  M  ON   M    7 = DUSTSTORM OR SANDSTORM:
                                                       VSBY 1/2 MILE OR LESS
                                                   8 = SMOKE OR HAZE
[NO. OF DAYS WITH]      [WEATHER - DAYS WITH]      9 = BLOWING SNOW
                                                   X = TORNADO
MAX 32 OR BELOW:   0    0.01 INCH OR MORE:  11
MAX 90 OR ABOVE:   4    0.10 INCH OR MORE:  10
MIN 32 OR BELOW:   0    0.50 INCH OR MORE:   2
MIN  0 OR BELOW:   0    1.00 INCH OR MORE:   0

[HDD (BASE 65) ]
TOTAL THIS MO.     2    CLEAR  (SCALE 0-3)  20
DPTR FM NORMAL     M    PTCLDY (SCALE 4-7)   7
TOTAL FM JUL 1  5841    CLOUDY (SCALE 8-10)  2
DPTR FM NORMAL     M

[CDD (BASE 65) ]
TOTAL THIS MO.   169
DPTR FM NORMAL     M    [PRESSURE DATA]
TOTAL FM JAN 1   182    HIGHEST SLP M ON M
DPTR FM NORMAL     M    LOWEST  SLP M ON M

[REMARKS]
