089
CXUS53 KGID 200730
CF6LXN
PRELIMINARY LOCAL CLIMATOLOGICAL DATA (WS FORM: F-6)

                                          STATION:   LEXINGTON
                                          MONTH:     FEBRUARY
                                          YEAR:      2018
                                          LATITUDE:   40 47 N
                                          LONGITUDE:  99 46 W

  TEMPERATURE IN F:       :PCPN:    SNOW:  WIND      :SUNSHINE: SKY     :PK WND
================================================================================
1   2   3   4   5  6A  6B    7    8   9   10  11  12  13   14  15   16   17  18
                                     12Z  AVG MX 2MIN
DY MAX MIN AVG DEP HDD CDD  WTR  SNW DPTH SPD SPD DIR MIN PSBL S-S WX    SPD DR
================================================================================

 1  34  19  27   M  38   0    T    M    M  8.4 16  20   M    M  10        22  20
 2  45  19  32   M  33   0 0.00    M    M  8.2 17 210   M    M   5        21 210
 3  55  24  40   M  25   0 0.00    M    M  9.1 21  10   M    M   5        25  10
 4  24   4  14   M  51   0    M    M    M 13.4 25 350   M    M   6        30 360
 5  25   6  16   M  49   0    T    M    M 13.9 27 350   M    M   5 8      31 360
 6  14   M   M   M   M   M    M    M    M  5.8 14 150   M    M   8 128     M  M
 7  26   M   M   M   M   M 0.00    M    M  6.9 15 190   M    M   7         M  M
 8  29   9  19   M  46   0 0.00    M    M  5.4 10  50   M    M   2 1       M  M
 9  22   6  14   M  51   0    M    M    M 14.0 20  20   M    M  10 1      24  20
10  12  -4   4   M  61   0    M    M    M  5.9 13 360   M    M   7         M  M
11  29  -2  14   M  51   0 0.00    M    M  6.0 15 300   M    M   0         M  M
12  19   7  13   M  52   0 0.00    M    M 13.0 18 110   M    M   2        23 100
13  36   8  22   M  43   0 0.00    M    M  8.0 13 110   M    M   0 1       M  M
14  46  15  31   M  34   0 0.00    M    M  2.0  7 210   M    M   0 18      M  M
15  41  19  30   M  35   0 0.00    M    M  9.3 29 350   M    M   4        36  10
16  36  12  24   M  41   0    T    M    M 11.7 23 340   M    M   2        27 340
17  47  20  34   M  31   0 0.00    M    M  9.7 16 210   M    M   0        18 200
18  59  25  42   M  23   0 0.00    M    M 18.8 29 180   M    M   2        40 180
19  25  12  19   M  46   0    M    M    M 16.4 25 360   M    M  10 1      31 360
================================================================================
SM  624  199       710   0    T     M    185.9          M       85
================================================================================
AV 32.8 11.7                               9.8 FASTST   M    M   4    MAX(MPH)
                                 MISC ---->  # 29 350               # 40  180
================================================================================
NOTES:
# LAST OF SEVERAL OCCURRENCES

COLUMN 17 PEAK WIND IN M.P.H.

PRELIMINARY LOCAL CLIMATOLOGICAL DATA (WS FORM: F-6) , PAGE 2

                                          STATION:  LEXINGTON
                                          MONTH:    FEBRUARY
                                          YEAR:     2018
                                          LATITUDE:   40 47 N
                                          LONGITUDE:  99 46 W

[TEMPERATURE DATA]      [PRECIPITATION DATA]       SYMBOLS USED IN COLUMN 16

AVERAGE MONTHLY: 22.3   TOTAL FOR MONTH:      T    1 = FOG OR MIST
DPTR FM NORMAL:     M   DPTR FM NORMAL:       M    2 = FOG REDUCING VISIBILITY
HIGHEST:    59 ON 18    GRTST 24HR    T  ON 16-16      TO 1/4 MILE OR LESS
LOWEST:     -4 ON 10                               3 = THUNDER
                        SNOW, ICE PELLETS, HAIL    4 = ICE PELLETS
                        TOTAL MONTH:    M          5 = HAIL
                        GRTST 24HR    M  ON   M    6 = FREEZING RAIN OR DRIZZLE
                        GRTST DEPTH:  M  ON   M    7 = DUSTSTORM OR SANDSTORM:
                                                       VSBY 1/2 MILE OR LESS
                                                   8 = SMOKE OR HAZE
[NO. OF DAYS WITH]      [WEATHER - DAYS WITH]      9 = BLOWING SNOW
                                                   X = TORNADO
MAX 32 OR BELOW:  10    0.01 INCH OR MORE:   0
MAX 90 OR ABOVE:   0    0.10 INCH OR MORE:   0
MIN 32 OR BELOW:  17    0.50 INCH OR MORE:   0
MIN  0 OR BELOW:   2    1.00 INCH OR MORE:   0

[HDD (BASE 65) ]
TOTAL THIS MO.   710    CLEAR  (SCALE 0-3)   8
DPTR FM NORMAL     M    PTCLDY (SCALE 4-7)   8
TOTAL FM JUL 1  4327    CLOUDY (SCALE 8-10)  3
DPTR FM NORMAL     M

[CDD (BASE 65) ]
TOTAL THIS MO.     0
DPTR FM NORMAL     M    [PRESSURE DATA]
TOTAL FM JAN 1     0    HIGHEST SLP M ON M
DPTR FM NORMAL     M    LOWEST  SLP M ON M

[REMARKS]
