000
CXUS55 KEAX 300736
CF6LXT
PRELIMINARY LOCAL CLIMATOLOGICAL DATA (WS FORM: F-6)

                                          STATION:   Lee`s Summit MO
                                          MONTH:     MAY
                                          YEAR:      2016
                                          LATITUDE:   38 57 N
                                          LONGITUDE:  94 22 W

  TEMPERATURE IN F:       :PCPN:    SNOW:  WIND      :SUNSHINE: SKY     :PK WND
================================================================================
1   2   3   4   5  6A  6B    7    8   9   10  11  12  13   14  15   16   17  18
                                     12Z  AVG MX 2MIN
DY MAX MIN AVG DEP HDD CDD  WTR  SNW DPTH SPD SPD DIR MIN PSBL S-S WX    SPD DR
================================================================================

 1  62  50  56  -4   9   0    T    M    M  8.7 17 340   M    M   8        22 240
 2  55  46  51  -9  14   0    T    M    M  5.3 10 350   M    M   9        14 350
 3  69  43  56  -4   9   0 0.00    M    M  5.1 15 290   M    M   1 1      20 290
 4  70  49  60  -1   5   0 0.00    M    M 11.2 24 360   M    M   0        30 340
 5  73  47  60  -1   5   0 0.00    M    M  4.5 16  30   M    M   0        24 340
 6  81  52  67   6   0   2 0.00    M    M  9.5 17 190   M    M   0        21 200
 7  86  63  75  13   0  10 0.00    M    M 10.4 18 230   M    M   0        23 240
 8  74  60  67   5   0   2 1.64    M    M  7.8 17 210   M    M   4 13     21 190
 9  73  58  66   4   0   1 0.07    M    M  9.7 24 250   M    M   5 13     37 270
10  80  57  69   6   0   4 0.00    M    M  6.3 14 210   M    M   2        16 220
11  78  59  69   6   0   4 0.39    M    M 10.5 35 330   M    M   6 13     42 330
12  71  54  63   0   2   0 0.00    M    M  9.9 23 330   M    M   0        30 330
13  80  47  64   0   1   0 0.20    M    M 13.4 31 350   M    M   3 3      37 360
14  59  42  51 -13  14   0 0.00    M    M 11.0 23 350   M    M   0        30 350
15  67  42  55  -9  10   0 0.11    M    M  3.6 12  30   M    M   3        16  70
16  53  50  52 -13  13   0 0.85    M    M 10.3 17  80   M    M  10 1      23 110
17  59  47  53 -12  12   0 0.28    M    M 10.3 20  30   M    M   7 1      26  40
18  68  45  57  -8   8   0 0.00    M    M  4.4 12  80   M    M   5 1      15  60
19  67  47  57  -9   8   0 0.04    M    M  4.8 13 130   M    M   4        17 130
20  66  53  60  -6   5   0 0.02    M    M  5.9 13  80   M    M   8        16  90
21  74  49  62  -4   3   0 0.03    M    M  5.7 14  80   M    M   2 12     18  60
22  80  54  67   1   0   2 0.00    M    M  9.7 17 190   M    M   0        21 190
23  75  62  69   2   0   4    T    M    M 10.2 20 160   M    M   2 3      29 180
24  79  63  71   4   0   6 0.12    M    M  9.6 23 160   M    M   4 13     29 160
25  84  64  74   7   0   9 0.03    M    M 11.3 24 200   M    M   2 3      28 200
26  83  62  73   5   0   8 1.86    M    M 11.7 37 320   M    M   8 138    51 320
27  79  60  70   2   0   5 0.82    M    M 10.2 23 260   M    M   6 13     32 250
28  76  58  67  -1   0   2 0.00    M    M  9.9 22 230   M    M   4        27 220
29  86  62  74   6   0   9 0.00    M    M  6.5 12 210   M    M   0        14 210
================================================================================
SM 2107 1545       118  68  6.46    M    247.4          M      103
================================================================================
AV 72.7 53.3                               8.5 FASTST   M    M   4    MAX(MPH)
                                 MISC ---->  # 37 320               # 51  320
================================================================================
NOTES:
# LAST OF SEVERAL OCCURRENCES

COLUMN 17 PEAK WIND IN M.P.H.

PRELIMINARY LOCAL CLIMATOLOGICAL DATA (WS FORM: F-6) , PAGE 2

                                          STATION:  Lee`s Summit MO
                                          MONTH:    MAY
                                          YEAR:     2016
                                          LATITUDE:   38 57 N
                                          LONGITUDE:  94 22 W

[TEMPERATURE DATA]      [PRECIPITATION DATA]       SYMBOLS USED IN COLUMN 16

AVERAGE MONTHLY: 63.0   TOTAL FOR MONTH:   6.46    1 = FOG OR MIST
DPTR FM NORMAL:  -1.2   DPTR FM NORMAL:    1.11    2 = FOG REDUCING VISIBILITY
HIGHEST:    86 ON 29, 7 GRTST 24HR  2.06 ON 26-27      TO 1/4 MILE OR LESS
LOWEST:     42 ON 15,14                            3 = THUNDER
                        SNOW, ICE PELLETS, HAIL    4 = ICE PELLETS
                        TOTAL MONTH:    M          5 = HAIL
                        GRTST 24HR    M  ON   M    6 = FREEZING RAIN OR DRIZZLE
                        GRTST DEPTH:  M  ON   M    7 = DUSTSTORM OR SANDSTORM:
                                                       VSBY 1/2 MILE OR LESS
                                                   8 = SMOKE OR HAZE
[NO. OF DAYS WITH]      [WEATHER - DAYS WITH]      9 = BLOWING SNOW
                                                   X = TORNADO
MAX 32 OR BELOW:   0    0.01 INCH OR MORE:  14
MAX 90 OR ABOVE:   0    0.10 INCH OR MORE:   9
MIN 32 OR BELOW:   0    0.50 INCH OR MORE:   4
MIN  0 OR BELOW:   0    1.00 INCH OR MORE:   2

[HDD (BASE 65) ]
TOTAL THIS MO.   118    CLEAR  (SCALE 0-3)  14
DPTR FM NORMAL    23    PTCLDY (SCALE 4-7)  13
TOTAL FM JUL 1  3568    CLOUDY (SCALE 8-10)  2
DPTR FM NORMAL -1471

[CDD (BASE 65) ]
TOTAL THIS MO.    68
DPTR FM NORMAL    -2    [PRESSURE DATA]
TOTAL FM JAN 1  1018    HIGHEST SLP  0.00 ON M
DPTR FM NORMAL   937    LOWEST  SLP  0.00 ON M

[REMARKS]
