000
CXUS55 KPUB 311059
CF6LXV
PRELIMINARY LOCAL CLIMATOLOGICAL DATA (WS FORM: F-6)

                                          STATION:   LEADVILLE CO
                                          MONTH:     OCTOBER
                                          YEAR:      2014
                                          LATITUDE:   39 15 N
                                          LONGITUDE: 106 18 W

  TEMPERATURE IN F:       :PCPN:    SNOW:  WIND      :SUNSHINE: SKY     :PK WND
================================================================================
1   2   3   4   5  6A  6B    7    8   9   10  11  12  13   14  15   16   17  18
                                     12Z  AVG MX 2MIN
DY MAX MIN AVG DEP HDD CDD  WTR  SNW DPTH SPD SPD DIR MIN PSBL S-S WX    SPD DR
================================================================================

 1  43  28  36  -5  29   0 0.01    M    M  7.2 23 280   M    M   8 1      29 280
 2  42  24  33  -8  32   0 0.05    M    M 11.5 22 300   M    M   4 1      29 360
 3  49  27  38  -2  27   0 0.00  0.0    0  9.5 24 300   M    M   2        31 290
 4  55  25  40   0  25   0 0.00  0.0    0  8.5 21 300   M    M   0        28 310
 5  54  27  41   1  24   0 0.00  0.0    0 10.0 22 300   M    M   0        29 300
 6  58  30  44   4  21   0 0.00  0.0    0 11.8 26 290   M    M   0        34 300
 7  60  28  44   5  21   0 0.00  0.0    0  7.0 17 260   M    M   0        22 310
 8  62  29  46   7  19   0 0.00  0.0    0  4.8 15 300   M    M   2        20 300
 9  43  33  38  -1  27   0 0.13    M    0  7.8 21 180   M    M   9 1      26 180
10  43  32  38   0  27   0 0.03    M    M  6.0 16 180   M    M  10 1      19 190
11  52  27  40   2  25   0    T  0.0    0  6.3 20 290   M    M   4 12     28 270
12  41  25  33  -5  32   0 0.22    M    M 10.9 30 360   M    M   8 12     40 340
13  39  21  30  -7  35   0 0.01    M    M  8.8 21 310   M    M   7 1      33 290
14  59  22  41   4  24   0 0.00  0.0    M  6.0 17 300   M    M   0        22 280
15  63  22  43   6  22   0 0.00  0.0    0  6.0 18 280   M    M   0        25 280
16  60  32  46  10  19   0 0.00  0.0    0  8.2 22 350   M    M   0        31 350
17  60  29  45   9  20   0 0.00  0.0    0  6.5 15 310   M    M   0        22 330
18  55  26  41   5  24   0 0.00  0.0    0  3.9 17 260   M    M   4        20 260
19  57  28  43   8  22   0    T  0.0    0  3.6 15  20   M    M   8        23  80
20  56  26  41   6  24   0 0.00  0.0    0  3.6 13 180   M    M   4        17 180
21  52  26  39   4  26   0 0.01  0.0    0  4.9 16 290   M    M   6        20 280
22  47  28  38   4  27   0 0.11    M    M  6.1 21 320   M    M   6 12     29 320
23  54  28  41   7  24   0 0.00  0.0    0  6.3 18 290   M    M   1        24 280
24  61  25  43   9  22   0 0.00  0.0    0  6.0 17 340   M    M   0        25 350
25  62  21  42   9  23   0 0.00  0.0    0  5.2 20 190   M    M   0        24 200
26  55  32  44  11  21   0    T    M    0  8.8 23 250   M    M   2        35 240
27  41  20  31  -1  34   0    T    M    0  9.2 24 300   M    M   5 1      31 290
28  47  20  34   2  31   0 0.00  0.0    0  8.7 21 320   M    M   2        30 320
29  50  20  35   3  30   0 0.00  0.0    0  9.5 22 320   M    M   0        31 320
30  53  26  40   9  25   0 0.00  0.0    0  6.8 17 290   M    M   0        23  10
================================================================================
SM 1573  787       762   0  0.57     0.0 219.4          M       92
================================================================================
AV 52.4 26.2                               7.3 FASTST   M    M   3    MAX(MPH)
                                 MISC ---->  # 30 360               # 40  340
================================================================================
NOTES:
# LAST OF SEVERAL OCCURRENCES

COLUMN 17 PEAK WIND IN M.P.H.

PRELIMINARY LOCAL CLIMATOLOGICAL DATA (WS FORM: F-6) , PAGE 2

                                          STATION:  LEADVILLE CO
                                          MONTH:    OCTOBER
                                          YEAR:     2014
                                          LATITUDE:   39 15 N
                                          LONGITUDE: 106 18 W

[TEMPERATURE DATA]      [PRECIPITATION DATA]       SYMBOLS USED IN COLUMN 16

AVERAGE MONTHLY: 39.3   TOTAL FOR MONTH:   0.57    1 = FOG OR MIST
DPTR FM NORMAL:   2.9   DPTR FM NORMAL:   -0.31    2 = FOG REDUCING VISIBILITY
HIGHEST:    63 ON 15    GRTST 24HR  0.22 ON 11-12      TO 1/4 MILE OR LESS
LOWEST:     20 ON 29,28                            3 = THUNDER
                        SNOW, ICE PELLETS, HAIL    4 = ICE PELLETS
                        TOTAL MONTH:   0.0 INCH    5 = HAIL
                        GRTST 24HR     0.0         6 = FREEZING RAIN OR DRIZZLE
                        GRTST DEPTH:   0           7 = DUSTSTORM OR SANDSTORM:
                                                       VSBY 1/2 MILE OR LESS
                                                   8 = SMOKE OR HAZE
[NO. OF DAYS WITH]      [WEATHER - DAYS WITH]      9 = BLOWING SNOW
                                                   X = TORNADO
MAX 32 OR BELOW:   0    0.01 INCH OR MORE:   8
MAX 90 OR ABOVE:   0    0.10 INCH OR MORE:   3
MIN 32 OR BELOW:  29    0.50 INCH OR MORE:   0
MIN  0 OR BELOW:   0    1.00 INCH OR MORE:   0

[HDD (BASE 65) ]
TOTAL THIS MO.   762    CLEAR  (SCALE 0-3)  17
DPTR FM NORMAL   -95    PTCLDY (SCALE 4-7)  10
TOTAL FM JUL 1  1911    CLOUDY (SCALE 8-10)  3
DPTR FM NORMAL  -244

[CDD (BASE 65) ]
TOTAL THIS MO.     0
DPTR FM NORMAL     0    [PRESSURE DATA]
TOTAL FM JAN 1     0    HIGHEST SLP M ON M
DPTR FM NORMAL     0    LOWEST  SLP 29.66 ON 12

[REMARKS]
