000
CXUS55 KPUB 291059
CF6LXV
PRELIMINARY LOCAL CLIMATOLOGICAL DATA (WS FORM: F-6)

                                          STATION:   LEADVILLE CO
                                          MONTH:     MAY
                                          YEAR:      2017
                                          LATITUDE:   39 15 N
                                          LONGITUDE: 106 18 W

  TEMPERATURE IN F:       :PCPN:    SNOW:  WIND      :SUNSHINE: SKY     :PK WND
================================================================================
1   2   3   4   5  6A  6B    7    8   9   10  11  12  13   14  15   16   17  18
                                     12Z  AVG MX 2MIN
DY MAX MIN AVG DEP HDD CDD  WTR  SNW DPTH SPD SPD DIR MIN PSBL S-S WX    SPD DR
================================================================================

 1  42  27  35  -1  30   0    T    M    M  9.0 24 310   M    M  10 1      31 320
 2  43  25  34  -2  31   0 0.16    M    M  9.0 22 350   M    M   5 18     29 360
 3  47  25  36   0  29   0 0.01    M    M 10.6 26 320   M    M   4 1      36 310
 4  61  23  42   5  23   0 0.00  0.0    M  6.1 18 290   M    M   0        25 290
 5  64  25  45   8  20   0 0.00  0.0    0  5.0 15 310   M    M   1        22 350
 6  63  28  46   8  19   0 0.00  0.0    0  5.3 29 170   M    M   2        37 170
 7  55  31  43   5  22   0 0.01    M    0  4.7 30 180   M    M   3        39 170
 8  59  27  43   5  22   0 0.12    M    0  5.4 25 180   M    M   4 1      33 190
 9  51  33  42   3  23   0 0.18    M    0  4.2 28 170   M    M   8 1      35 180
10  45  30  38  -1  27   0 0.14    M    0  3.6 17 170   M    M   7 12     23 180
11  58  29  44   5  21   0 0.00  0.0    0  6.8 18 310   M    M   4 12     23 310
12  62  26  44   4  21   0    T    M    0  7.0 22 160   M    M   3        28 160
13  62  30  46   6  19   0 0.00  0.0    0  9.0 29 190   M    M   2        41 180
14  61  32  47   7  18   0 0.00  0.0    0 11.3 24 170   M    M   1        33 190
15  62  27  45   5  20   0 0.00  0.0    0  9.6 28 200   M    M   2        39 210
16  51  28  40  -1  25   0    T    M    0  8.8 25 180   M    M   4 8      32 180
17  47  24  36  -5  29   0 0.09    M    M  8.3 25 180   M    M   8 12     31 170
18  31  22  27 -15  38   0 0.69    M    M  5.1 15 330   M    M   9 128    23 330
19  34  21  28 -14  37   0 0.09    M    M  6.7 17 330   M    M   7 128    23 340
20  40  22  31 -11  34   0 0.01    M    M  8.1 17  10   M    M   6 1      23 280
21  50  17  34  -8  31   0    T    M    M  4.9 16 300   M    M   5 1      22 330
22  48  28  38  -5  27   0 0.17    M    M 11.1 26 360   M    M   8 12     33 340
23  47  25  36  -7  29   0 0.00  0.0    0 12.5 23 360   M    M   3 1      31 320
24  61  29  45   2  20   0 0.00  0.0    0  9.2 26 300   M    M   3        35 280
25  58  35  47   3  18   0 0.02    M    0 10.2 33 300   M    M   7        44 290
26  57  33  45   1  20   0 0.02    M    0  9.2 35 180   M    M   5 1      42 180
27  45  24  35  -9  30   0 0.11    M    0  7.9 25 310   M    M   7 128    34 320
28  56  19  38  -6  27   0 0.00  0.0    0  5.0 18 290   M    M   1        24 270
================================================================================
SM 1460  745       710   0  1.82     0.0 213.6          M      129
================================================================================
AV 52.1 26.6                               7.6 FASTST   M    M   5    MAX(MPH)
                                 MISC ---->  # 35 180               # 44  290
================================================================================
NOTES:
# LAST OF SEVERAL OCCURRENCES

COLUMN 17 PEAK WIND IN M.P.H.

PRELIMINARY LOCAL CLIMATOLOGICAL DATA (WS FORM: F-6) , PAGE 2

                                          STATION:  LEADVILLE CO
                                          MONTH:    MAY
                                          YEAR:     2017
                                          LATITUDE:   39 15 N
                                          LONGITUDE: 106 18 W

[TEMPERATURE DATA]      [PRECIPITATION DATA]       SYMBOLS USED IN COLUMN 16

AVERAGE MONTHLY: 39.4   TOTAL FOR MONTH:   1.82    1 = FOG OR MIST
DPTR FM NORMAL:  -0.9   DPTR FM NORMAL:    1.10    2 = FOG REDUCING VISIBILITY
HIGHEST:    64 ON  5    GRTST 24HR  0.69 ON 18-18      TO 1/4 MILE OR LESS
LOWEST:     17 ON 21                               3 = THUNDER
                        SNOW, ICE PELLETS, HAIL    4 = ICE PELLETS
                        TOTAL MONTH:   0.0 INCH    5 = HAIL
                        GRTST 24HR     0.0         6 = FREEZING RAIN OR DRIZZLE
                        GRTST DEPTH:   0           7 = DUSTSTORM OR SANDSTORM:
                                                       VSBY 1/2 MILE OR LESS
                                                   8 = SMOKE OR HAZE
[NO. OF DAYS WITH]      [WEATHER - DAYS WITH]      9 = BLOWING SNOW
                                                   X = TORNADO
MAX 32 OR BELOW:   1    0.01 INCH OR MORE:  14
MAX 90 OR ABOVE:   0    0.10 INCH OR MORE:   7
MIN 32 OR BELOW:  25    0.50 INCH OR MORE:   1
MIN  0 OR BELOW:   0    1.00 INCH OR MORE:   0

[HDD (BASE 65) ]
TOTAL THIS MO.   710    CLEAR  (SCALE 0-3)  10
DPTR FM NORMAL    18    PTCLDY (SCALE 4-7)  15
TOTAL FM JUL 1  9933    CLOUDY (SCALE 8-10)  3
DPTR FM NORMAL  -760

[CDD (BASE 65) ]
TOTAL THIS MO.     0
DPTR FM NORMAL     0    [PRESSURE DATA]
TOTAL FM JAN 1     0    HIGHEST SLP M ON M
DPTR FM NORMAL     0    LOWEST  SLP 29.49 ON M

[REMARKS]
