000
CXUS54 KLZK 261130
CF6M19
PRELIMINARY LOCAL CLIMATOLOGICAL DATA (WS FORM: F-6)

                                          STATION:   Newport Airport
                                          MONTH:     MARCH
                                          YEAR:      2017
                                          LATITUDE:   35 35 N
                                          LONGITUDE:  91 16 W

  TEMPERATURE IN F:       :PCPN:    SNOW:  WIND      :SUNSHINE: SKY     :PK WND
================================================================================
1   2   3   4   5  6A  6B    7    8   9   10  11  12  13   14  15   16   17  18
                                     12Z  AVG MX 2MIN
DY MAX MIN AVG DEP HDD CDD  WTR  SNW DPTH SPD SPD DIR MIN PSBL S-S WX    SPD DR
================================================================================

 1  63  43  53   7  12   0 0.00  0.0    M 19.1 31 210   M    M   2 13     40 210
 2  58  41  50   4  15   0    T    M    0  7.4 10 200   M    M   0         M  M
 3  54  35  45  -1  20   0 0.00  0.0    0  8.3 15  50   M    M   0        16 100
 4  68  36  52   5  13   0 0.00  0.0    0 11.7 18 190   M    M   0        22 190
 5  57  44  51   4  14   0    T  0.0    0 10.9 17 170   M    M   6         M  M
 6  70  52  61  13   4   0 0.06  0.0    0 19.4 27 200   M    M   9 18     38 180
 7  66  42  54   6  11   0 1.05    M    M 14.0 28 180   M    M   4 138    38 180
 8  68  39  54   6  11   0 0.00  0.0    0  7.5 15 190   M    M   0 8       M  M
 9  75  43  59  11   6   0 0.20    M    0 10.7 21 220   M    M   3 38     28 200
10  57  40  49   0  16   0 0.00    M    0 18.1 28  30   M    M   1        35  30
11  40  30  35 -14  30   0 0.33    M    0 13.6 21  60   M    M   8 1       M  M
12  46  27  37 -13  28   0 0.01    M    0  9.3 13  30   M    M   0 1       M  M
13  48  32  40 -10  25   0 0.35    M    0 10.6 24 320   M    M   8 1      31 320
14  38  32  35 -15  30   0    T    M    0 12.2 20 340   M    M   9 1      24 340
15  41  28  35 -15  30   0 0.00  0.0    0  9.3 15  30   M    M   1         M  M
16  46  37  42  -9  23   0    T    M    0  9.9 14 140   M    M  10 8       M  M
17  68  44  56   5   9   0    T    M    0 11.2 20 200   M    M   9         M  M
18  75  50  63  12   2   0 0.02  0.0    0  6.6 13 310   M    M   1 18      M  M
19  65  45  55   3  10   0 0.00  0.0    0  8.2 10 110   M    M   4         M  M
20  82  49  66  14   0   1 0.00  0.0    0 14.5 27 210   M    M   0 1      33 210
21  71  53  62  10   3   0 0.00  0.0    0 13.4 24  50   M    M   1        28  50
22  58  46  52  -1  13   0 0.47    M    0 14.2 18  50   M    M   7 3       M  M
23  77  44  61   8   4   0    T    M    0  8.7 15 170   M    M   2         M  M
24  78  61  70  17   0   5 0.40  0.0    0 18.2 30 160   M    M   3 13     37 180
25  70  53  62   8   3   0 0.51  0.0    0 13.0 22 220   M    M   7 13     29 220
================================================================================
SM 1539 1046       332   6  3.40     0.0 300.0          M       95
================================================================================
AV 61.6 41.8                              12.0 FASTST   M    M   4    MAX(MPH)
                                 MISC ---->    31   M                 40    M
================================================================================
NOTES:
# LAST OF SEVERAL OCCURRENCES

COLUMN 17 PEAK WIND IN M.P.H.

PRELIMINARY LOCAL CLIMATOLOGICAL DATA (WS FORM: F-6) , PAGE 2

                                          STATION:  Newport Airport
                                          MONTH:    MARCH
                                          YEAR:     2017
                                          LATITUDE:   35 35 N
                                          LONGITUDE:  91 16 W

[TEMPERATURE DATA]      [PRECIPITATION DATA]       SYMBOLS USED IN COLUMN 16

AVERAGE MONTHLY: 51.7   TOTAL FOR MONTH:   3.40    1 = FOG OR MIST
DPTR FM NORMAL:   1.9   DPTR FM NORMAL:   -0.24    2 = FOG REDUCING VISIBILITY
HIGHEST:    82 ON 20    GRTST 24HR  1.05 ON  7- 7      TO 1/4 MILE OR LESS
LOWEST:     27 ON 12                               3 = THUNDER
                        SNOW, ICE PELLETS, HAIL    4 = ICE PELLETS
                        TOTAL MONTH:   0.0 INCH    5 = HAIL
                        GRTST 24HR     0.0         6 = FREEZING RAIN OR DRIZZLE
                        GRTST DEPTH:   0           7 = DUSTSTORM OR SANDSTORM:
                                                       VSBY 1/2 MILE OR LESS
                                                   8 = SMOKE OR HAZE
[NO. OF DAYS WITH]      [WEATHER - DAYS WITH]      9 = BLOWING SNOW
                                                   X = TORNADO
MAX 32 OR BELOW:   0    0.01 INCH OR MORE:  10
MAX 90 OR ABOVE:   0    0.10 INCH OR MORE:   7
MIN 32 OR BELOW:   5    0.50 INCH OR MORE:   2
MIN  0 OR BELOW:   0    1.00 INCH OR MORE:   1

[HDD (BASE 65) ]
TOTAL THIS MO.   332    CLEAR  (SCALE 0-3)  14
DPTR FM NORMAL   -53    PTCLDY (SCALE 4-7)   6
TOTAL FM JUL 1  2353    CLOUDY (SCALE 8-10)  5
DPTR FM NORMAL  -986

[CDD (BASE 65) ]
TOTAL THIS MO.     6
DPTR FM NORMAL     6    [PRESSURE DATA]
TOTAL FM JAN 1    16    HIGHEST SLP M ON M
DPTR FM NORMAL    16    LOWEST  SLP M ON M

[REMARKS]
