000
CXUS52 KTAE 241031
CF6MAI
PRELIMINARY LOCAL CLIMATOLOGICAL DATA (WS FORM: F-6)

                                          STATION:   MARIANNA
                                          MONTH:     AUGUST
                                          YEAR:      2015
                                          LATITUDE:   30 50 N
                                          LONGITUDE:  85 11 W

  TEMPERATURE IN F:       :PCPN:    SNOW:  WIND      :SUNSHINE: SKY     :PK WND
================================================================================
1   2   3   4   5  6A  6B    7    8   9   10  11  12  13   14  15   16   17  18
                                     12Z  AVG MX 2MIN
DY MAX MIN AVG DEP HDD CDD  WTR  SNW DPTH SPD SPD DIR MIN PSBL S-S WX    SPD DR
================================================================================

 1  93  73  83   1   0  18 0.00  0.0    0  4.4 20  90   M    M   4 1      28  60
 2  93  73  83   1   0  18 0.00  0.0    0  5.8 13 360   M    M   4        18  30
 3  98  74  86   4   0  21 0.00  0.0    0  3.8 14  50   M    M   2        17  40
 4  98  77  88   6   0  23    T  0.0    0  6.1 25 190   M    M   3        31 190
 5  89  75  82   0   0  17 0.09  0.0    0  6.1 26 200   M    M   2 13     32 200
 6  91  76  84   2   0  19 0.01  0.0    0  8.9 21 230   M    M   3 3      29 220
 7  97  76  87   5   0  22 0.26  0.0    0  9.9 26 260   M    M   2 13     35 250
 8  96  75  86   4   0  21 0.84  0.0    0  4.6 23 280   M    M   3 13     30 210
 9  95  75  85   3   0  20 0.00  0.0    0  3.5 10  80   M    M   1        15  50
10  95  77  86   4   0  21 0.00  0.0    0  3.9 12 190   M    M   1        16  30
11  95  76  86   4   0  21 0.00  0.0    0  4.9 23 230   M    M   1        28 230
12  96  74  85   3   0  20 0.00  0.0    0  4.8 14 360   M    M   2        17 340
13  95  71  83   1   0  18 0.00  0.0    0  2.5 10  20   M    M   0        14 350
14  93  73  83   1   0  18    T  0.0    0  6.0 20  80   M    M   4 3      24  80
15  92  72  82   0   0  17 0.00  0.0    0  5.4 15  80   M    M   1        22  60
16  88  73  81  -1   0  16    T  0.0    0  4.7 14 170   M    M   2 3      17 170
17  84  74  79  -3   0  14 0.07  0.0    0  4.5 13 270   M    M   4 3      14 270
18  89  73  81  -1   0  16 0.44  0.0    0  4.9 21 190   M    M   1 13     26 190
19  89  76  83   1   0  18 0.52  0.0    0  3.0 21 210   M    M   1 13     28 220
20  94  75  85   4   0  20    T  0.0    0  3.5 17 350   M    M   1 3      21 340
21  95  74  85   4   0  20 0.00  0.0    0  3.2 16  30   M    M   2 3      19 200
22  96  73  85   4   0  20    T  0.0    0  3.5 10 360   M    M   1 3      13 360
23  97  76  87   6   0  22 0.00  0.0    0  5.4 16 280   M    M   1        25 290
================================================================================
SM 2148 1711         0 440  2.23     0.0 113.3          M       46
================================================================================
AV 93.4 74.4                               4.9 FASTST   M    M   2    MAX(MPH)
                                 MISC ---->  # 26 200               # 35  250
================================================================================
NOTES:
# LAST OF SEVERAL OCCURRENCES

COLUMN 17 PEAK WIND IN M.P.H.

PRELIMINARY LOCAL CLIMATOLOGICAL DATA (WS FORM: F-6) , PAGE 2

                                          STATION:  MARIANNA
                                          MONTH:    AUGUST
                                          YEAR:     2015
                                          LATITUDE:   30 50 N
                                          LONGITUDE:  85 11 W

[TEMPERATURE DATA]      [PRECIPITATION DATA]       SYMBOLS USED IN COLUMN 16

AVERAGE MONTHLY: 83.9   TOTAL FOR MONTH:   2.23    1 = FOG OR MIST
DPTR FM NORMAL:   2.1   DPTR FM NORMAL:   -2.13    2 = FOG REDUCING VISIBILITY
HIGHEST:    98 ON  4, 3 GRTST 24HR  0.84 ON  8- 8      TO 1/4 MILE OR LESS
LOWEST:     71 ON 13                               3 = THUNDER
                        SNOW, ICE PELLETS, HAIL    4 = ICE PELLETS
                        TOTAL MONTH:   0.0 INCH    5 = HAIL
                        GRTST 24HR     0.0         6 = FREEZING RAIN OR DRIZZLE
                        GRTST DEPTH:   0           7 = DUSTSTORM OR SANDSTORM:
                                                       VSBY 1/2 MILE OR LESS
                                                   8 = SMOKE OR HAZE
[NO. OF DAYS WITH]      [WEATHER - DAYS WITH]      9 = BLOWING SNOW
                                                   X = TORNADO
MAX 32 OR BELOW:   0    0.01 INCH OR MORE:   7
MAX 90 OR ABOVE:  18    0.10 INCH OR MORE:   4
MIN 32 OR BELOW:   0    0.50 INCH OR MORE:   2
MIN  0 OR BELOW:   0    1.00 INCH OR MORE:   0

[HDD (BASE 65) ]
TOTAL THIS MO.     0    CLEAR  (SCALE 0-3)  18
DPTR FM NORMAL     0    PTCLDY (SCALE 4-7)   5
TOTAL FM JUL 1     0    CLOUDY (SCALE 8-10)  0
DPTR FM NORMAL     0

[CDD (BASE 65) ]
TOTAL THIS MO.   440
DPTR FM NORMAL    54    [PRESSURE DATA]
TOTAL FM JAN 1  2227    HIGHEST SLP M ON M
DPTR FM NORMAL   387    LOWEST  SLP 29.84 ON M

[REMARKS]
