000
CXUS55 KABR 201400
CF6MBG
PRELIMINARY LOCAL CLIMATOLOGICAL DATA (WS FORM: F-6)

                                          STATION:   MOBRIDGE SD
                                          MONTH:     OCTOBER
                                          YEAR:      2014
                                          LATITUDE:   45 32 N
                                          LONGITUDE: 100 25 W

  TEMPERATURE IN F:       :PCPN:    SNOW:  WIND      :SUNSHINE: SKY     :PK WND
================================================================================
1   2   3   4   5  6A  6B    7    8   9   10  11  12  13   14  15   16   17  18
                                     12Z  AVG MX 2MIN
DY MAX MIN AVG DEP HDD CDD  WTR  SNW DPTH SPD SPD DIR MIN PSBL S-S WX    SPD DR
================================================================================

 1  68  51  60   6   5   0 0.00  0.0    0 10.3 23 300   M    M   4        30 320
 2  69  41  55   2  10   0    T    M    0 13.2 36 330   M    M   4        44 320
 3  48  36  42 -11  23   0    T    M    0 21.5 37 320   M    M   7        48 320
 4  55  30  43  -9  22   0    T  0.0    0  6.6 13 310   M    M   5        20 320
 5  66  37  52   0  13   0    T  0.0    0 13.6 36 320   M    M   4        47 310
 6  64  37  51   0  14   0    T  0.0    0  8.9 26 300   M    M   4        32 300
 7  65  35  50  -1  15   0 0.00  0.0    0 15.0 29 320   M    M   0        37 340
 8  61  32  47  -3  18   0    T  0.0    0  7.8 17  70   M    M   5 8      22  70
 9  58  34  46  -4  19   0 0.00  0.0    0  6.5 16  70   M    M   5 8      22  70
10  61  28  45  -5  20   0 0.00  0.0    0  4.9 13 140   M    M   0        16 130
11  77  45  61  12   4   0    T    M    0 18.4 26 170   M    M   1        33 160
12  60  50  55   6  10   0 0.44  0.0    0 11.0 26 330   M    M   8 1      32 330
13  67  38  53   5  12   0 0.00  0.0    0 10.3 20 350   M    M   0        26 360
14  68  33  51   3  14   0 0.00  0.0    0  6.7 16 150   M    M   0        19 150
15  81  47  64  16   1   0    T  0.0    0 16.3 26 150   M    M   0        32 150
16  66  53  60  13   5   0 0.00  0.0    0 22.3 38 290   M    M   5        46 300
17  55  34  45  -2  20   0 0.00  0.0    0 14.0 25 340   M    M   7        34 340
18  59  36  48   2  17   0 0.00  0.0    0 12.0 26 150   M    M   6        32 170
19  77  38  58  12   7   0 0.00  0.0    0  7.1 22 320   M    M   0        25 320
================================================================================
SM 1225  735       249   0  0.44     0.0 226.4          M       65
================================================================================
AV 64.5 38.7                              11.9 FASTST   M    M   3    MAX(MPH)
                                 MISC ---->  # 38 290               # 48  320
================================================================================
NOTES:
# LAST OF SEVERAL OCCURRENCES

COLUMN 17 PEAK WIND IN M.P.H.

PRELIMINARY LOCAL CLIMATOLOGICAL DATA (WS FORM: F-6) , PAGE 2

                                          STATION:  MOBRIDGE SD
                                          MONTH:    OCTOBER
                                          YEAR:     2014
                                          LATITUDE:   45 32 N
                                          LONGITUDE: 100 25 W

[TEMPERATURE DATA]      [PRECIPITATION DATA]       SYMBOLS USED IN COLUMN 16

AVERAGE MONTHLY: 51.6   TOTAL FOR MONTH:   0.44    1 = FOG OR MIST
DPTR FM NORMAL:   1.9   DPTR FM NORMAL:   -0.56    2 = FOG REDUCING VISIBILITY
HIGHEST:    81 ON 15    GRTST 24HR  0.44 ON 11-12      TO 1/4 MILE OR LESS
LOWEST:     28 ON 10                               3 = THUNDER
                        SNOW, ICE PELLETS, HAIL    4 = ICE PELLETS
                        TOTAL MONTH:   0.0 INCH    5 = HAIL
                        GRTST 24HR     0.0         6 = FREEZING RAIN OR DRIZZLE
                        GRTST DEPTH:   0           7 = DUSTSTORM OR SANDSTORM:
                                                       VSBY 1/2 MILE OR LESS
                                                   8 = SMOKE OR HAZE
[NO. OF DAYS WITH]      [WEATHER - DAYS WITH]      9 = BLOWING SNOW
                                                   X = TORNADO
MAX 32 OR BELOW:   0    0.01 INCH OR MORE:   1
MAX 90 OR ABOVE:   0    0.10 INCH OR MORE:   1
MIN 32 OR BELOW:   3    0.50 INCH OR MORE:   0
MIN  0 OR BELOW:   0    1.00 INCH OR MORE:   0

[HDD (BASE 65) ]
TOTAL THIS MO.   249    CLEAR  (SCALE 0-3)   7
DPTR FM NORMAL   -44    PTCLDY (SCALE 4-7)  12
TOTAL FM JUL 1   451    CLOUDY (SCALE 8-10)  0
DPTR FM NORMAL   -62

[CDD (BASE 65) ]
TOTAL THIS MO.     0
DPTR FM NORMAL     0    [PRESSURE DATA]
TOTAL FM JAN 1   466    HIGHEST SLP M ON M
DPTR FM NORMAL  -175    LOWEST  SLP 29.50 ON  6

[REMARKS]
