000
CXUS53 KDTX 010800
CF6MBS
PRELIMINARY LOCAL CLIMATOLOGICAL DATA (WS FORM: F-6)

                                          STATION:   TRI CITIES MI
                                          MONTH:     APRIL
                                          YEAR:      2016
                                          LATITUDE:   43 31 N
                                          LONGITUDE:  84  5 W

  TEMPERATURE IN F:       :PCPN:    SNOW:  WIND      :SUNSHINE: SKY     :PK WND
================================================================================
1   2   3   4   5  6A  6B    7    8   9   10  11  12  13   14  15   16   17  18
                                     12Z  AVG MX 2MIN
DY MAX MIN AVG DEP HDD CDD  WTR  SNW DPTH SPD SPD DIR MIN PSBL S-S WX    SPD DR
================================================================================

 1  50  35  43   3  22   0 0.06    T    0 13.3 23 280   M    M   7 18     29 230
 2  39  25  32  -9  33   0 0.05  0.5    0 11.8 30 330   M    M   9 18     40 330
 3  32  21  27 -14  38   0 0.06  0.6    1 13.2 26  60   M    M   7 18     33  60
 4  31  24  28 -13  37   0 0.02    T    1 12.1 24  50   M    M   9 168    30  50
 5  41  19  30 -12  35   0    T    T    T  6.2 16 150   M    M   1 8      21 150
 6  44  33  39  -3  26   0 0.38    T    0  9.2 21 150   M    M  10 1      29 150
 7  38  31  35  -8  30   0 0.02  0.1    0 12.4 22 330   M    M  10 18     29 330
 8  43  26  35  -8  30   0 0.00  0.0    T 11.6 24  30   M    M   6 8      29  20
 9  35  26  31 -13  34   0    T    T    0 12.0 23 350   M    M   5 8      27 340
10  38  28  33 -11  32   0 0.12  0.4    0 10.7 22 170   M    M   9 168    27 160
11  54  37  46   2  19   0    T  0.0    0 12.1 25 290   M    M   8 128    32 300
12  48  31  40  -5  25   0 0.00  0.0    0  9.9 21 310   M    M   4 8      27 330
13  52  31  42  -3  23   0 0.00  0.0    0  5.6 12 120   M    M   6 8      14 170
14  57  32  45  -1  20   0 0.00  0.0    0  7.2 16  40   M    M   0 8      21  50
15  62  32  47   1  18   0 0.00  0.0    0  8.1 17  30   M    M   0 8      20  30
16  74  37  56  10   9   0 0.00  0.0    0  7.3 15  40   M    M   0        17  40
17  79  42  61  14   4   0 0.00  0.0    0  3.4 10 150   M    M   0        13 150
18  83  48  66  19   0   1 0.00  0.0    0  8.7 22  60   M    M   1        28  60
19  56  42  49   1  16   0    T  0.0    0 13.2 22  40   M    M   5        27  60
20  69  38  54   6  11   0 0.00  0.0    0  8.2 16 130   M    M   2        19 150
21  60  49  55   7  10   0 0.21  0.0    0  5.0 12 110   M    M   9 128    13 220
22  58  40  49   0  16   0 0.00  0.0    0  9.0 16  60   M    M   9 128    19  40
23  54  35  45  -4  20   0 0.00  0.0    0  7.4 16  30   M    M   0        23  30
24  62  37  50   0  15   0 0.03  0.0    0  7.6 15  50   M    M   5        18  50
25  65  45  55   5  10   0 0.66  0.0    0 14.4 26  20   M    M   6 13     30  20
26  47  34  41  -9  24   0    T  0.0    0 15.4 25  30   M    M   7 1      30  30
27  53  33  43  -8  22   0 0.00  0.0    0  9.0 21  40   M    M   0        26  30
28  49  40  45  -6  20   0    T  0.0    0 13.0 22  40   M    M   7        27  50
29  54  40  47  -4  18   0 0.00  0.0    0  7.3 16  50   M    M   8        20  40
30  58  36  47  -5  18   0 0.22  0.0    0  9.6 17  40   M    M   5 1      21  40
================================================================================
SM 1585 1027       635   1  1.83     1.6 293.9          M      155
================================================================================
AV 52.8 34.2                               9.8 FASTST   M    M   5    MAX(MPH)
                                 MISC ---->  # 30 330               # 40  330
================================================================================
NOTES:
# LAST OF SEVERAL OCCURRENCES

COLUMN 17 PEAK WIND IN M.P.H.

PRELIMINARY LOCAL CLIMATOLOGICAL DATA (WS FORM: F-6) , PAGE 2

                                          STATION:  TRI CITIES MI
                                          MONTH:    APRIL
                                          YEAR:     2016
                                          LATITUDE:   43 31 N
                                          LONGITUDE:  84  5 W

[TEMPERATURE DATA]      [PRECIPITATION DATA]       SYMBOLS USED IN COLUMN 16

AVERAGE MONTHLY: 43.5   TOTAL FOR MONTH:   1.83    1 = FOG OR MIST
DPTR FM NORMAL:  -2.6   DPTR FM NORMAL:   -1.06    2 = FOG REDUCING VISIBILITY
HIGHEST:    83 ON 18    GRTST 24HR  0.66 ON 25-25      TO 1/4 MILE OR LESS
LOWEST:     19 ON  5                               3 = THUNDER
                        SNOW, ICE PELLETS, HAIL    4 = ICE PELLETS
                        TOTAL MONTH:   1.6 INCHES  5 = HAIL
                        GRTST 24HR   0.6 ON   M    6 = FREEZING RAIN OR DRIZZLE
                        GRTST DEPTH:   1 ON  4, 3  7 = DUSTSTORM OR SANDSTORM:
                                                       VSBY 1/2 MILE OR LESS
                                                   8 = SMOKE OR HAZE
[NO. OF DAYS WITH]      [WEATHER - DAYS WITH]      9 = BLOWING SNOW
                                                   X = TORNADO
MAX 32 OR BELOW:   2    0.01 INCH OR MORE:  11
MAX 90 OR ABOVE:   0    0.10 INCH OR MORE:   5
MIN 32 OR BELOW:  12    0.50 INCH OR MORE:   1
MIN  0 OR BELOW:   0    1.00 INCH OR MORE:   0

[HDD (BASE 65) ]
TOTAL THIS MO.   635    CLEAR  (SCALE 0-3)   9
DPTR FM NORMAL    63    PTCLDY (SCALE 4-7)  13
TOTAL FM JUL 1  5433    CLOUDY (SCALE 8-10)  8
DPTR FM NORMAL -1207

[CDD (BASE 65) ]
TOTAL THIS MO.     1
DPTR FM NORMAL    -3    [PRESSURE DATA]
TOTAL FM JAN 1     1    HIGHEST SLP 30.54 ON  5
DPTR FM NORMAL    -3    LOWEST  SLP 29.41 ON  7

[REMARKS]
#FINAL-04-16#
