000
CXUS55 KLIX 291000
CF6MCB
PRELIMINARY LOCAL CLIMATOLOGICAL DATA (WS FORM: F-6)

                                          STATION:   MCCOMB
                                          MONTH:     MAY
                                          YEAR:      2015
                                          LATITUDE:   31 10 N
                                          LONGITUDE:  90 28 W

  TEMPERATURE IN F:       :PCPN:    SNOW:  WIND      :SUNSHINE: SKY     :PK WND
================================================================================
1   2   3   4   5  6A  6B    7    8   9   10  11  12  13   14  15   16   17  18
                                     12Z  AVG MX 2MIN
DY MAX MIN AVG DEP HDD CDD  WTR  SNW DPTH SPD SPD DIR MIN PSBL S-S WX    SPD DR
================================================================================

 1  81  51  66  -3   0   1 0.00  0.0    0  4.0 15 350   M    M   1        17 350
 2  81  50  66  -3   0   1 0.00  0.0    0  2.7 12 330   M    M   1 1      14 340
 3  83  56  70   1   0   5 0.00  0.0    0  4.4 13 150   M    M   4 1      17 140
 4  82  56  69  -1   0   4 0.00  0.0    0  5.9 17 150   M    M   3 1      21 150
 5  83  61  72   2   0   7 0.00  0.0    0  8.1 20 140   M    M   1 1      26 140
 6  84  61  73   3   0   8 0.00  0.0    0  6.9 17 140   M    M   2 1      21 140
 7  85  66  76   6   0  11 0.00  0.0    0  5.0 15 160   M    M   5 12     19 150
 8  86  62  74   3   0   9 0.00  0.0    0  5.2 15 150   M    M   1 1      19 160
 9  84  64  74   3   0   9 0.00  0.0    0  5.4 15 150   M    M   3 1      19 140
10  87  65  76   5   0  11 0.00  0.0    0  7.7 17 150   M    M   1 1      22 150
11  83  67  75   3   0  10 0.79  0.0    0  6.0 26 320   M    M   7 13     36 310
12  83  68  76   4   0  11 0.07  0.0    0  3.5 13  70   M    M   5 1      17  80
13  84  68  76   4   0  11    T  0.0    0  3.9 10  80   M    M   2        14  70
14  86  70  78   6   0  13 0.00  0.0    0  4.3 13 160   M    M   1 1      16 180
15  86  69  78   5   0  13 0.17  0.0    0  6.5 18 160   M    M   5 13     27 120
16  83  68  76   3   0  11 0.19  0.0    0  7.4 25 160   M    M   6 138    29 170
17  87  71  79   6   0  14 0.00  0.0    0 10.6 20 160   M    M   7 13     25 190
18  84  68  76   3   0  11 0.58  0.0    0  4.6 24 320   M    M   7 13     31 320
19  88  65  77   3   0  12 0.00  0.0    0  1.1  8 120   M    M   5 12     10 130
20  85  66  76   2   0  11 0.12  0.0    0  3.0 14 260   M    M   2 13     18 260
21  86  63  75   1   0  10 1.10  0.0    0  5.2 22 330   M    M   5 13     28 330
22  81  58  70  -4   0   5 0.00  0.0    0  3.7 12  50   M    M   5        16  50
23  87  63  75   1   0  10 0.20  0.0    0  4.7 16 170   M    M   1 1      23 160
24  86  69  78   3   0  13 0.48  0.0    0  7.9 26 170   M    M   4 13     37 180
25  86  69  78   3   0  13 0.85  0.0    0  7.9 22 180   M    M   5 138    29 190
26  82  63  73  -2   0   8 1.06  0.0    0  4.9 29 330   M    M   3 13     35 330
27  79  64  72  -3   0   7 0.26  0.0    0  3.8 21 270   M    M   4 123    27 290
28  88  62  75  -1   0  10 0.00  0.0    0  3.2 10 130   M    M   2 1      12 150
================================================================================
SM 2360 1783         0 259  5.87     0.0 147.5          M       98
================================================================================
AV 84.3 63.7                               5.3 FASTST   M    M   4    MAX(MPH)
                                 MISC ---->  # 29 330               # 37  180
================================================================================
NOTES:
# LAST OF SEVERAL OCCURRENCES

COLUMN 17 PEAK WIND IN M.P.H.

PRELIMINARY LOCAL CLIMATOLOGICAL DATA (WS FORM: F-6) , PAGE 2

                                          STATION:  MCCOMB
                                          MONTH:    MAY
                                          YEAR:     2015
                                          LATITUDE:   31 10 N
                                          LONGITUDE:  90 28 W

[TEMPERATURE DATA]      [PRECIPITATION DATA]       SYMBOLS USED IN COLUMN 16

AVERAGE MONTHLY: 74.0   TOTAL FOR MONTH:   5.87    1 = FOG OR MIST
DPTR FM NORMAL:   1.6   DPTR FM NORMAL:    1.85    2 = FOG REDUCING VISIBILITY
HIGHEST:    88 ON 28,19 GRTST 24HR  1.80 ON 25-26      TO 1/4 MILE OR LESS
LOWEST:     50 ON  2                               3 = THUNDER
                        SNOW, ICE PELLETS, HAIL    4 = ICE PELLETS
                        TOTAL MONTH:   0.0 INCH    5 = HAIL
                        GRTST 24HR     0.0         6 = FREEZING RAIN OR DRIZZLE
                        GRTST DEPTH:   0           7 = DUSTSTORM OR SANDSTORM:
                                                       VSBY 1/2 MILE OR LESS
                                                   8 = SMOKE OR HAZE
[NO. OF DAYS WITH]      [WEATHER - DAYS WITH]      9 = BLOWING SNOW
                                                   X = TORNADO
MAX 32 OR BELOW:   0    0.01 INCH OR MORE:  12
MAX 90 OR ABOVE:   0    0.10 INCH OR MORE:  11
MIN 32 OR BELOW:   0    0.50 INCH OR MORE:   5
MIN  0 OR BELOW:   0    1.00 INCH OR MORE:   2

[HDD (BASE 65) ]
TOTAL THIS MO.     0    CLEAR  (SCALE 0-3)  13
DPTR FM NORMAL    -6    PTCLDY (SCALE 4-7)  15
TOTAL FM JUL 1  1932    CLOUDY (SCALE 8-10)  0
DPTR FM NORMAL   -97

[CDD (BASE 65) ]
TOTAL THIS MO.   259
DPTR FM NORMAL    44    [PRESSURE DATA]
TOTAL FM JAN 1   491    HIGHEST SLP M ON M
DPTR FM NORMAL   142    LOWEST  SLP 29.95 ON M

[REMARKS]
