000
CXUS56 KHNX 241146
CF6MCE
PRELIMINARY LOCAL CLIMATOLOGICAL DATA (WS FORM: F-6)

                                          STATION:   MERCED CA AIRPORT
                                          MONTH:     JUNE
                                          YEAR:      2017
                                          LATITUDE:   37 16 N
                                          LONGITUDE: 120 36 W

  TEMPERATURE IN F:       :PCPN:    SNOW:  WIND      :SUNSHINE: SKY     :PK WND
================================================================================
1   2   3   4   5  6A  6B    7    8   9   10  11  12  13   14  15   16   17  18
                                     12Z  AVG MX 2MIN
DY MAX MIN AVG DEP HDD CDD  WTR  SNW DPTH SPD SPD DIR MIN PSBL S-S WX    SPD DR
================================================================================

 1  85  57  71   1   0   6 0.00  0.0    0  8.9 18 340   M    M   0        20 340
 2  91  57  74   3   0   9 0.00  0.0    0  7.7 14 330   M    M   0         M  M
 3  94  62  78   7   0  13 0.00  0.0    0  8.1 15 320   M    M   0         M  M
 4  91  58  75   4   0  10 0.00  0.0    0  9.2 16 340   M    M   0         M  M
 5  92  52  72   1   0   7 0.00  0.0    0  6.3 13 310   M    M   0        21 340
 6  95  58  77   5   0  12 0.00  0.0    0  7.6 14 330   M    M   0         M  M
 7  89  56  73   1   0   8 0.00  0.0    0  9.3 15 320   M    M   0        25 290
 8  75  58  67  -5   0   2 0.00  0.0    0  7.7 14 340   M    M   4         M  M
 9  80  57  69  -3   0   4 0.01  0.0    0  7.7 16 330   M    M   7        21 330
10  78  52  65  -7   0   0 0.00  0.0    0 13.1 18 330   M    M   0        25 330
11  71  48  60 -13   5   0 0.04  0.0    0  6.7 14 240   M    M   2 3      28 240
12  75  45  60 -13   5   0 0.00  0.0    0  6.2 13 330   M    M   1         M  M
13  83  51  67  -6   0   2 0.00  0.0    0  8.7 17 350   M    M   0        25 310
14  91  54  73   0   0   8 0.00  0.0    0  7.3 13 340   M    M   0        20 310
15  93  56  75   1   0  10 0.00  0.0    0 10.1 20 310   M    M   0         M  M
16  97  62  80   6   0  15 0.00  0.0    0  9.0 14 310   M    M   0        17 340
17 100  71  86  12   0  21 0.00  0.0    0 10.3 15 310   M    M   0        25 320
18 105  66  86  12   0  21 0.00  0.0    0  4.8  7 260   M    M   1         M  M
19 107  74  91  17   0  26 0.00  0.0    0  8.1 14 330   M    M   1         M  M
20 107  73  90  15   0  25 0.00  0.0    0  6.6 12 340   M    M   1         M  M
21 104  70  87  12   0  22 0.00  0.0    0  7.3 14 340   M    M   0         M  M
22 107  71  89  14   0  24 0.00  0.0    0  5.5 12 320   M    M   1         M  M
23 104  71  88  13   0  23 0.00  0.0    0  8.4 13 320   M    M   0         M  M
================================================================================
SM 2114 1379        10 268  0.05     0.0 184.6          M       18
================================================================================
AV 91.9 60.0                               8.0 FASTST   M    M   1    MAX(MPH)
                                 MISC ---->  # 20 310               # 28  240
================================================================================
NOTES:
# LAST OF SEVERAL OCCURRENCES

COLUMN 17 PEAK WIND IN M.P.H.

PRELIMINARY LOCAL CLIMATOLOGICAL DATA (WS FORM: F-6) , PAGE 2

                                          STATION:  MERCED CA AIRPORT
                                          MONTH:    JUNE
                                          YEAR:     2017
                                          LATITUDE:   37 16 N
                                          LONGITUDE: 120 36 W

[TEMPERATURE DATA]      [PRECIPITATION DATA]       SYMBOLS USED IN COLUMN 16

AVERAGE MONTHLY: 75.9   TOTAL FOR MONTH:   0.05    1 = FOG OR MIST
DPTR FM NORMAL:   3.1   DPTR FM NORMAL:   -0.08    2 = FOG REDUCING VISIBILITY
HIGHEST:   107 ON 22,20 GRTST 24HR  0.04 ON 11-11      TO 1/4 MILE OR LESS
LOWEST:     45 ON 12                               3 = THUNDER
                        SNOW, ICE PELLETS, HAIL    4 = ICE PELLETS
                        TOTAL MONTH:   0.0 INCH    5 = HAIL
                        GRTST 24HR     0.0         6 = FREEZING RAIN OR DRIZZLE
                        GRTST DEPTH:   0           7 = DUSTSTORM OR SANDSTORM:
                                                       VSBY 1/2 MILE OR LESS
                                                   8 = SMOKE OR HAZE
[NO. OF DAYS WITH]      [WEATHER - DAYS WITH]      9 = BLOWING SNOW
                                                   X = TORNADO
MAX 32 OR BELOW:   0    0.01 INCH OR MORE:   2
MAX 90 OR ABOVE:  15    0.10 INCH OR MORE:   0
MIN 32 OR BELOW:   0    0.50 INCH OR MORE:   0
MIN  0 OR BELOW:   0    1.00 INCH OR MORE:   0

[HDD (BASE 65) ]
TOTAL THIS MO.    10    CLEAR  (SCALE 0-3)  21
DPTR FM NORMAL    10    PTCLDY (SCALE 4-7)   2
TOTAL FM JUL 1  2381    CLOUDY (SCALE 8-10)  0
DPTR FM NORMAL  -394

[CDD (BASE 65) ]
TOTAL THIS MO.   268
DPTR FM NORMAL    84    [PRESSURE DATA]
TOTAL FM JAN 1   420    HIGHEST SLP M ON M
DPTR FM NORMAL   106    LOWEST  SLP M ON M

[REMARKS]
