000
CXUS53 KGLD 300800
CF6MCK
PRELIMINARY LOCAL CLIMATOLOGICAL DATA (WS FORM: F-6)

                                          STATION:   MCCOOK NE
                                          MONTH:     APRIL
                                          YEAR:      2017
                                          LATITUDE:   40 13 N
                                          LONGITUDE: 100 35 W

  TEMPERATURE IN F:       :PCPN:    SNOW:  WIND      :SUNSHINE: SKY     :PK WND
================================================================================
1   2   3   4   5  6A  6B    7    8   9   10  11  12  13   14  15   16   17  18
                                     12Z  AVG MX 2MIN
DY MAX MIN AVG DEP HDD CDD  WTR  SNW DPTH SPD SPD DIR MIN PSBL S-S WX    SPD DR
================================================================================

 1  52  41  47   3  18   0    T    M    M  7.1 15  20   M    M   9 1      18  40
 2  66  33  50   5  15   0 0.00    M    M  8.0 17 210   M    M   2 1      23 230
 3  61  33  47   2  18   0 0.01    M    M 12.1 29 340   M    M   3 1      36 320
 4  55  32  44  -1  21   0 0.00    M    M 13.7 24  20   M    M   4        30  30
 5  61  35  48   2  17   0 0.00    M    M 15.6 30 330   M    M   1        35 340
 6  64  26  45  -1  20   0 0.00    M    M  5.5 13 140   M    M   2 8      17 150
 7  76  40  58  12   7   0 0.00    M    M 12.9 28 200   M    M   0        34 200
 8  82  40  61  14   4   0 0.00    M    M  5.7 16 270   M    M   0        20 270
 9  73  45  59  12   6   0 0.00    M    M 14.0 49 320   M    M   1 38     58 320
10  57  31  44  -3  21   0 0.00    M    M 16.2 35 320   M    M   2        43 320
11  74  25  50   2  15   0 0.00    M    M  9.1 24 180   M    M   0        32 190
12  80  51  66  18   0   1 0.00    M    M  9.4 21 210   M    M   0        26 210
13  78  41  60  12   5   0 0.00    M    M 10.8 28 190   M    M   3 18     33 200
14  89  56  73  24   0   8 0.00    M    M 13.2 30 190   M    M   5 1      40 200
15  81  54  68  19   0   3 0.00    M    M 15.7 29 200   M    M   1        37 200
16  71  50  61  11   4   0 0.00    M    M  9.2 18 120   M    M   3        24  50
17  69  43  56   6   9   0 0.00    M    M 11.3 23 150   M    M   5        31 140
18  78  52  65  15   0   0 0.00    M    M 10.5 24  80   M    M   2 1      31  80
19  74  56  65  14   0   0 0.00    M    M 15.5 29 340   M    M   3 1      36 340
20  73  41  57   6   8   0 0.00  0.0    0 10.6 21 330   M    M   2        26 330
21  57  36  47  -5  18   0 0.02    M    M  9.2 20  90   M    M   9        24  90
22  65  35  50  -2  15   0 0.00    M    M  4.9 13 350   M    M   2        17  70
23  72  32  52   0  13   0 0.00    M    M 14.4 33 180   M    M   0        42 180
24  79  48  64  12   1   0 0.00    M    M 10.7 22 330   M    M   1        27 340
25  56  37  47  -6  18   0 0.09    M    M 14.4 28  30   M    M  10 13     33  70
26  57  33  45  -8  20   0 0.00    M    M 13.6 31 330   M    M   5        36 340
27  56  29  43 -11  22   0 0.39    M    M 12.7 24 110   M    M   8 1      28 110
28  44  37  41 -13  24   0 0.60    M    M 17.0 25  40   M    M  10 1      31  40
29  42  35  39 -15  26   0 0.14    M    0 20.3 33  20   M    M  10 1      41  10
================================================================================
SM 1942 1147       345  12  1.25     0.0 343.3          M      103
================================================================================
AV 67.0 39.6                              11.8 FASTST   M    M   4    MAX(MPH)
                                 MISC ---->  # 49 320               # 58  320
================================================================================
NOTES:
# LAST OF SEVERAL OCCURRENCES

COLUMN 17 PEAK WIND IN M.P.H.

PRELIMINARY LOCAL CLIMATOLOGICAL DATA (WS FORM: F-6) , PAGE 2

                                          STATION:  MCCOOK NE
                                          MONTH:    APRIL
                                          YEAR:     2017
                                          LATITUDE:   40 13 N
                                          LONGITUDE: 100 35 W

[TEMPERATURE DATA]      [PRECIPITATION DATA]       SYMBOLS USED IN COLUMN 16

AVERAGE MONTHLY: 53.3   TOTAL FOR MONTH:   1.25    1 = FOG OR MIST
DPTR FM NORMAL:   4.0   DPTR FM NORMAL:   -0.96    2 = FOG REDUCING VISIBILITY
HIGHEST:    89 ON 14    GRTST 24HR  0.60 ON 28-28      TO 1/4 MILE OR LESS
LOWEST:     25 ON 11                               3 = THUNDER
                        SNOW, ICE PELLETS, HAIL    4 = ICE PELLETS
                        TOTAL MONTH:   0.0 INCH    5 = HAIL
                        GRTST 24HR     0.0         6 = FREEZING RAIN OR DRIZZLE
                        GRTST DEPTH:   0           7 = DUSTSTORM OR SANDSTORM:
                                                       VSBY 1/2 MILE OR LESS
                                                   8 = SMOKE OR HAZE
[NO. OF DAYS WITH]      [WEATHER - DAYS WITH]      9 = BLOWING SNOW
                                                   X = TORNADO
MAX 32 OR BELOW:   0    0.01 INCH OR MORE:   6
MAX 90 OR ABOVE:   0    0.10 INCH OR MORE:   3
MIN 32 OR BELOW:   6    0.50 INCH OR MORE:   1
MIN  0 OR BELOW:   0    1.00 INCH OR MORE:   0

[HDD (BASE 65) ]
TOTAL THIS MO.   345    CLEAR  (SCALE 0-3)  16
DPTR FM NORMAL  -116    PTCLDY (SCALE 4-7)   8
TOTAL FM JUL 1  4865    CLOUDY (SCALE 8-10)  5
DPTR FM NORMAL -1027

[CDD (BASE 65) ]
TOTAL THIS MO.    12
DPTR FM NORMAL    12    [PRESSURE DATA]
TOTAL FM JAN 1    13    HIGHEST SLP M ON M
DPTR FM NORMAL    13    LOWEST  SLP 29.34 ON 25

[REMARKS]
