000
CXUS55 KCTP 011131
CF6MDT
PRELIMINARY LOCAL CLIMATOLOGICAL DATA (WS FORM: F-6)

                                          STATION:   HARRISBURG PA
                                          MONTH:     JANUARY
                                          YEAR:      2015
                                          LATITUDE:   40 11 N
                                          LONGITUDE:  76 46 W

  TEMPERATURE IN F:       :PCPN:    SNOW:  WIND      :SUNSHINE: SKY     :PK WND
================================================================================
1   2   3   4   5  6A  6B    7    8   9   10  11  12  13   14  15   16   17  18
                                     12Z  AVG MX 2MIN
DY MAX MIN AVG DEP HDD CDD  WTR  SNW DPTH SPD SPD DIR MIN PSBL S-S WX    SPD DR
================================================================================

 1  41  21  31   0  34   0 0.00  0.0    0  9.2 23 260   M    M   1        35 240
 2  42  24  33   2  32   0 0.00  0.0    0  5.9 16 290   M    M   5        19 300
 3  35  22  29  -2  36   0 0.56    T    0  3.7 14 130   M    M   9 14568  16 130
 4  49  34  42  12  23   0 0.17  0.0    0  6.7 31 270   M    M  10 12     41 310
 5  43  18  31   1  34   0    T    T    0 19.9 33 290   M    M   6        47 290
 6  22  11  17 -13  48   0 0.17  2.6    1  3.8  9 240   M    M   8 18     12 180
 7  22   9  16 -14  49   0    T  0.1    2 17.8 35 310   M    M   6 8      47 310
 8  20   9  15 -15  50   0 0.00  0.0    2 10.8 23 300   M    M   4        27 300
 9  32  20  26  -4  39   0 0.01    T    1 11.9 25 280   M    M   7        37 250
10  20   7  14 -16  51   0 0.00  0.0    T  9.5 22 280   M    M   1        27 280
11  37  10  24  -6  41   0    T    T    T  4.3 10 170   M    M   7 46     14 170
12  37  31  34   4  31   0 0.49  0.0    0  4.8 14 350   M    M  10 168    22 350
13  35  17  26  -4  39   0 0.00  0.0    0  7.1 17 350   M    M   5        23 340
14  26  17  22  -8  43   0 0.01    T    0  3.9  7 310   M    M  10 8      14  20
15  34  20  27  -3  38   0    T    T    0  5.8 15 300   M    M   5        19 300
16  39  20  30   0  35   0 0.00  0.0    0 11.1 30 310   M    M   4        39 310
17  32  14  23  -7  42   0 0.00  0.0    0  4.3 12 150   M    M   4        16 150
18  34  18  26  -4  39   0    T  0.0    0  2.4 12 310   M    M   7 12     13 310
19  41  28  35   5  30   0 0.00  0.0    0  6.9 21 310   M    M   9        25 310
20  40  26  33   3  32   0    T    T    0  2.3 10 340   M    M   7 1      12 340
21  30  22  26  -4  39   0 0.20  2.2    0  1.4  8  90   M    M   9 128    10  60
22  38  27  33   3  32   0    T    T    2  5.2 16 330   M    M  10 1268   22 310
23  39  19  29  -1  36   0 0.17  1.1    T  3.6 13 330   M    M   7 18     16 320
24  38  32  35   5  30   0 0.41  3.0    3  9.0 24 310   M    M   9 1468   31 300
25  39  31  35   5  30   0 0.10  0.2    1  7.1 16 270   M    M  10 1      20 260
26  31  23  27  -3  38   0 0.14  1.9    3  7.9 13  50   M    M  10 18     19  50
27  32  19  26  -4  39   0    T    T    4 13.8 23 310   M    M   6        27 330
28  32  14  23  -7  42   0 0.00  0.0    3 11.8 24 320   M    M   2        30 320
29  31  10  21  -9  44   0 0.06  0.6    2  6.8 18 200   M    M   7 146    22 210
30  36  15  26  -4  39   0 0.01  0.0    4 18.0 33 310   M    M   8 18     41 310
31  27  11  19 -11  46   0 0.00  0.0    2 12.2 25 320   M    M   1        33 310
================================================================================
SM 1054  599      1181   0  2.50    11.7 248.9          M      204
================================================================================
AV 34.0 19.3                               8.0 FASTST   M    M   7    MAX(MPH)
                                 MISC ---->  # 35 310               # 47  290
================================================================================
NOTES:
# LAST OF SEVERAL OCCURRENCES

COLUMN 17 PEAK WIND IN M.P.H.

PRELIMINARY LOCAL CLIMATOLOGICAL DATA (WS FORM: F-6) , PAGE 2

                                          STATION:  HARRISBURG PA
                                          MONTH:    JANUARY
                                          YEAR:     2015
                                          LATITUDE:   40 11 N
                                          LONGITUDE:  76 46 W

[TEMPERATURE DATA]      [PRECIPITATION DATA]       SYMBOLS USED IN COLUMN 16

AVERAGE MONTHLY: 26.7   TOTAL FOR MONTH:   2.50    1 = FOG OR MIST
DPTR FM NORMAL:  -3.2   DPTR FM NORMAL:   -0.38    2 = FOG REDUCING VISIBILITY
HIGHEST:    49 ON  4    GRTST 24HR  0.61 ON  3- 4      TO 1/4 MILE OR LESS
LOWEST:      7 ON 10                               3 = THUNDER
                        SNOW, ICE PELLETS, HAIL    4 = ICE PELLETS
                        TOTAL MONTH:  11.7 INCHES  5 = HAIL
                        GRTST 24HR   3.0 ON 24-24  6 = FREEZING RAIN OR DRIZZLE
                        GRTST DEPTH:   4 ON 30,27  7 = DUSTSTORM OR SANDSTORM:
                                                       VSBY 1/2 MILE OR LESS
                                                   8 = SMOKE OR HAZE
[NO. OF DAYS WITH]      [WEATHER - DAYS WITH]      9 = BLOWING SNOW
                                                   X = TORNADO
MAX 32 OR BELOW:  13    0.01 INCH OR MORE:  13
MAX 90 OR ABOVE:   0    0.10 INCH OR MORE:   9
MIN 32 OR BELOW:  30    0.50 INCH OR MORE:   1
MIN  0 OR BELOW:   0    1.00 INCH OR MORE:   0

[HDD (BASE 65) ]
TOTAL THIS MO.  1181    CLEAR  (SCALE 0-3)   4
DPTR FM NORMAL    93    PTCLDY (SCALE 4-7)  17
TOTAL FM JUL 1  3074    CLOUDY (SCALE 8-10) 10
DPTR FM NORMAL   -15

[CDD (BASE 65) ]
TOTAL THIS MO.     0
DPTR FM NORMAL     0    [PRESSURE DATA]
TOTAL FM JAN 1     0    HIGHEST SLP 30.67 ON 11
DPTR FM NORMAL     0    LOWEST  SLP 29.41 ON 24

[REMARKS]
#FINAL-01-15#
