000
CXUS54 KMEG 210738
CF6MEM
PRELIMINARY LOCAL CLIMATOLOGICAL DATA (WS FORM: F-6)

                                          STATION:   MEMPHIS
                                          MONTH:     DECEMBER
                                          YEAR:      2014
                                          LATITUDE:   35  3 N
                                          LONGITUDE:  89 59 W

  TEMPERATURE IN F:       :PCPN:    SNOW:  WIND      :SUNSHINE: SKY     :PK WND
================================================================================
1   2   3   4   5  6A  6B    7    8   9   10  11  12  13   14  15   16   17  18
                                     12Z  AVG MX 2MIN
DY MAX MIN AVG DEP HDD CDD  WTR  SNW DPTH SPD SPD DIR MIN PSBL S-S WX    SPD DR
================================================================================

 1  65  37  51   4  14   0 0.29  0.0    0 10.0 17 360   M    M   9 1      21  30
 2  39  34  37 -10  28   0    T  0.0    0  5.1 10 190   M    M  10 128    18  40
 3  50  39  45  -2  20   0 0.11  0.0    0  4.7  9  80   M    M  10 18     15  60
 4  61  47  54   8  11   0 0.00  0.0    0  3.4  9 270   M    M  10 18     20 300
 5  67  55  61  15   4   0 1.10  0.0    0  7.9 18 190   M    M  10 1      26 140
 6  67  44  56  10   9   0 0.06  0.0    0 14.0 23  10   M    M   9 1      29 360
 7  48  42  45   0  20   0 0.00  0.0    0  8.9 17  40   M    M   9        21  40
 8  57  38  48   3  17   0 0.00  0.0    0  3.2 10 260   M    M   3        21 280
 9  51  35  43  -2  22   0 0.00  0.0    0  7.8 22  10   M    M   3 1      29  10
10  48  33  41  -4  24   0 0.00  0.0    0  5.1 12  20   M    M   6 1      16  20
11  45  36  41  -3  24   0 0.00  0.0    0  5.7  9  40   M    M   9        19  10
12  59  42  51   7  14   0 0.00  0.0    0  4.5 14  80   M    M   6        15  70
13  56  49  53   9  12   0 0.00  0.0    0  4.8 10 120   M    M   9        13 140
14  66  42  54  10  11   0 0.00  0.0    0  5.7 14 120   M    M   4        18 230
15  64  49  57  14   8   0 0.32  0.0    0 12.8 24 280   M    M   5 1      33 290
16  50  35  43   0  22   0 0.00  0.0    0 11.5 20 290   M    M   6        26 260
17  44  32  38  -5  27   0    T  0.0    0  5.5 13  90   M    M   7        17 340
18  46  37  42  -1  23   0 0.09  0.0    0  4.0 12  90   M    M   9 18     17  70
19  45  40  43   0  22   0    T  0.0    0  6.7 12  70   M    M  10        17  50
20  50  36  43   1  22   0 0.00  0.0    0  4.9 10  60   M    M   7        17  40
================================================================================
SM 1078  802       354   0  1.97     0.0 136.2          M      151
================================================================================
AV 53.9 40.1                               6.8 FASTST   M    M   8    MAX(MPH)
                                 MISC ---->  # 24 280               # 33  290
================================================================================
NOTES:
# LAST OF SEVERAL OCCURRENCES

COLUMN 17 PEAK WIND IN M.P.H.

PRELIMINARY LOCAL CLIMATOLOGICAL DATA (WS FORM: F-6) , PAGE 2

                                          STATION:  MEMPHIS
                                          MONTH:    DECEMBER
                                          YEAR:     2014
                                          LATITUDE:   35  3 N
                                          LONGITUDE:  89 59 W

[TEMPERATURE DATA]      [PRECIPITATION DATA]       SYMBOLS USED IN COLUMN 16

AVERAGE MONTHLY: 47.0   TOTAL FOR MONTH:   1.97    1 = FOG OR MIST
DPTR FM NORMAL:   2.4   DPTR FM NORMAL:   -1.90    2 = FOG REDUCING VISIBILITY
HIGHEST:    67 ON  6, 5 GRTST 24HR  1.16 ON  5- 6      TO 1/4 MILE OR LESS
LOWEST:     32 ON 17                               3 = THUNDER
                        SNOW, ICE PELLETS, HAIL    4 = ICE PELLETS
                        TOTAL MONTH:   0.0 INCH    5 = HAIL
                        GRTST 24HR     0.0         6 = FREEZING RAIN OR DRIZZLE
                        GRTST DEPTH:   0           7 = DUSTSTORM OR SANDSTORM:
                                                       VSBY 1/2 MILE OR LESS
                                                   8 = SMOKE OR HAZE
[NO. OF DAYS WITH]      [WEATHER - DAYS WITH]      9 = BLOWING SNOW
                                                   X = TORNADO
MAX 32 OR BELOW:   0    0.01 INCH OR MORE:   6
MAX 90 OR ABOVE:   0    0.10 INCH OR MORE:   4
MIN 32 OR BELOW:   1    0.50 INCH OR MORE:   1
MIN  0 OR BELOW:   0    1.00 INCH OR MORE:   1

[HDD (BASE 65) ]
TOTAL THIS MO.   354    CLEAR  (SCALE 0-3)   1
DPTR FM NORMAL   -56    PTCLDY (SCALE 4-7)   8
TOTAL FM JUL 1   963    CLOUDY (SCALE 8-10) 11
DPTR FM NORMAL    54

[CDD (BASE 65) ]
TOTAL THIS MO.     0
DPTR FM NORMAL     0    [PRESSURE DATA]
TOTAL FM JAN 1  2161    HIGHEST SLP M ON M
DPTR FM NORMAL   -95    LOWEST  SLP 29.75 ON 15

[REMARKS]
